-- Table structure for table `cache`
--

CREATE TABLE `cache` (
  `key` varchar(255) NOT NULL,
  `value` mediumtext NOT NULL,
  `expiration` int(11) NOT NULL
) ENGINE=InnoDB DEFAULT CHARSET=utf8mb4 COLLATE=utf8mb4_unicode_ci;

-- --------------------------------------------------------

--
-- Table structure for table `cache_locks`
--

CREATE TABLE `cache_locks` (
  `key` varchar(255) NOT NULL,
  `owner` varchar(255) NOT NULL,
  `expiration` int(11) NOT NULL
) ENGINE=InnoDB DEFAULT CHARSET=utf8mb4 COLLATE=utf8mb4_unicode_ci;

-- --------------------------------------------------------

--
-- Table structure for table `categories`
--

CREATE TABLE `categories` (
  `id` bigint(20) UNSIGNED NOT NULL,
  `name` varchar(255) NOT NULL,
  `slug` varchar(255) NOT NULL,
  `is_visible` tinyint(1) NOT NULL DEFAULT 1,
  `created_at` timestamp NULL DEFAULT NULL,
  `updated_at` timestamp NULL DEFAULT NULL
) ENGINE=InnoDB DEFAULT CHARSET=utf8mb4 COLLATE=utf8mb4_unicode_ci;

-- --------------------------------------------------------

--
-- Table structure for table `custom_css`
--

CREATE TABLE `custom_css` (
  `id` bigint(20) UNSIGNED NOT NULL,
  `css` longtext DEFAULT NULL,
  `created_at` timestamp NULL DEFAULT NULL,
  `updated_at` timestamp NULL DEFAULT NULL
) ENGINE=InnoDB DEFAULT CHARSET=utf8mb4 COLLATE=utf8mb4_unicode_ci;

--
-- Dumping data for table `custom_css`
--

INSERT INTO `custom_css` (`id`, `css`, `created_at`, `updated_at`) VALUES
(1, '//The Custom CSS will be added on the site head tag \r\n.site-head-tag {\r\n	margin: 0;\r\n  	padding: 0;\r\n}', NULL, '2022-11-17 11:44:06');

-- --------------------------------------------------------

--
-- Table structure for table `deposit_methods`
--

CREATE TABLE `deposit_methods` (
  `id` bigint(20) UNSIGNED NOT NULL,
  `gateway_id` int(10) UNSIGNED DEFAULT NULL,
  `logo` varchar(255) DEFAULT NULL,
  `name` varchar(255) NOT NULL,
  `type` enum('auto','manual') NOT NULL DEFAULT 'manual',
  `gateway_code` varchar(255) NOT NULL,
  `charge` double NOT NULL DEFAULT 0,
  `charge_type` enum('percentage','fixed') NOT NULL,
  `minimum_deposit` double NOT NULL,
  `maximum_deposit` double NOT NULL,
  `rate` double NOT NULL,
  `currency` varchar(255) NOT NULL,
  `currency_symbol` varchar(255) NOT NULL,
  `field_options` longtext DEFAULT NULL,
  `payment_details` longtext DEFAULT NULL,
  `status` tinyint(1) NOT NULL,
  `created_at` timestamp NULL DEFAULT NULL,
  `updated_at` timestamp NULL DEFAULT NULL
) ENGINE=InnoDB DEFAULT CHARSET=utf8mb4 COLLATE=utf8mb4_unicode_ci;

--
-- Dumping data for table `deposit_methods`
--

INSERT INTO `deposit_methods` (`id`, `gateway_id`, `logo`, `name`, `type`, `gateway_code`, `charge`, `charge_type`, `minimum_deposit`, `maximum_deposit`, `rate`, `currency`, `currency_symbol`, `field_options`, `payment_details`, `status`, `created_at`, `updated_at`) VALUES
(1, NULL, 'global/images/cDq9uYMcbNwCIfzG8ah4.png', 'Bitcoin', 'manual', 'BTC', 0, 'percentage', 100, 1000000, 1, 'USD', 'Bit', '{\"1\":{\"name\":\"Upload payment receipt\",\"type\":\"file\",\"validation\":\"required\"}}', '<p>Send only Bitcoin to the wallet address below: <b>bc1qhweqjvt65hduexspd3x23vpygur58jnun6jwcr</b></p>', 1, '2025-01-08 19:15:51', '2025-01-08 19:15:51'),
(2, NULL, 'global/images/DSsIyWWwDVYGqXhRT6jm.png', 'USDT', 'manual', 'tether', 0, 'percentage', 100, 1000000, 1, 'USD', 'USDC', '{\"1\":{\"name\":\"Upload payment receipt\",\"type\":\"file\",\"validation\":\"required\"}}', '<p>Send only USDT (TRC20) to tis wallet: <b>TNMV5NjSk9Vd1RtZzYG2X2dEifjxsYuwrg</b></p>', 1, '2025-01-08 19:20:07', '2025-01-08 19:20:07');

-- --------------------------------------------------------

--
-- Table structure for table `email_templates`
--

CREATE TABLE `email_templates` (
  `id` bigint(20) UNSIGNED NOT NULL,
  `name` varchar(255) NOT NULL,
  `code` varchar(255) NOT NULL,
  `for` varchar(256) NOT NULL DEFAULT 'User',
  `banner` varchar(255) DEFAULT NULL,
  `title` varchar(255) DEFAULT NULL,
  `subject` varchar(255) DEFAULT NULL,
  `salutation` text DEFAULT NULL,
  `message_body` longtext NOT NULL,
  `button_level` varchar(255) DEFAULT NULL,
  `button_link` varchar(255) DEFAULT NULL,
  `footer_status` tinyint(1) NOT NULL DEFAULT 1,
  `footer_body` text DEFAULT NULL,
  `bottom_status` tinyint(1) NOT NULL DEFAULT 1,
  `bottom_title` varchar(255) DEFAULT NULL,
  `bottom_body` text DEFAULT NULL,
  `short_codes` text DEFAULT NULL,
  `status` tinyint(1) NOT NULL DEFAULT 1,
  `created_at` timestamp NULL DEFAULT NULL,
  `updated_at` timestamp NULL DEFAULT NULL
) ENGINE=InnoDB DEFAULT CHARSET=utf8mb4 COLLATE=utf8mb4_unicode_ci;

--
-- Dumping data for table `email_templates`
--

INSERT INTO `email_templates` (`id`, `name`, `code`, `for`, `banner`, `title`, `subject`, `salutation`, `message_body`, `button_level`, `button_link`, `footer_status`, `footer_body`, `bottom_status`, `bottom_title`, `bottom_body`, `short_codes`, `status`, `created_at`, `updated_at`) VALUES
(1, 'User Mail Send', 'user_mail', 'User', 'global/images/Uxp3vfYFFi4GuO95lyZn.jpg', 'Sample Email', '[[subject]] for [[full_name]]', 'Hi [[full_name]],', 'Thanks for joining us  [[site_title]]<br />\r\n<br />\r\n[[message]]<br />\r\n<br />\r\n<br />\r\nFind out more about in - [[site_url]]', 'Login Your Account', 'https://hyiorio.tdevs.co/login', 1, 'Regards,<br />\r\n[[site_title]]', 0, 'What is [[site_title]]', 'Hyiprio is a visual asset manager made for collaboration. Build a central library for your team\'s visual assets. Empower creation and ensure consistency from your desktop.<br />\r\n<br />\r\n[[site_url]]', '[\"[[full_name]]\",\"[[site_url]]\",\"[[site_title]]\",\"[[subject]]\",\"[[message]]\"]', 0, NULL, '2022-12-10 00:37:23'),
(2, 'Subscriber Mail Send', 'subscriber_mail', 'Subscriber', NULL, 'Welcome to [[site_title]]', '[[subject]] for [[full_name]]', 'Hi [[full_name]],', 'Thanks for joining our platform! ---  [[site_title]]<br />\r\n<br />\r\n[[message]]<br />\r\n<br />\r\nAs a member of our platform, you can mange your account, buy or sell cryptocurrency, invest and earn profits.<br />\r\n<br />\r\nFind out more about in - [[site_url]]', 'Login Your Account', 'https://hyiorio.com/login', 1, 'Thanks for joining our platform! ---  [[site_title]]<br />\r\n<br />\r\n[[message]]<br />\r\n<br />\r\nAs a member of our platform, you can mange your account, buy or sell cryptocurrency, invest and earn profits.<br />\r\n<br />\r\nFind out more about in - [[site_url]]', 1, 'What is [[site_title]]', 'Hyiprio is a visual asset manager made for collaboration. Build a central library for your team\'s visual assets. Empower creation and ensure consistency from your desktop.<br />\r\n<br />\r\n[[site_url]]', '[\"[[site_url]]\",\"[[site_title]]\",\"[[subject]]\",\"[[message]]\"]', 0, NULL, '2022-12-10 00:37:30'),
(3, 'Email Verification', 'email_verification', 'User', NULL, 'Verify Email Address', 'Verify Email Address', 'Hi [[full_name]],', 'Hello!<br />\r\nPlease click the button below to verify your email address.', 'Verify Email Address', '[[token]]', 1, 'Regards,<br />\r\n[[site_title]]', 1, 'Verify Email Address', 'If you\'re having trouble clicking the \"Verify Email Address\" button, copy and paste the URL below into your web browser:[[token]]', '[\"[[token]]\",\"[[full_name]]\",\"[[site_title]]\",\"[[site_url]]\"]', 1, NULL, '2023-02-16 09:06:43'),
(4, 'Forget Password', 'user_password_change', 'User', NULL, 'User Password Change', 'User Forget Password', 'Hi user,', 'Please click the button below to Change the Password.', 'Reset Password', '[[token]]', 1, 'Regards,<br />\r\n[[site_title]]', 0, 'User Password Change', '[[token]]', '[\"[[token]]\",\"[[site_title]]\",\"[[site_url]]\"]', 1, NULL, '2023-02-16 09:07:29'),
(5, 'User Investment', 'user_investment', 'User', 'global/images/3Z7UnXe62WeZkJdpSQic.jpg', 'You Invested on [[plan_name]]', 'Thanks for the Investment on [[site_title]]', 'Hi [[full_name]],', 'Hello!<br />\r\n[[txn]]. \'Successfully Investment<br />\r\n[[plan_name]]<br />\r\n[[invest_amount]]', 'Login Account', '[[token]]', 1, 'Regards,<br />\r\n[[site_title]]', 0, 'Successfully Investment', '[[txn]]. \' Successfully Investment', '[\"[[full_name]]\",\"[[txn]]\",\"[[plan_name]]\",\"[[invest_amount]]\",\"[[site_title]]\",\"[[site_url]]\"]', 0, NULL, '2022-12-05 02:03:15'),
(6, 'User Account Disabled', 'user_account_disabled', 'User', NULL, 'Sorry to say that', 'Your Account is Disabled', 'Hi [[full_name]],', 'Your account is disabled for a serious cause. Sorry! you\'re unable to use your account again.', 'Contact Us', 'https://hyiprio.tdevs.co/contact', 1, 'Regards,<br />\r\n[[site_title]]', 0, 'User Account Disabled', '[[full_name]]', '[\"[[full_name]]\",\"[[site_title]]\",\"[[site_url]]\"]', 0, NULL, '2022-12-05 02:03:19'),
(7, 'Manual Deposit request', 'manual_deposit_request', 'Admin', NULL, 'Manual Deposit request', 'Got a request for Manual Deposit', 'Hi Admin,', 'The manual deposit request details:<br />\r\n[[txn]]<br />\r\n[[gateway_name]]<br />\r\n[[deposit_amount]]', 'Review The requests', 'https://hyiprio.tdevs.co/admin', 1, 'Regards,<br />\r\n[[site_title]]', 0, 'Manual Deposit request', '[[site_title]]', '[\"[[full_name]]\",\"[[txn]]\",\"[[gateway_name]]\",\"[[deposit_amount]]\",\"[[site_title]]\",\"[[site_url]]\"]', 0, NULL, '2023-02-04 02:27:15'),
(8, 'Withdraw Request', 'withdraw_request ', 'Admin', NULL, 'Withdraw Request', 'Got a Withdraw Request', 'Hi Admin,', 'Withdraw Request details:<br />\r\n[[txn]]<br />\r\n[[method_name]]<br />\r\n[[withdraw_amount]]', 'Withdraw Request', '[[token]]', 1, 'Regards,<br />\r\n[[site_title]]', 0, 'Withdraw Request', '[[full_name]]', '[\"[[full_name]]\",\"[[txn]]\",\"[[method_name]]\",\"[[withdraw_amount]]\",\"[[site_title]]\",\"[[site_url]]\"]', 0, NULL, '2022-12-05 02:03:27'),
(9, 'Admin Forget Password', 'admin_forget_password', 'Admin', NULL, 'Admin Forget Password', 'Admin Forget Password', 'Hi Admin,', 'Please click the button below to reset your password', 'Password reset', '[[token]]', 1, 'Regards,<br />\r\n[[site_title]]', 0, 'Withdraw Request', '[[full_name]]   <br />\r\n[[token]]', '[\"[[token]]\",\"[[site_title]]\",\"[[site_url]]\"]', 0, NULL, '2022-12-05 02:03:31'),
(10, 'Contact Mail Send', 'contact_mail', 'Admin', NULL, 'Welcome to [[site_title]]', '[[subject]] for [[full_name]]', 'Hi [[full_name]],', 'Thanks for joining our platform! ---  [[site_title]]<br />\r\n<br />\r\n[[message]]<br />\r\n[[full_name]]<br />\r\n[[email]]<br />\r\n<br />\r\nAs a member of our platform, you can mange your account, buy or sell cryptocurrency, invest and earn profits.<br />\r\n<br />\r\nFind out more about in - [[site_url]]', 'Login Your Account', 'https://hyiorio.com/login', 1, 'Thanks for joining our platform! ---  [[site_title]]<br />\r\n<br />\r\n[[message]]<br />\r\n<br />\r\n<br />\r\nAs a member of our platform, you can mange your account, buy or sell cryptocurrency, invest and earn profits.<br />\r\n<br />\r\nFind out more about in - [[site_url]]', 1, 'What is [[site_title]]', 'Hyiprio is a visual asset manager made for collaboration. Build a central library for your team\'s visual assets. Empower creation and ensure consistency from your desktop.<br />\r\n<br />\r\n[[site_url]]', '[\"[[site_url]]\",\"[[site_title]]\",\"[[full_name]]\",\"[[email]]\",\"[[subject]]\",\"[[message]]\"]', 0, NULL, '2022-12-05 02:03:36'),
(11, 'KYC Request', 'kyc_request', 'Admin', NULL, 'Welcome to [[site_title]]', '[[subject]] for [[full_name]]', 'Hi [[full_name]],', 'Thanks for joining our platform! ---  [[site_title]]<br />\r\n<br />\r\n[[full_name]]<br />\r\n[[email]]<br />\r\n<br />\r\nAs a member of our platform, you can mange your account, buy or sell cryptocurrency, invest and earn profits.<br />\r\n<br />\r\nFind out more about in - [[site_url]]', 'Login Your Account', 'https://hyiorio.com/login', 1, 'Thanks for joining our platform! ---  [[site_title]]<br />\r\n<br />\r\n[[kyc_type]]<br />\r\n<br />\r\n<br />\r\nAs a member of our platform, you can mange your account, buy or sell cryptocurrency, invest and earn profits.<br />\r\n<br />\r\nFind out more about in - [[site_url]]', 1, 'What is [[site_title]]', 'Hyiprio is a visual asset manager made for collaboration. Build a central library for your team\'s visual assets. Empower creation and ensure consistency from your desktop.<br />\r\n<br />\r\n[[site_url]]', '[\"[[site_url]]\",\"[[site_title]]\",\"[[full_name]]\",\"[[email]]\",\"[[kyc_type]]\"]', 0, NULL, '2023-01-30 05:12:10'),
(12, 'KYC Action', 'kyc_action', 'User', NULL, 'Welcome to [[site_title]]', '[[subject]] for [[full_name]]', 'Hi [[full_name]],', 'Thanks for joining our platform! ---  [[site_title]]<br />\r\n<br />\r\n[[message]]<br />\r\n[[full_name]]<br />\r\n[[email]]<br />\r\n<br />\r\nAs a member of our platform, you can mange your account, buy or sell cryptocurrency, invest and earn profits.<br />\r\n<br />\r\nFind out more about in - [[site_url]]', 'Login Your Account', 'https://hyiorio.com/login', 1, 'Thanks for joining our platform! ---  [[site_title]]<br />\r\n<br />\r\n[[kyc_type]]<br />\r\n<br />\r\n<br />\r\nAs a member of our platform, you can mange your account, buy or sell cryptocurrency, invest and earn profits.<br />\r\n<br />\r\nFind out more about in - [[site_url]]', 1, 'What is [[site_title]]', 'Hyiprio is a visual asset manager made for collaboration. Build a central library for your team\'s visual assets. Empower creation and ensure consistency from your desktop.<br />\r\n<br />\r\n[[site_url]]', '[\"[[site_url]]\",\"[[site_title]]\",\"[[full_name]]\",\"[[email]]\",\"[[message]]\",\"[[kyc_type]]\"]', 0, NULL, '2023-01-30 05:12:19'),
(13, 'Invest ROI', 'invest_roi', 'User', 'global/images/3Z7UnXe62WeZkJdpSQic.jpg', 'You Invested on [[plan_name]]', 'Thanks for the Investment on [[site_title]]', 'Hi [[full_name]],', 'Hello!<br />\n[[txn]]. \'Successfully Investment<br />\n[[plan_name]]<br />\n[[invest_amount]]<br />\n[[roi]]', 'Login Account', 'hi', 1, 'Regards,<br />\r\n[[site_title]]', 0, 'Successfully ROI', '[[txn]]. \' Successfully ROI', '[\"[[full_name]]\",\"[[txn]]\",\"[[plan_name]]\",\"[[invest_amount]]\",\"[[roi]]\",\"[[site_title]]\",\"[[site_url]]\"]', 0, NULL, '2023-01-30 05:11:41'),
(14, 'Investment End', 'investment_end', 'User', 'global/images/3Z7UnXe62WeZkJdpSQic.jpg', 'You Invested on [[plan_name]]', 'Thanks for the Investment on [[site_title]]', 'Hi [[full_name]],', 'Hello!<br />\r\n[[txn]]. \'Successfully Investment End<br />\r\n[[plan_name]]<br />\r\n[[invest_amount]]', 'Hello', '#', 1, 'Regards,<br />\r\n[[site_title]]', 0, 'Successfully Investment', 'Successfully Investment End', '[\"[[full_name]]\",\"[[plan_name]]\",\"[[invest_amount]]\",\"[[site_title]]\",\"[[site_url]]\"]', 0, NULL, '2023-01-30 05:11:57'),
(15, 'Withdraw Request Action', 'withdraw_request_user', 'User', 'global/images/3Z7UnXe62WeZkJdpSQic.jpg', 'Withdraw Request', 'Got a Withdraw Request', 'Hi [[full_name]],', 'Withdraw Request details:<br />\r\n[[message]]<br />\r\n[[txn]]<br />\r\n[[method_name]]<br />\r\n[[withdraw_amount]]<br />\r\n[[status]]', 'Withdraw Request', '[[site_url]]', 1, 'Regards,<br />\r\n[[site_title]]', 0, 'Withdraw Request', '[[full_name]]', '[\"[[full_name]]\",\"[[message]]\",\"[[txn]]\",\"[[method_name]]\",\"[[withdraw_amount]]\",\"[[site_title]]\",\"[[site_url]]\",\"[[status]]\"]', 0, NULL, '2023-01-30 05:11:57'),
(16, 'Manual Deposit request Action', 'user_manual_deposit_request', 'User', 'global/images/3Z7UnXe62WeZkJdpSQic.jpg', 'Manual Deposit request', 'Got a request for Manual Deposit', 'Hi [[full_name]],', 'The manual deposit request details:<br />\r\n[[message]]\r\n[[txn]]<br />\r\n[[gateway_name]]<br />\r\n[[deposit_amount]]\r\n[[status]]\r\n', 'Review The requests', '[[site_url]]', 1, 'Regards,<br />\r\n[[site_title]]', 0, 'Manual Deposit request', '[[full_name]]', '[\"[[full_name]]\",\"[[message]]\",\"[[txn]]\",\"[[gateway_name]]\",\"[[deposit_amount]]\",\"[[site_title]]\",\"[[site_url]]\",\"[[status]]\"]', 0, NULL, '2023-01-30 05:11:57'),
(17, 'Support Ticket', 'user_support_ticket', 'User', 'global/images/3Z7UnXe62WeZkJdpSQic.jpg', 'Support Ticket', 'Support Ticket', 'Hi [[full_name]],', 'Support Ticket:<br />\r\n[[title]]<br />\r\n[[message]]<br />\r\n[[status]]', '..', '[[site_url]]', 1, 'Regards,<br />\r\n[[site_title]]', 0, 'Support Ticket', '[[full_name]]', '[\"[[full_name]]\",\"[[title]]\",\"[[message]]\",\"[[site_title]]\",\"[[site_url]]\",\"[[status]]\"]', 1, NULL, '2023-04-26 14:44:42'),
(18, 'Support Ticket', 'admin_support_ticket', 'Admin', 'global/images/3Z7UnXe62WeZkJdpSQic.jpg', 'Support Ticket', 'Support Ticket', 'Hi [[full_name]],', 'Support Ticket:<br />\r\n[[title]]<br />\r\n[[message]]<br />\r\n[[status]]', '..', '[[site_url]]', 1, 'Regards,<br />\r\n[[site_title]]', 0, 'Support Ticket', '[[full_name]]', '[\"[[full_name]]\",\"[[title]]\",\"[[message]]\",\"[[site_title]]\",\"[[site_url]]\",\"[[status]]\"]', 1, NULL, '2023-04-26 14:44:51');

-- --------------------------------------------------------

--
-- Table structure for table `failed_jobs`
--

CREATE TABLE `failed_jobs` (
  `id` bigint(20) UNSIGNED NOT NULL,
  `uuid` varchar(255) NOT NULL,
  `connection` text NOT NULL,
  `queue` text NOT NULL,
  `payload` longtext NOT NULL,
  `exception` longtext NOT NULL,
  `failed_at` timestamp NOT NULL DEFAULT current_timestamp()
) ENGINE=InnoDB DEFAULT CHARSET=utf8mb4 COLLATE=utf8mb4_unicode_ci;

-- --------------------------------------------------------

--
-- Table structure for table `gateways`
--

CREATE TABLE `gateways` (
  `id` bigint(20) UNSIGNED NOT NULL,
  `logo` varchar(255) NOT NULL,
  `name` varchar(255) NOT NULL,
  `gateway_code` varchar(255) NOT NULL,
  `supported_currencies` text DEFAULT NULL,
  `credentials` text NOT NULL,
  `is_withdraw` varchar(255) DEFAULT '0',
  `status` tinyint(1) NOT NULL,
  `created_at` timestamp NULL DEFAULT NULL,
  `updated_at` timestamp NULL DEFAULT NULL
) ENGINE=InnoDB DEFAULT CHARSET=utf8mb4 COLLATE=utf8mb4_unicode_ci;

--
-- Dumping data for table `gateways`
--

INSERT INTO `gateways` (`id`, `logo`, `name`, `gateway_code`, `supported_currencies`, `credentials`, `is_withdraw`, `status`, `created_at`, `updated_at`) VALUES
(1, 'global/gateway/paypal.png', 'Paypal', 'paypal', '[\"USD\", \"EUR\", \"GBP\", \"CAD\", \"AUD\", \"JPY\", \"SGD\", \"NZD\", \"CHF\", \"SEK\", \"NOK\", \"DKK\", \"PLN\", \"HUF\", \"CZK\", \"ILS\", \"BRL\", \"MXN\", \"HKD\", \"TWD\", \"TRY\", \"INR\", \"RUB\", \"ZAR\", \"MYR\", \"THB\", \"IDR\", \"PHP\", \"NGN\", \"GHS\"]', '{\"client_id\":\"AUnfkQ3v2J-d5g-ZEq8l5Oosha8FmAJ3Z9jt71BkD6l-Z3FMIR5FmkYp_6QHwaYx0LvMNvHDsB9Vh84O\",\"client_secret\":\"EJjci35CFj762ut15pn0VWmojEG0GwE68byyHnBq_NoAXXW9mjkjdLFYLfVQwyLs8QAbP1QJAXPl5oAl\",\"app_id\":\"APP-80W284485P519543T\",\"mode\":\"sandbox\"}', 'paypal_email', 1, NULL, '2023-06-20 16:51:45'),
(2, 'global/gateway/stripe.png', 'Stripe', 'stripe', '[\"USD\",\"AUD\",\"BRL\",\"CAD\",\"CHF\",\"DKK\",\"EUR\",\"GBP\",\"HKD\",\"INR\",\"JPY\",\"MXN\",\"MYR\",\"NOK\",\"NZD\",\"PLN\",\"SEK\",\"SGD\"]', '{\"stripe_key\":\"pk_test_51KHQhKAmfDlh6wQq4srkOEY3FkivTCXmRSb7bJqr90q3ZkVWAR2AkRWfKBnegpmKAHea5cNVAToiy7yoa3Q075mR00jlhXsZTO\",\"stripe_secret\":\"sk_test_51KHQhKAmfDlh6wQqXfg4ZScnTRahxbdXV0mKw30nOI4f8gtB2v5rho7IyJtZqkf8SwwuNgLTO2WPGFyk9vnFl8gO00MhSe8Kbj\"}', '0', 1, NULL, '2022-11-13 07:46:46'),
(3, 'global/gateway/mollie.png', 'Mollie', 'mollie', '[\"EUR\", \"USD\", \"GBP\", \"CAD\", \"AUD\", \"CHF\", \"DKK\", \"NOK\", \"SEK\", \"PLN\", \"CZK\", \"HUF\", \"RON\", \"BGN\", \"HRK\", \"ISK\", \"ZAR\"]', '{\"api_key\":\"test_intSTCDEBaDSu28D6DUpn5wnQhTnzB\"}', '0', 1, NULL, '2022-10-28 15:43:50'),
(4, 'global/gateway/perfectmoney.png', 'Perfect Money', 'perfectmoney', '[\"USD\", \"EUR\", \"RUB\", \"UAH\"]', '{\"PM_ACCOUNTID\":\"96793260\",\"PM_PASSPHRASE\":\"77887848a\",\"PM_MARCHANTID\":\"U36928259\",\"PM_MARCHANT_NAME\":\"tdevs\"}', 'member_id', 1, NULL, '2023-06-19 13:01:24'),
(5, 'global/gateway/coinbase.png', 'Coinbase', 'coinbase', '[\"USD\", \"EUR\", \"GBP\", \"CAD\", \"AUD\", \"JPY\", \"BTC\", \"ETH\", \"LTC\", \"BCH\", \"XRP\", \"EOS\"]', '{\"apiKey\":\"8ef6c4ca-f5c7-4717-9d9a-002adf7e7590\",\"account_id\":\"\",\"private_key\":\"\",\"webhookSecret\":\"b789f547-8954-4880-89ae-5a0233006647\",\"apiVersion\":\"2018-03-22\"}', 'email_address', 1, NULL, '2022-10-28 19:16:15'),
(6, 'global/gateway/paystack.png', 'Paystack', 'paystack', '[\"NGN\", \"USD\", \"GBP\", \"EUR\", \"GHS\", \"KES\", \"ZAR\", \"UGX\", \"TZS\", \"RWF\"]', '{\"public_key\":\"pk_test_8e60e513e47ba5619ac0888c9fac99f2853641fa\",\"secret_key\":\"sk_test_e521a3c6d1c37897092868e02e0ddba8c3f0aa01\",\"merchant_email\":\"learn2222earn@gmail.com\"}', '0', 1, NULL, '2022-12-17 09:18:45'),
(7, 'global/gateway/voguepay.png', 'Voguepay', 'voguepay', '[\"USD\", \"EUR\", \"GBP\", \"NGN\", \"GHS\", \"KES\", \"ZAR\", \"UGX\", \"TZS\", \"RWF\"]', '{\"merchant_id\":\"sandbox_760e43f202878f651659820234cad9\"}', '0', 1, NULL, '2022-11-14 02:08:13'),
(8, 'global/gateway/flutterwave.png', 'Flutterwave', 'flutterwave', '[\"USD\", \"EUR\", \"GBP\", \"NGN\", \"GHS\", \"KES\", \"ZAR\", \"UGX\", \"TZS\", \"RWF\", \"CAD\", \"AUD\", \"JPY\", \"INR\"]', '{\"public_key\":\"FLWPUBK_TEST-34d73043494d02b871d7ba051efa471f-X\",\"secret_key\":\"FLWSECK_TEST-efc192c9a48969fc259c517aef8bcc82-X\",\"encryption_key\":\"FLWSECK_TEST4a47bb501118\"}', 'account_bank,account_number', 1, NULL, '2022-12-16 23:06:06'),
(9, 'global/gateway/coingate.png', 'CoinGate', 'coingate', '[\"BTC\", \"ETH\", \"LTC\", \"XRP\", \"BCH\", \"EOS\", \"XLM\", \"XMR\", \"DASH\", \"DOGE\", \"ZEC\"]', '{\"api_token\":\"NPfn5eAGjha_PqfQmC6F_rMA6_zaGVLmVk6Uvsfu\"}', '0', 1, NULL, '2022-11-22 22:01:12'),
(10, 'global/gateway/monnify.svg', 'Monnify', 'monnify', '[\"NGN\"]', '{\"api_key\":\"MK_TEST_BDQKAE9QNX\",\"api_secret\":\"4PSEUWJJ1HAKEYPXTT375CR9Y1LLX369\",\"base_url\":\"https:\\/\\/sandbox.monnify.com\",\"contract_code\":\"0086188339\"}', '0', 1, NULL, '2022-12-05 09:02:39'),
(11, 'global/gateway/securionpay.png', 'SecurionPay', 'securionpay', '[\"USD\", \"EUR\", \"GBP\", \"JPY\", \"CAD\", \"AUD\", \"CHF\", \"SEK\", \"NOK\", \"DKK\"]', '{\"public_key\":\"pk_test_7bkvbNaJzb1Eh2Egtp9NQ9Os\",\"secret_key\":\"sk_test_7bkvbSEKpHWR4bJL8qdoq7c9\"}', '0', 1, NULL, '2022-12-07 11:11:19'),
(12, 'global/gateway/coinpayments.svg', 'CoinPayments', 'coinpayments', '[\"BTC\", \"BTC.LN\", \"BCH\", \"LTC\", \"VLX\", \"VLX.Native\", \"APL\", \"ASK\", \"BCN\", \"BEAM\", \"BIZZ.TRC20\", \"BNB\", \"BNB.BSC\", \"BTCV\", \"BTG\", \"BTT.OLD\", \"BTT.TRC20\", \"CELO\", \"CLOAK\", \"CRW\", \"CURE\", \"cUSD\", \"USD\", \"CAD\", \"EUR\", \"ARS\", \"AUD\", \"AZN\", \"BGN\", \"BRL\", \"BYN\", \"CHF\", \"CLP\", \"CNY\", \"COP\", \"CZK\",\"DKK\", \"GBP\", \"GIP\", \"HKD\", \"HUF\", \"IDR\", \"ILS\", \"INR\", \"IRR\", \"IRT\", \"ISK\",\"JPY\",\"KRW\",\"LAK\",\"MKD\",\"MXN\",\"ZAR\",\"MYR\", \"NGN\", \"NOK\", \"NZD\", \"PEN\", \"PHP\", \"PKR\", \"PLN\", \"RON\", \"RUB\", \"SEK\", \"SGD\", \"THB\", \"TRY\", \"TWD\", \"UAH\", \"VND\"]', '{\"buyer_email\":\"tdevs330@gmail.com\",\"public_key\":\"07de16d3d2100a2440dc81b8659e1b1e607501ca1a5d57f5dfeeedcee361d7a2\",\"private_key\":\"077D15c2C8F915efbbb054a97A3dcc35a7c994e5F6111deb20f38D3AfF34eD8D\",\"ipn_secret\":\"@tdevs\",\"marchant_id\":\"26dd12941806e2c5e8ecc30460c8b7fc\"}', '0', 1, NULL, '2023-07-08 02:18:04'),
(13, 'global/gateway/nowpayments.png', 'Nowpayments', 'nowpayments', '[\"BTC\", \"ETH\", \"LTC\", \"BCH\", \"BNB\", \"XRP\", \"USDT\", \"DOGE\", \"ADA\", \"DOT\", \"LINK\", \"XLM\", \"USDC\", \"TRX\", \"ATOM\", \"XTZ\", \"EOS\", \"XMR\", \"ZEC\", \"DASH\"]', '{\"api_key\":\"SZTR71W-Z48MZ8G-Q5YH6X5-91F72XK\",\"secret_key\":\"cX7FhXcLYX\\/KJPqFnGgRKbcXDzyVUccN\"}', '0', 1, NULL, '2023-07-07 03:33:31'),
(14, 'global/gateway/coinremitter.png', 'Coinremitter', 'coinremitter', '[\"BTC\",\"ETH\"]', '{\"api_key\":\"$2y$10$mTa7SwWG8k1hJ\\/LP3PLTrOclnliQSrC99fsc528mBeTqBsNlj4MvK\",\"password\":\"12345678\"}', 'to_address', 1, NULL, '2023-07-07 03:33:31'),
(15, 'global/gateway/cryptomus.png', 'Cryptomus', 'cryptomus', '[\"BCH\",\"BNB\",\"BTC\",\"BUSD\",\"CGPT\",\"DAI\",\"DASH\",\"DOFE\",\"ETH\",\"LTC\",\"MATIC\",\"TON\",\"TRX\",\"USDC\",\"USDT\",\"VERSE\",\"XMR\"]\r\n\r\n', '{\"payment_key\":\"uQ4LFWCBE3dT84uQnt7ycL7p9WcSwjkSPQaZbik3ChoWO0egw51f4EAaZQKmefhPP0F1cX8OpRcl2c3HexNedoR7FGEYGA1mTgMPI8lzKl7Ct2I43R6SSC3gVDS3rkGX\",\"payout_key\":\"qseRhcxu6wsxhygfhyidwrrgryrrgefhPP0F1cNedoR7FGEYGA1mTgMPX8OpRcl2c3HexNedoR7FGEYGA1mTgMPI8lzKl7Ct2I43R6S1f4EAaZQKmefhSC3gVDS3rkGX\",\"merchant_id\":\"c26b80a8-9549-4a66-bb53-774f12809249\"}', 'address', 1, NULL, '2023-07-08 10:20:55'),
(16, 'global/gateway/paymongo.png', 'Paymongo', 'paymongo', '[\"PHP\", \"USD\", \"AUD\", \"CAD\", \"EUR\", \"HKD\", \"JPY\", \"SGD\", \"GBP\"]\n', '{\"public_key\":\"pk_test_4dV3PdbbGie3BffowbHVSKCU\",\"secret_key\":\"sk_test_xA6gsPKtgESQY1YMndhufaCo\",\"password\":\"5k0HVZ0^%33n\"}', '0', 1, NULL, '2023-07-11 04:48:12'),
(17, 'global/gateway/btcpayserver.png', 'Btcpayserver', 'btcpayserver', '[\"BTC\", \"ETH\", \"XRP\", \"BCH\", \"LTC\", \"ADA\", \"DOT\", \"LINK\", \"XLM\", \"DOGE\"]', '{\"host\":\"https:\\/\\/btcpay.greenway.management\",\"api_key\":\"94f975f1af98d75df559b9d67e13993929ed2e01\",\"store_id\":\"8kP1mwvGdFpFd55pYkuA8B6fEomnUUvGAa8Ad4n4z91M\",\"webhook_secret\":\"3awb9SbJkqozTkYrfGJ5Bx1R8Xrz\"}', '0', 1, NULL, '2023-07-07 03:33:31'),
(18, 'global/gateway/binance.svg', 'Binance', 'binance', '[\"BTC\", \"ETH\", \"BNB\", \"XRP\", \"LTC\", \"BCH\", \"ADA\", \"DOT\", \"LINK\",\"XLM\",\"USDT\",\"USDC\",\"DOGE\",\"SOL\",\"UNI\",\"MATIC\",\"ICP\", \"ETC\", \"XMR\", \"THETA\"]', '{\"api_key\":\"nmgmcaz7oaqijdefee8okmoghsrxrnxzctxzkm7nsgqwjhxe2i7hhyncsgihgxiu\",\"api_secret\":\"birh9qjpyyg4jtt9zsok2ozvpaq3cc9gb1wrtn8ojcnfas71ulg9cxm4su6kttbx\"}', 'address', 1, NULL, '2023-08-17 17:42:51'),
(19, 'global/gateway/cashmaal.png', 'Cashmaal', 'cashmaal', '[\"USD\", \"PKR\"]', '{\"web_id\":\"9101\",\"secret_key\":\"\"}', 'to_email', 1, NULL, '2023-08-19 18:47:56'),
(20, 'global/gateway/blockio.png', 'Block.io', 'blockio', '[\"BTC\", \"LTC\",\"DOGE\"]', '{\"pin\":\"169725cdd2800148b029f804f8f681f102c69b3c\",\"api_key\":\"d4a4-399b-8b74-c73f\"}', 'to_address', 1, NULL, '2023-09-02 14:06:34'),
(21, 'global/gateway/blockchain.png', 'Blockchain', 'blockchain', '[\"BTC\"]', '{\"api_key\":\"21\",\"xpub_code\":\"12\"}', '0', 1, NULL, '2023-08-29 04:30:54'),
(22, 'global/gateway/instamojo.png', 'Instamojo', 'instamojo', '[\"INR\"]', '{\"api_key\":\"test_2241633c3bc44a3de84a3b33969\",\"auth_token\":\"test_279f083f7bebefd35217feef22d\",\"salt\":\"19d38908eeff4f58b2ddda2c6d86ca25\"}', '0', 1, NULL, '2023-08-29 04:30:54'),
(23, 'global/gateway/paytm.png', 'Paytm', 'paytm', '[\"AUD\", \"ARS\", \"BDT\", \"BRL\", \"BGN\", \"CAD\", \"CLP\", \"CNY\", \"COP\",\r\n    \"HRK\", \"CZK\", \"DKK\", \"EGP\", \"EUR\", \"GEL\", \"GHS\", \"HKD\", \"HUF\",\r\n    \"INR\", \"IDR\", \"ILS\", \"JPY\", \"KES\", \"MYR\", \"MXN\", \"MAD\", \"NPR\",\r\n    \"NZD\", \"NGN\", \"NOK\", \"PKR\", \"PEN\", \"PHP\", \"PLN\", \"RON\", \"RUB\",\r\n    \"SGD\", \"ZAR\", \"KRW\", \"LKR\", \"SEK\", \"CHF\", \"THB\", \"TRY\", \"UGX\",\r\n    \"UAH\", \"AED\", \"GBP\", \"USD\", \"VND\", \"XOF\"]', '{\"merchant_id\":\"DIY12386817555501617\",\"merchant_key\":\"bKMfNxPPf_QdZppa\",\"merchant_website\":\"DIYtestingweb\",\"channel\":\"WEB\",\"industry_type\":\"Retail\"}', '0', 1, NULL, '2023-08-30 07:47:57'),
(24, 'global/gateway/razorpay.png', 'Razorpay', 'razorpay', '[\"INR\"]', '{\"razorpay_key\":\"rzp_test_kiOtejPbRZU90E\",\"razorpay_secret\":\"osRDebzEqbsE1kbyQJ4y0re7\"}', '0', 1, NULL, '2023-08-30 14:13:27'),
(25, 'global/gateway/twocheckout.png', '2Checkout', 'twocheckout', '[\"AFN\", \"ALL\", \"DZD\", \"ARS\", \"AUD\", \"AZN\", \"BSD\", \"BDT\", \"BBD\", \"BZD\", \r\n    \"BMD\", \"BOB\", \"BWP\", \"BRL\", \"GBP\", \"BND\", \"BGN\", \"CAD\", \"CLP\", \"CNY\", \r\n    \"COP\", \"CRC\", \"HRK\", \"CZK\", \"DKK\", \"DOP\", \"XCD\", \"EGP\", \"EUR\", \"FJD\", \r\n    \"GTQ\", \"HKD\", \"HNL\", \"HUF\", \"INR\", \"IDR\", \"ILS\", \"JMD\", \"JPY\", \"KZT\", \r\n    \"KES\", \"LAK\", \"MMK\", \"LBP\", \"LRD\", \"MOP\", \"MYR\", \"MVR\", \"MRO\", \"MUR\", \r\n    \"MXN\", \"MAD\", \"NPR\", \"TWD\", \"NZD\", \"NIO\", \"NOK\", \"PKR\", \"PGK\", \"PEN\", \r\n    \"PHP\", \"PLN\", \"QAR\", \"RON\", \"RUB\", \"WST\", \"SAR\", \"SCR\", \"SGD\", \"SBD\", \r\n    \"ZAR\", \"KRW\", \"LKR\", \"SEK\", \"CHF\", \"SYP\", \"THB\", \"TOP\", \"TTD\", \"TRY\", \r\n    \"UAH\", \"AED\", \"USD\", \"VUV\", \"VND\", \"XOF\", \"YER\"]', '{\"seller_id\":\"250507228545\",\"secret_word\":\"=+0CNzfvTItqp*ygwiQE\"}', '0', 1, NULL, '2023-08-30 14:13:27');

-- --------------------------------------------------------

--
-- Table structure for table `invests`
--

CREATE TABLE `invests` (
  `id` bigint(20) UNSIGNED NOT NULL,
  `user_id` bigint(20) UNSIGNED NOT NULL,
  `schema_id` bigint(20) NOT NULL,
  `transaction_id` bigint(20) DEFAULT NULL,
  `invest_amount` double NOT NULL,
  `already_return_profit` int(11) NOT NULL DEFAULT 0,
  `total_profit_amount` double NOT NULL DEFAULT 0,
  `last_profit_time` datetime DEFAULT NULL,
  `next_profit_time` datetime DEFAULT NULL,
  `capital_back` int(11) DEFAULT NULL,
  `interest` double DEFAULT NULL,
  `interest_type` varchar(256) DEFAULT NULL,
  `return_type` varchar(255) NOT NULL,
  `number_of_period` int(11) NOT NULL,
  `period_hours` int(11) DEFAULT NULL,
  `wallet` varchar(255) NOT NULL,
  `status` varchar(255) NOT NULL,
  `created_at` timestamp NULL DEFAULT NULL,
  `updated_at` timestamp NULL DEFAULT NULL
) ENGINE=InnoDB DEFAULT CHARSET=utf8mb4 COLLATE=utf8mb4_unicode_ci;

--
-- Dumping data for table `invests`
--

INSERT INTO `invests` (`id`, `user_id`, `schema_id`, `transaction_id`, `invest_amount`, `already_return_profit`, `total_profit_amount`, `last_profit_time`, `next_profit_time`, `capital_back`, `interest`, `interest_type`, `return_type`, `number_of_period`, `period_hours`, `wallet`, `status`, `created_at`, `updated_at`) VALUES
(1, 973, 2, 12, 2000, 0, 0, NULL, '2025-01-16 05:55:25', 0, 1.2, 'percentage', 'period', 20, 168, 'main', 'ongoing', '2025-01-09 04:55:25', '2025-01-09 04:55:25'),
(2, 972, 2, 22, 2000, 0, 0, NULL, '2025-01-16 23:00:07', 0, 1.2, 'percentage', 'period', 20, 168, 'main', 'ongoing', '2025-01-09 22:00:07', '2025-01-09 22:00:07'),
(3, 974, 2, 29, 2000, 0, 0, NULL, '2025-01-16 23:27:46', 0, 1.2, 'percentage', 'period', 20, 168, 'main', 'ongoing', '2025-01-09 22:27:47', '2025-01-09 22:27:47'),
(4, 974, 3, 33, 500, 0, 0, NULL, '2025-01-10 00:31:13', 0, 11, 'fixed', 'lifetime', 0, 1, 'main', 'ongoing', '2025-01-09 22:31:14', '2025-01-09 22:31:14');

-- --------------------------------------------------------

--
-- Table structure for table `jobs`
--

CREATE TABLE `jobs` (
  `id` bigint(20) UNSIGNED NOT NULL,
  `queue` varchar(255) NOT NULL,
  `payload` longtext NOT NULL,
  `attempts` tinyint(3) UNSIGNED NOT NULL,
  `reserved_at` int(10) UNSIGNED DEFAULT NULL,
  `available_at` int(10) UNSIGNED NOT NULL,
  `created_at` int(10) UNSIGNED NOT NULL
) ENGINE=InnoDB DEFAULT CHARSET=utf8mb4 COLLATE=utf8mb4_unicode_ci;

-- --------------------------------------------------------

--
-- Table structure for table `kycs`
--

CREATE TABLE `kycs` (
  `id` bigint(20) UNSIGNED NOT NULL,
  `name` varchar(255) NOT NULL,
  `fields` longtext CHARACTER SET utf8mb4 COLLATE utf8mb4_bin NOT NULL,
  `status` tinyint(1) NOT NULL,
  `created_at` timestamp NULL DEFAULT NULL,
  `updated_at` timestamp NULL DEFAULT NULL
) ENGINE=InnoDB DEFAULT CHARSET=utf8mb4 COLLATE=utf8mb4_unicode_ci;

-- --------------------------------------------------------

--
-- Table structure for table `labels`
--

CREATE TABLE `labels` (
  `id` bigint(20) UNSIGNED NOT NULL,
  `name` varchar(255) NOT NULL,
  `slug` varchar(255) NOT NULL,
  `is_visible` tinyint(1) NOT NULL DEFAULT 1,
  `created_at` timestamp NULL DEFAULT NULL,
  `updated_at` timestamp NULL DEFAULT NULL
) ENGINE=InnoDB DEFAULT CHARSET=utf8mb4 COLLATE=utf8mb4_unicode_ci;

-- --------------------------------------------------------

--
-- Table structure for table `landing_contents`
--

CREATE TABLE `landing_contents` (
  `id` bigint(20) UNSIGNED NOT NULL,
  `icon` varchar(255) DEFAULT NULL,
  `title` varchar(255) NOT NULL,
  `description` text DEFAULT NULL,
  `type` varchar(255) NOT NULL,
  `created_at` timestamp NULL DEFAULT NULL,
  `updated_at` timestamp NULL DEFAULT NULL,
  `locale_id` int(11) NOT NULL,
  `locale` varchar(255) NOT NULL DEFAULT 'en'
) ENGINE=InnoDB DEFAULT CHARSET=utf8mb4 COLLATE=utf8mb4_unicode_ci;

--
-- Dumping data for table `landing_contents`
--

INSERT INTO `landing_contents` (`id`, `icon`, `title`, `description`, `type`, `created_at`, `updated_at`, `locale_id`, `locale`) VALUES
(5, 'global/images/rgcX1UNOLmbtZ3FqaTRF.png', 'Register Account', 'By Registering the website you will able to start your operation', 'howitworks', '2022-10-23 08:31:45', '2023-07-31 13:07:22', 5, 'en'),
(6, 'global/images/XJpLT3lm67UdgIXF9evM.png', 'Verify Email', 'After creating the account user need to verify the email for account purpose', 'howitworks', '2022-10-23 08:32:06', '2023-07-31 13:08:14', 6, 'en'),
(7, 'anticon anticon-credit-card	', 'Automatic and Manual Gateway', 'Etaque molestias enim quo harum ex, inventore eos corporis temporibus sint reiciendis nemo similique consequuntur eum.', 'whychooseus', '2022-10-23 08:50:21', '2023-07-31 13:50:22', 7, 'en'),
(11, 'global/images/Upbk4eWUnmEbOUDb0S1n.png', 'Total Users', '522', 'counter', '2022-10-23 09:25:59', '2022-11-16 22:30:23', 11, 'en'),
(14, NULL, 'How does it work with two wallets?', 'It is a long established fact that a reader will be distracted by \r\nthe readable content of a page when looking at its layout. The point of using Lorem Ipsum is that it has a more-or-less normal distribution of letters, as opposed to using \'Content here, content here\', making it look like readable English.', 'faq', '2022-10-23 09:37:44', '2023-08-24 09:04:23', 14, 'en'),
(15, NULL, 'Is there an option for manual Deposit?', 'Lorem ipsum, dolor sit amet consectetur adipisicing elit. Ducimus molestiae voluptatem id ut repudiandae totam fugit harum architecto dolorem deleniti incidunt,', 'faq', '2022-10-26 15:21:50', '2022-11-16 09:16:46', 15, 'en'),
(16, 'global/images/AUYbTtNQ4xTXzOxovUfJ.png', 'Verify KYC', 'Users\' KYC needs to verify to before making any withdrawals', 'howitworks', '2022-11-16 16:29:51', '2023-07-31 13:09:08', 16, 'en'),
(17, 'global/images/XcTp7W7bWhB8WuAqfhdD.png', 'Deposit Money', 'Users can deposit using any automatic or manual gateways', 'howitworks', '2022-11-16 16:30:20', '2023-07-31 13:11:40', 17, 'en'),
(18, 'global/images/MDUaupZdxAhfolZvx45O.png', 'Investment a plan', 'Users can invest to any the plan or schema to enjoy the profit which will add on profit wallet', 'howitworks', '2022-11-16 16:30:50', '2023-07-31 13:14:25', 18, 'en'),
(19, 'global/images/a67Vk3VpgntR38NRx6Lv.png', 'Transfer Money', 'Users can transfer the fund to another user instantly', 'howitworks', '2022-11-16 16:31:41', '2023-07-31 13:17:11', 19, 'en'),
(20, 'global/images/L1ECnG95L3DhstexQnnM.png', 'Refer to Friends', 'For referring to any friends user can generate the bonus', 'howitworks', '2022-11-16 10:36:25', '2023-07-31 13:18:57', 20, 'en'),
(21, 'global/images/n7DtYSCuWTvO5bYAmrYv.png', 'Retirer et profiter', 'Le retrait peut être effectué dans le portefeuille principal et cela prendra un peu de temps.', 'howitworks', '2022-11-16 22:08:05', '2023-07-31 13:20:58', 21, 'en'),
(22, 'anticon anticon-bank', 'Ranking Badge System', 'Etaque molestias enim quo harum ex, inventore eos corporis temporibus sint reiciendis nemo similique consequuntur eum.', 'whychooseus', '2022-11-16 22:17:03', '2023-07-31 13:50:50', 22, 'en'),
(23, 'anticon anticon-wallet', 'Referral Level System', 'Etaque molestias enim quo harum ex, inventore eos corporis temporibus sint reiciendis nemo similique consequuntur eum.', 'whychooseus', '2022-11-16 22:17:56', '2023-07-31 13:51:04', 23, 'en'),
(25, 'global/images/4IbFwZ2PZa8nLudMHzSt.png', 'Total Deposit', '21453', 'counter', '2022-11-16 22:30:49', '2022-11-16 22:30:49', 25, 'en'),
(26, 'global/images/brPxBdDNKkKu1oFb3uUl.png', 'Total Investment', '112549', 'counter', '2022-11-16 22:32:35', '2022-11-16 22:32:35', 26, 'en'),
(27, 'global/images/cxq0OgALCgYjCCcoI6f2.png', 'Total Withdraw', '58694', 'counter', '2022-11-16 22:33:20', '2022-11-16 22:33:20', 27, 'en'),
(28, NULL, 'How to Withdraw Money', 'It is a long established fact that a reader will be distracted by the readable content of a page when looking at its layout. The point of using Lorem Ipsum is that it has a more-or-less normal distribution of letters, as opposed to using \'Content here, content here\', making it look like readable English.', 'faq', '2022-11-16 18:48:04', '2022-11-16 18:48:04', 28, 'en'),
(29, NULL, 'How can I upgrade my Ranking', 'It is a long established fact that a reader will be distracted by the readable content of a page when looking at its layout. The point of using Lorem Ipsum is that it has a more-or-less normal distribution of letters, as opposed to using \'Content here, content here\', making it look like readable English.', 'faq', '2022-11-16 18:50:52', '2022-11-16 18:50:52', 29, 'en'),
(30, NULL, 'How the Referral Levels works?', 'It is a long established fact that a reader will be distracted by the readable content of a page when looking at its layout. The point of using Lorem Ipsum is that it has a more-or-less normal distribution of letters, as opposed to using \'Content here, content here\', making it look like readable English.', 'faq', '2022-11-16 18:53:07', '2022-11-16 18:53:07', 30, 'en'),
(35, 'anticon anticon-lock', 'Secure Application', 'Etaque molestias enim quo harum ex, inventore eos corporis temporibus sint reiciendis nemo similique consequuntur eum.', 'whychooseus', '2023-07-17 17:06:40', '2023-07-31 13:51:16', 35, 'en'),
(39, 'global/images/rgcX1UNOLmbtZ3FqaTRF.png', 'Registrar Cuenta', 'Al registrarse en el sitio web podrá iniciar su operación', 'howitworks', '2022-10-23 08:31:45', '2023-07-31 13:07:39', 5, 'es'),
(40, 'global/images/rgcX1UNOLmbtZ3FqaTRF.png', 'Créer un compte', 'En enregistrant le site Web, vous pourrez commencer votre opération', 'howitworks', '2022-10-23 08:31:45', '2023-07-31 13:07:58', 5, 'fr'),
(41, 'global/images/XJpLT3lm67UdgIXF9evM.png', 'Verificar correo electrónico', 'Después de crear la cuenta, el usuario debe verificar el correo electrónico para el propósito de la cuenta.', 'howitworks', '2022-10-23 08:32:06', '2023-07-31 13:08:40', 6, 'es'),
(42, 'global/images/XJpLT3lm67UdgIXF9evM.png', 'Vérifier les courriels', 'Après avoir créé le compte, l\'utilisateur doit vérifier l\'e-mail à des fins de compte', 'howitworks', '2022-10-23 08:32:06', '2023-07-31 13:08:56', 6, 'fr'),
(43, 'global/images/AUYbTtNQ4xTXzOxovUfJ.png', 'Verificar KYC', 'El KYC de los usuarios debe verificar antes de realizar cualquier retiro', 'howitworks', '2022-11-16 16:29:51', '2023-07-31 13:11:19', 16, 'es'),
(44, 'global/images/AUYbTtNQ4xTXzOxovUfJ.png', 'Vérifier KYC', 'Le KYC des utilisateurs doit être vérifié avant d\'effectuer des retraits', 'howitworks', '2022-11-16 16:29:51', '2023-07-31 13:10:45', 16, 'fr'),
(45, 'global/images/XcTp7W7bWhB8WuAqfhdD.png', 'Depositar dinero', 'Los usuarios pueden depositar utilizando cualquier pasarela automática o manual', 'howitworks', '2022-11-16 16:30:20', '2023-07-31 13:12:42', 17, 'es'),
(46, 'global/images/XcTp7W7bWhB8WuAqfhdD.png', 'Déposer de l\'argent', 'Les utilisateurs peuvent déposer en utilisant n\'importe quelle passerelle automatique ou manuelle', 'howitworks', '2022-11-16 16:30:20', '2023-07-31 13:14:13', 17, 'fr'),
(47, 'global/images/MDUaupZdxAhfolZvx45O.png', 'inversión un plan', 'Los usuarios pueden invertir en cualquier plan o esquema para disfrutar de las ganancias que se agregarán a la billetera de ganancias', 'howitworks', '2022-11-16 16:30:50', '2023-07-31 13:15:06', 18, 'es'),
(48, 'global/images/MDUaupZdxAhfolZvx45O.png', 'Investissement un plan', 'Les utilisateurs peuvent investir dans n\'importe quel plan ou schéma pour profiter du profit qui ajoutera au portefeuille de profit', 'howitworks', '2022-11-16 16:30:50', '2023-07-31 13:16:57', 18, 'fr'),
(49, 'global/images/a67Vk3VpgntR38NRx6Lv.png', 'Transferir dinero', 'Los usuarios pueden transferir el fondo a otro usuario al instante', 'howitworks', '2022-11-16 16:31:41', '2023-07-31 13:17:32', 19, 'es'),
(50, 'global/images/a67Vk3VpgntR38NRx6Lv.png', 'Transférer de l\'argent', 'Les utilisateurs peuvent transférer le fonds à un autre utilisateur instantanément', 'howitworks', '2022-11-16 16:31:41', '2023-07-31 13:18:30', 19, 'fr'),
(51, 'global/images/L1ECnG95L3DhstexQnnM.png', 'Referirse a amigas', 'Por referirse a cualquier amigo, el usuario puede generar el bono.', 'howitworks', '2022-11-16 10:36:25', '2023-07-31 13:19:25', 20, 'es'),
(52, 'global/images/L1ECnG95L3DhstexQnnM.png', 'Référez-vous à vos amis', 'Pour se référer à n\'importe quel ami, l\'utilisateur peut générer le bonus', 'howitworks', '2022-11-16 10:36:25', '2023-07-31 13:19:47', 20, 'fr'),
(53, 'global/images/n7DtYSCuWTvO5bYAmrYv.png', 'Retirar y disfrutar', 'El retiro se puede realizar en la billetera principal y tomará un poco de tiempo completarlo', 'howitworks', '2022-11-16 22:08:05', '2023-07-31 13:20:42', 21, 'es'),
(54, 'anticon anticon-credit-card	', 'Passerelle automatique et manuelle', 'Etaque molestias enim quo harum ex, inventore eos corporis temporibus sint reiciendis nemo similique consequuntur eum.', 'whychooseus', '2022-10-23 08:50:21', '2023-07-31 13:25:59', 7, 'fr'),
(55, 'anticon anticon-credit-card	', 'Pasarela automática y manual', 'Etaque molestias enim quo harum ex, inventore eos corporis temporibus sint reiciendis nemo similique consequuntur eum.', 'whychooseus', '2022-10-23 08:50:21', '2023-07-31 13:26:12', 7, 'es'),
(56, 'anticon anticon-bank', 'Sistema de insignias de clasificación', 'Etaque molestias enim quo harum ex, inventore eos corporis temporibus sint reiciendis nemo similique consequuntur eum.', 'whychooseus', '2022-11-16 22:17:03', '2023-07-31 13:51:47', 22, 'es'),
(57, 'anticon anticon-bank', 'Système de badge de classement', 'Etaque molestias enim quo harum ex, inventore eos corporis temporibus sint reiciendis nemo similique consequuntur eum.', 'whychooseus', '2022-11-16 22:17:03', '2023-07-31 13:51:59', 22, 'fr'),
(58, 'anticon anticon-wallet', 'Sistema de nivel de referencia', 'Etaque molestias enim quo harum ex, inventore eos corporis temporibus sint reiciendis nemo similique consequuntur eum.', 'whychooseus', '2022-11-16 22:17:56', '2023-07-31 13:52:20', 23, 'es'),
(59, 'anticon anticon-wallet', 'Système de niveau de référence', 'Etaque molestias enim quo harum ex, inventore eos corporis temporibus sint reiciendis nemo similique consequuntur eum.', 'whychooseus', '2022-11-16 22:17:56', '2023-07-31 13:52:29', 23, 'fr'),
(60, 'anticon anticon-lock', 'Aplicación segura', 'Etaque molestias enim quo harum ex, inventore eos corporis temporibus sint reiciendis nemo similique consequuntur eum.', 'whychooseus', '2023-07-17 17:06:40', '2023-07-31 13:52:42', 35, 'es'),
(61, 'anticon anticon-lock', 'Application sécurisée', 'Etaque molestias enim quo harum ex, inventore eos corporis temporibus sint reiciendis nemo similique consequuntur eum.', 'whychooseus', '2023-07-17 17:06:40', '2023-07-31 13:52:52', 35, 'fr'),
(62, 'global/images/Upbk4eWUnmEbOUDb0S1n.png', 'Total de usuarias', '522', 'counter', '2022-10-23 09:25:59', '2023-07-31 13:58:05', 11, 'es'),
(63, 'global/images/Upbk4eWUnmEbOUDb0S1n.png', 'Nombre total d\'utilisateurs', '522', 'counter', '2022-10-23 09:25:59', '2023-07-31 13:58:14', 11, 'fr'),
(64, 'global/images/4IbFwZ2PZa8nLudMHzSt.png', 'Depósito total', '21453', 'counter', '2022-11-16 22:30:49', '2023-07-31 13:58:35', 25, 'es'),
(65, 'global/images/4IbFwZ2PZa8nLudMHzSt.png', 'Dépôt total', '21453', 'counter', '2022-11-16 22:30:49', '2023-07-31 13:58:45', 25, 'fr'),
(66, 'global/images/brPxBdDNKkKu1oFb3uUl.png', 'Inversión total', '112549', 'counter', '2022-11-16 22:32:35', '2023-07-31 13:58:59', 26, 'es'),
(67, 'global/images/brPxBdDNKkKu1oFb3uUl.png', 'Investissement total', '112549', 'counter', '2022-11-16 22:32:35', '2023-07-31 13:59:08', 26, 'fr'),
(68, 'global/images/cxq0OgALCgYjCCcoI6f2.png', 'Retiro total', '58694', 'counter', '2022-11-16 22:33:20', '2023-07-31 13:59:24', 27, 'es'),
(69, 'global/images/cxq0OgALCgYjCCcoI6f2.png', 'Retrait total', '58694', 'counter', '2022-11-16 22:33:20', '2023-07-31 13:59:36', 27, 'fr'),
(70, NULL, '¿Cómo funciona con dos carteras?', 'It is a long established fact that a reader will be distracted by the readable content of a page when looking at its layout. The point of using Lorem Ipsum is that it has a more-or-less normal distribution of letters, as opposed to using \'Content here, content here\', making it look like readable English.', 'faq', '2022-10-23 09:37:44', '2023-07-31 14:00:39', 14, 'es'),
(71, NULL, 'Comment ça marche avec deux portefeuilles ?', 'It is a long established fact that a reader will be distracted by the readable content of a page when looking at its layout. The point of using Lorem Ipsum is that it has a more-or-less normal distribution of letters, as opposed to using \'Content here, content here\', making it look like readable English.', 'faq', '2022-10-23 09:37:44', '2023-07-31 14:00:52', 14, 'fr'),
(72, NULL, '¿Hay una opción para el depósito manual?', 'Lorem ipsum, dolor sit amet consectetur adipisicing elit. Ducimus molestiae voluptatem id ut repudiandae totam fugit harum architecto dolorem deleniti incidunt,', 'faq', '2022-10-26 15:21:50', '2023-07-31 14:05:27', 15, 'es'),
(73, NULL, 'Existe-t-il une option de dépôt manuel ?', 'Lorem ipsum, dolor sit amet consectetur adipisicing elit. Ducimus molestiae voluptatem id ut repudiandae totam fugit harum architecto dolorem deleniti incidunt,', 'faq', '2022-10-26 15:21:50', '2023-07-31 14:05:36', 15, 'fr'),
(74, NULL, 'Cómo retirar dinero', 'It is a long established fact that a reader will be distracted by the readable content of a page when looking at its layout. The point of using Lorem Ipsum is that it has a more-or-less normal distribution of letters, as opposed to using \'Content here, content here\', making it look like readable English.', 'faq', '2022-11-16 18:48:04', '2023-07-31 14:05:49', 28, 'es'),
(75, NULL, 'Comment retirer de l\'argent', 'It is a long established fact that a reader will be distracted by the readable content of a page when looking at its layout. The point of using Lorem Ipsum is that it has a more-or-less normal distribution of letters, as opposed to using \'Content here, content here\', making it look like readable English.', 'faq', '2022-11-16 18:48:04', '2023-07-31 14:05:58', 28, 'fr'),
(76, NULL, '¿Cómo puedo mejorar mi clasificación?', 'It is a long established fact that a reader will be distracted by the readable content of a page when looking at its layout. The point of using Lorem Ipsum is that it has a more-or-less normal distribution of letters, as opposed to using \'Content here, content here\', making it look like readable English.', 'faq', '2022-11-16 18:50:52', '2023-07-31 14:06:32', 29, 'es'),
(77, NULL, 'Comment puis-je améliorer mon classement', 'It is a long established fact that a reader will be distracted by the readable content of a page when looking at its layout. The point of using Lorem Ipsum is that it has a more-or-less normal distribution of letters, as opposed to using \'Content here, content here\', making it look like readable English.', 'faq', '2022-11-16 18:50:52', '2023-07-31 14:06:19', 29, 'fr'),
(78, NULL, '¿Cómo funcionan los niveles de referencia?', 'It is a long established fact that a reader will be distracted by the readable content of a page when looking at its layout. The point of using Lorem Ipsum is that it has a more-or-less normal distribution of letters, as opposed to using \'Content here, content here\', making it look like readable English.', 'faq', '2022-11-16 18:53:07', '2023-07-31 14:06:45', 30, 'es'),
(79, NULL, 'Comment fonctionnent les niveaux de parrainage ?', 'It is a long established fact that a reader will be distracted by the readable content of a page when looking at its layout. The point of using Lorem Ipsum is that it has a more-or-less normal distribution of letters, as opposed to using \'Content here, content here\', making it look like readable English.', 'faq', '2022-11-16 18:53:07', '2023-07-31 14:07:03', 30, 'fr');

-- --------------------------------------------------------

--
-- Table structure for table `landing_pages`
--

CREATE TABLE `landing_pages` (
  `id` bigint(20) UNSIGNED NOT NULL,
  `name` varchar(255) NOT NULL,
  `code` varchar(255) NOT NULL,
  `data` text NOT NULL,
  `status` tinyint(1) NOT NULL,
  `created_at` timestamp NULL DEFAULT NULL,
  `updated_at` timestamp NULL DEFAULT NULL,
  `short` int(11) DEFAULT NULL,
  `locale` varchar(255) NOT NULL DEFAULT 'en'
) ENGINE=InnoDB DEFAULT CHARSET=utf8mb4 COLLATE=utf8mb4_unicode_ci;

--
-- Dumping data for table `landing_pages`
--

INSERT INTO `landing_pages` (`id`, `name`, `code`, `data`, `status`, `created_at`, `updated_at`, `short`, `locale`) VALUES
(1, 'Hero Section', 'hero', '{\"hero_title\":\"Hyip Investment Platform to make money online\",\"hero_content\":\"We have considered our solutions to support every stage of your growth and get the potential service.\",\"hero_button1_icon\":\"anticon anticon-user-add\",\"hero_button1_level\":\"Make Investment\",\"hero_button1_url\":\"https:\\/\\/hyiprio.tdevs.co\\/register\",\"hero_button1_target\":\"_self\",\"hero_button2_icon\":\"anticon anticon-fire\",\"hero_button2_lavel\":\"How it works\",\"hero_button2_url\":\"https:\\/\\/hyiprio.tdevs.co\\/how-it-works\",\"hero_button2_target\":\"_self\",\"hero_right_img\":\"global\\/images\\/6o9uYYN51THTuXUAEh17.png\",\"hero_right_top_img\":\"global\\/images\\/lLJT3xQhVp4mkOyxtRC3.png\",\"company_slogan\":\"\"}', 1, '2022-10-22 13:54:01', '2023-07-31 15:32:00', 1, 'en'),
(2, 'Schema Section', 'schema', '{\"title_small\":\"Our Investment Plans\",\"title_big\":\"The plans we offer is specifically made for you.\",\"left_top_img\":\"global\\/images\\/UHm2cfbMPGZmbZNT2bVC.png\"}', 1, '2022-10-22 13:54:48', '2023-07-18 16:58:45', 2, 'en'),
(3, 'Calculation Section', 'calculation', '{\"calculation_title_small\":\"Investment Calculator\",\"calculation_title_big\":\"Plan Profit Calculation.\",\"intro_video\":\"https:\\/\\/vimeo.com\\/394343710\",\"calculation_left_img\":\"global\\/images\\/kY1GNdg0EXic9TuMMp4X.jpg\"}', 1, '2022-10-22 13:54:48', '2022-11-16 16:26:19', 3, 'en'),
(4, 'How it works Section\n', 'howitworks', '{\"title_small\":\"How It Works\",\"title_big\":\"It is a very simple process to start with us and earn money randomly\"}', 1, '2022-10-22 13:54:48', '2023-07-31 13:05:27', 4, 'en'),
(5, 'Recent Section\n', 'recent', '{\"title_small\":\"Latest Investors and Withdraws\",\"title_big\":\"You can explore the live investments and withdraws\"}', 1, '2022-10-22 13:54:48', '2022-11-16 22:11:48', 5, 'en'),
(6, 'Why Choose Us Section\n', 'whychooseus', '{\"title_small\":\"Why Choose Us\",\"title_big\":\"Explore Why You Will Choose Us.\",\"left_img\":\"global\\/images\\/w6wAm8zEpqqk4GzxEWxw.png\",\"right_img\":\"global\\/images\\/XIeEtiyw8HzFLOK5lLch.png\"}', 1, '2022-10-22 13:54:48', '2023-07-31 14:11:01', 6, 'en'),
(7, 'Counter Section\n', 'counter', '{\"counter_bg_img\":\"global\\/images\\/p7e2WARHpcYJbr7RlDDE.jpg\"}', 1, '2022-10-22 13:54:48', '2023-07-18 16:59:25', 7, 'en'),
(8, 'FAQ Section\n', 'faq', '{\"faq_title_small\":\"Faq Questions\",\"faq_title_big\":\"Explore Your Questions.\",\"left_img\":\"global\\/images\\/sPRwlwtyJVvQ1DRqoACh.png\",\"title_small\":\"Faq Questions\",\"title_big\":\"Explore Your Questions.\"}', 1, '2022-10-22 13:54:48', '2023-07-16 19:23:19', 8, 'en'),
(9, 'Call To Action\n', 'cta', '{\"cta_title\":\"We\'re a more than 1000+ members family, you can join with us with high confident\",\"cta_button1_icon\":\"anticon-user-add\",\"cta_button1_level\":\"Join Us\",\"cta_button1_url\":\"https:\\/\\/hyiprio.tdevs.co\\/register\",\"cta_button1_target\":\"_self\",\"cta_button2_icon\":\"anticon-mail\",\"cta_button2_lavel\":\"Contact Us\",\"cta_button2_url\":\"https:\\/\\/hyiprio.tdevs.co\\/contact\",\"cta_button2_target\":\"_self\",\"cta_bg_img\":\"global\\/images\\/udMk5L0YXsXBK3mgRJQX.jpg\"}', 1, '2022-10-22 13:54:48', '2023-07-31 14:16:55', 9, 'en'),
(10, 'Blog Section\n', 'blog', '{\"blog_title_small\":\"Our Blog Area\",\"blog_title_big\":\"Latest Announcements\"}', 1, '2022-10-22 13:54:48', '2022-11-16 18:57:18', 10, 'en'),
(11, 'Gateway Section\n', 'gateway', '{\"title_small\":\"Payment Gateways\",\"title_big\":\"Payment Gateway We Accept\"}', 1, '2022-10-22 13:54:48', '2022-11-16 18:58:00', 11, 'en'),
(12, 'Newslatter Section\n', 'newsletter', '[]', 1, '2022-10-22 13:54:48', '2023-07-18 16:59:57', 12, 'en'),
(13, 'Footer Section\r\n', 'footer', '{\"widget_left_title\":\"About Hyiprio\",\"widget_left_description\":\"High-performing and most popular Hyip Investment Platform in modern times. Full fill the most user needs and distribute maximum profits.\",\"widget_title_1\":\"Base Navigation\",\"widget_title_2\":\"Important Links\",\"widget_title_3\":\"Company Essentials\",\"copyright_text\":\"Copyright \\u00a9Hyiprio 2023. All rights reserved.\",\"right_img\":\"global\\/images\\/GAH1nccf5XhjretvfsYT.png\"}', 1, '2022-10-22 13:54:48', '2023-07-31 14:38:37', 13, 'en'),
(31, 'Hero Section', 'hero', '{\"hero_title\":\"Plataforma de inversi\\u00f3n Hyip para ganar dinero en l\\u00ednea\",\"hero_content\":\"Hemos considerado nuestras soluciones para respaldar cada etapa de su crecimiento y obtener el servicio potencial.\",\"hero_button1_icon\":\"nfc\",\"hero_button1_level\":\"hacer inversi\\u00f3n\",\"hero_button1_url\":\"https:\\/\\/hyiprio.tdevs.co\\/register\",\"hero_button1_target\":\"_self\",\"hero_button2_icon\":\"move-right\",\"hero_button2_lavel\":\"C\\u00f3mo funciona\",\"hero_button2_url\":\"https:\\/\\/hyiprio.tdevs.co\\/how-it-works\",\"hero_button2_target\":\"_self\",\"hero_right_img\":\"global\\/images\\/6o9uYYN51THTuXUAEh17.png\",\"hero_right_top_img\":\"global\\/images\\/lLJT3xQhVp4mkOyxtRC3.png\",\"company_slogan\":\"\"}', 1, '2023-07-18 16:53:17', '2023-07-31 15:32:00', 1, 'es'),
(32, 'Hero Section', 'hero', '{\"hero_title\":\"Plateforme d\'investissement Hyip pour gagner de l\'argent en ligne\",\"hero_content\":\"Nous avons consid\\u00e9r\\u00e9 nos solutions pour soutenir chaque \\u00e9tape de votre croissance et obtenir le service potentiel.\",\"hero_button1_icon\":\"nfc\",\"hero_button1_level\":\"Faire des investissements\",\"hero_button1_url\":\"https:\\/\\/hyiprio.tdevs.co\\/register\",\"hero_button1_target\":\"_self\",\"hero_button2_icon\":\"move-right\",\"hero_button2_lavel\":\"Comment \\u00e7a fonctionne\",\"hero_button2_url\":\"https:\\/\\/hyiprio.tdevs.co\\/how-it-works\",\"hero_button2_target\":\"_self\",\"hero_right_img\":\"global\\/images\\/6o9uYYN51THTuXUAEh17.png\",\"hero_right_top_img\":\"global\\/images\\/lLJT3xQhVp4mkOyxtRC3.png\",\"company_slogan\":\"\"}', 1, '2023-07-18 16:53:17', '2023-07-31 15:32:00', 1, 'fr'),
(33, 'Footer Section\r\n', 'footer', '{\"widget_left_title\":\"Sobre Hyiprio\",\"widget_left_description\":\"La plataforma de inversi\\u00f3n Hyip m\\u00e1s popular y de alto rendimiento en los tiempos modernos. Satisfaga por completo las necesidades de la mayor\\u00eda de los usuarios y distribuya las m\\u00e1ximas ganancias.\",\"widget_title_1\":\"Navegaci\\u00f3n b\\u00e1sica\",\"widget_title_2\":\"Links importantes\",\"widget_title_3\":\"Esenciales de la empresa\",\"copyright_text\":\"Copyright \\u00a9Hyiprio 2023. Todos los derechos reservados.\",\"right_img\":\"global\\/images\\/GAH1nccf5XhjretvfsYT.png\"}', 1, '2023-07-18 16:56:36', '2023-07-31 14:38:37', 13, 'es'),
(34, 'Footer Section\r\n', 'footer', '{\"widget_left_title\":\"\\u00c0 propos de Hyiprio\",\"widget_left_description\":\"La plateforme d\'investissement Hyip la plus performante et la plus populaire des temps modernes. Remplissez pleinement les besoins des utilisateurs et distribuez un maximum de b\\u00e9n\\u00e9fices.\",\"widget_title_1\":\"Navigation de base\",\"widget_title_2\":\"Liens importants\",\"widget_title_3\":\"Essentiels de l\'entreprise\",\"copyright_text\":\"Copyright \\u00a9Hyprio 2023. Tous droits r\\u00e9serv\\u00e9s.\",\"right_img\":\"global\\/images\\/GAH1nccf5XhjretvfsYT.png\"}', 1, '2023-07-18 16:56:36', '2023-07-31 14:39:21', 13, 'fr'),
(35, 'Schema Section', 'schema', '{\"title_small\":\"Nuestros planes de inversi\\u00f3n\",\"title_big\":\"Los planes que ofrecemos est\\u00e1n hechos espec\\u00edficamente para usted.\",\"left_top_img\":\"global\\/images\\/UHm2cfbMPGZmbZNT2bVC.png\"}', 1, '2023-07-18 16:58:44', '2023-07-31 13:01:54', 2, 'es'),
(36, 'Schema Section', 'schema', '{\"title_small\":\"Nos plans d\'investissement\",\"title_big\":\"Les plans que nous proposons sont sp\\u00e9cialement con\\u00e7us pour vous.\",\"left_top_img\":\"global\\/images\\/UHm2cfbMPGZmbZNT2bVC.png\"}', 1, '2023-07-18 16:58:44', '2023-07-31 13:02:12', 2, 'fr'),
(37, 'Calculation Section', 'calculation', '{\"calculation_title_small\":\"Calculadora de inversiones\",\"calculation_title_big\":\"C\\u00e1lculo de beneficios del plan.\",\"intro_video\":\"https:\\/\\/vimeo.com\\/394343710\",\"calculation_left_img\":\"global\\/images\\/kY1GNdg0EXic9TuMMp4X.jpg\"}', 1, '2023-07-18 16:58:54', '2023-07-31 13:02:56', 3, 'es'),
(38, 'Calculation Section', 'calculation', '{\"calculation_title_small\":\"Calculateur d\'investissement\",\"calculation_title_big\":\"Calcul des b\\u00e9n\\u00e9fices du plan.\",\"intro_video\":\"https:\\/\\/vimeo.com\\/394343710\",\"calculation_left_img\":\"global\\/images\\/kY1GNdg0EXic9TuMMp4X.jpg\"}', 1, '2023-07-18 16:58:54', '2023-07-31 13:03:30', 3, 'fr'),
(39, 'How it works Section\n', 'howitworks', '{\"title_small\":\"C\\u00f3mo funciona\",\"title_big\":\"Es un proceso muy sencillo para empezar con nosotros y ganar dinero aleatoriamente\"}', 1, '2023-07-18 16:59:03', '2023-07-31 13:05:27', 4, 'es'),
(40, 'How it works Section\n', 'howitworks', '{\"title_small\":\"Comment \\u00e7a fonctionne\",\"title_big\":\"C\'est un processus tr\\u00e8s simple pour commencer avec nous et gagner de l\'argent au hasard\"}', 1, '2023-07-18 16:59:03', '2023-07-31 13:05:41', 4, 'fr'),
(41, 'Recent Section\n', 'recent', '{\"title_small\":\"\\u00daltimos inversores y retiros\",\"title_big\":\"Puede explorar las inversiones en vivo y los retiros\"}', 1, '2023-07-18 16:59:11', '2023-07-31 13:23:05', 5, 'es'),
(42, 'Recent Section\n', 'recent', '{\"title_small\":\"Derniers investisseurs et retraits\",\"title_big\":\"Vous pouvez explorer les investissements en direct et les retraits\"}', 1, '2023-07-18 16:59:11', '2023-07-31 13:23:30', 5, 'fr'),
(43, 'Why Choose Us Section\n', 'whychooseus', '{\"title_small\":\"Por qu\\u00e9 elegirnos\",\"title_big\":\"Explore por qu\\u00e9 nos elegir\\u00e1.\",\"left_img\":\"global\\/images\\/w6wAm8zEpqqk4GzxEWxw.png\",\"right_img\":\"global\\/images\\/XIeEtiyw8HzFLOK5lLch.png\"}', 1, '2023-07-18 16:59:19', '2023-07-31 14:11:05', 6, 'es'),
(44, 'Why Choose Us Section\n', 'whychooseus', '{\"title_small\":\"Pourquoi nous choisir\",\"title_big\":\"D\\u00e9couvrez pourquoi vous nous choisirez.\",\"left_img\":\"global\\/images\\/w6wAm8zEpqqk4GzxEWxw.png\",\"right_img\":\"global\\/images\\/XIeEtiyw8HzFLOK5lLch.png\"}', 1, '2023-07-18 16:59:19', '2023-07-31 14:11:08', 6, 'fr'),
(45, 'Counter Section\n', 'counter', '{\"counter_bg_img\":\"global\\/images\\/p7e2WARHpcYJbr7RlDDE.jpg\"}', 1, '2023-07-18 16:59:25', '2023-07-18 16:59:25', 7, 'es'),
(46, 'Counter Section\n', 'counter', '{\"counter_bg_img\":\"global\\/images\\/p7e2WARHpcYJbr7RlDDE.jpg\"}', 1, '2023-07-18 16:59:25', '2023-07-18 16:59:25', 7, 'fr'),
(47, 'FAQ Section\n', 'faq', '{\"faq_title_small\":\"Faq Questions\",\"faq_title_big\":\"Explore Your Questions.\",\"left_img\":\"global\\/images\\/sPRwlwtyJVvQ1DRqoACh.png\",\"title_small\":\"Preguntas frecuentes\",\"title_big\":\"Explora tus preguntas.\"}', 1, '2023-07-18 16:59:30', '2023-07-31 14:00:12', 8, 'es'),
(48, 'FAQ Section\n', 'faq', '{\"faq_title_small\":\"Faq Questions\",\"faq_title_big\":\"Explore Your Questions.\",\"left_img\":\"global\\/images\\/sPRwlwtyJVvQ1DRqoACh.png\",\"title_small\":\"Foire aux questions\",\"title_big\":\"Explorez vos questions.\"}', 1, '2023-07-18 16:59:30', '2023-07-31 14:00:25', 8, 'fr'),
(49, 'Call To Action\n', 'cta', '{\"cta_title\":\"Somos una familia de m\\u00e1s de 1000 miembros, puede unirse a nosotros con mucha confianza\",\"cta_button1_icon\":\"anticon-user-add\",\"cta_button1_level\":\"\\u00danete a nosotras\",\"cta_button1_url\":\"https:\\/\\/hyiprio.tdevs.co\\/register\",\"cta_button1_target\":\"_self\",\"cta_button2_icon\":\"anticon-mail\",\"cta_button2_lavel\":\"Contacta con nosotras\",\"cta_button2_url\":\"https:\\/\\/hyiprio.tdevs.co\\/contact\",\"cta_button2_target\":\"_self\",\"cta_bg_img\":\"global\\/images\\/udMk5L0YXsXBK3mgRJQX.jpg\"}', 1, '2023-07-18 16:59:37', '2023-07-31 14:17:20', 9, 'es'),
(50, 'Call To Action\n', 'cta', '{\"cta_title\":\"Nous sommes une famille de plus de 1000 membres, vous pouvez nous rejoindre en toute confiance\",\"cta_button1_icon\":\"anticon-user-add\",\"cta_button1_level\":\"Rejoignez-nous\",\"cta_button1_url\":\"https:\\/\\/hyiprio.tdevs.co\\/register\",\"cta_button1_target\":\"_self\",\"cta_button2_icon\":\"anticon-mail\",\"cta_button2_lavel\":\"Contactez-nous\",\"cta_button2_url\":\"https:\\/\\/hyiprio.tdevs.co\\/contact\",\"cta_button2_target\":\"_self\",\"cta_bg_img\":\"global\\/images\\/udMk5L0YXsXBK3mgRJQX.jpg\"}', 1, '2023-07-18 16:59:37', '2023-07-31 14:20:39', 9, 'fr'),
(51, 'Blog Section\n', 'blog', '{\"blog_title_small\":\"Nuestra \\u00e1rea de blogs\",\"blog_title_big\":\"\\u00daltimos anuncios\"}', 1, '2023-07-18 16:59:44', '2023-07-31 14:21:02', 10, 'es'),
(52, 'Blog Section\n', 'blog', '{\"blog_title_small\":\"Notre espace blog\",\"blog_title_big\":\"Derni\\u00e8res annonces\"}', 1, '2023-07-18 16:59:44', '2023-07-31 14:21:22', 10, 'fr'),
(53, 'Gateway Section\n', 'gateway', '{\"title_small\":\"Via de pago\",\"title_big\":\"Pasarela de pago que aceptamos\"}', 1, '2023-07-18 16:59:51', '2023-07-31 14:23:03', 11, 'es'),
(54, 'Gateway Section\n', 'gateway', '{\"title_small\":\"Passerelles de paiement\",\"title_big\":\"Passerelle de paiement que nous acceptons\"}', 1, '2023-07-18 16:59:51', '2023-07-31 14:23:35', 11, 'fr'),
(55, 'Newslatter Section\n', 'newsletter', '[]', 1, '2023-07-18 16:59:57', '2023-07-18 16:59:57', 12, 'es'),
(56, 'Newslatter Section\n', 'newsletter', '[]', 1, '2023-07-18 16:59:57', '2023-07-18 16:59:57', 12, 'fr');

-- --------------------------------------------------------

--
-- Table structure for table `languages`
--

CREATE TABLE `languages` (
  `id` bigint(20) UNSIGNED NOT NULL,
  `flag` varchar(255) DEFAULT NULL,
  `name` varchar(255) NOT NULL,
  `locale` varchar(255) NOT NULL,
  `is_default` tinyint(1) NOT NULL DEFAULT 0,
  `status` tinyint(1) NOT NULL DEFAULT 1,
  `created_at` timestamp NULL DEFAULT NULL,
  `updated_at` timestamp NULL DEFAULT NULL
) ENGINE=InnoDB DEFAULT CHARSET=utf8mb4 COLLATE=utf8mb4_unicode_ci;

--
-- Dumping data for table `languages`
--

INSERT INTO `languages` (`id`, `flag`, `name`, `locale`, `is_default`, `status`, `created_at`, `updated_at`) VALUES
(1, NULL, 'English', 'en', 1, 1, NULL, '2023-05-24 18:24:32'),
(8, NULL, 'Spanish', 'es', 0, 1, '2022-10-05 19:17:20', '2023-05-24 18:23:48'),
(10, NULL, 'Franch', 'fr', 0, 1, '2022-11-07 01:23:27', '2023-07-31 13:13:34');

-- --------------------------------------------------------

--
-- Table structure for table `level_referrals`
--

CREATE TABLE `level_referrals` (
  `id` bigint(20) UNSIGNED NOT NULL,
  `type` varchar(255) NOT NULL,
  `the_order` varchar(255) NOT NULL,
  `bounty` double NOT NULL,
  `created_at` timestamp NULL DEFAULT NULL,
  `updated_at` timestamp NULL DEFAULT NULL
) ENGINE=InnoDB DEFAULT CHARSET=utf8mb4 COLLATE=utf8mb4_unicode_ci;

--
-- Dumping data for table `level_referrals`
--

INSERT INTO `level_referrals` (`id`, `type`, `the_order`, `bounty`, `created_at`, `updated_at`) VALUES
(1, 'deposit', '1', 2, '2023-03-29 05:38:44', '2023-03-29 05:38:44'),
(2, 'deposit', '2', 5, '2023-03-29 05:38:52', '2023-03-29 05:38:52'),
(3, 'deposit', '3', 10, '2023-03-29 05:39:00', '2023-03-29 05:39:00'),
(4, 'investment', '1', 3, '2023-03-29 05:39:12', '2023-03-29 05:39:12'),
(5, 'investment', '2', 6, '2023-03-29 05:39:22', '2023-03-29 05:39:22'),
(6, 'investment', '3', 10, '2023-03-29 05:39:28', '2023-03-29 05:39:28'),
(7, 'profit', '1', 4, '2023-03-29 05:39:47', '2023-03-29 05:39:47'),
(8, 'profit', '2', 8, '2023-03-29 05:39:56', '2023-03-29 05:39:56'),
(9, 'profit', '3', 12, '2023-03-29 05:40:03', '2023-03-29 05:40:03');

-- --------------------------------------------------------

--
-- Table structure for table `login_activities`
--

CREATE TABLE `login_activities` (
  `id` bigint(20) UNSIGNED NOT NULL,
  `user_id` int(11) DEFAULT NULL,
  `ip` varchar(255) NOT NULL,
  `location` varchar(255) DEFAULT NULL,
  `agent` varchar(255) DEFAULT NULL,
  `created_at` timestamp NULL DEFAULT NULL,
  `updated_at` timestamp NULL DEFAULT NULL
) ENGINE=InnoDB DEFAULT CHARSET=utf8mb4 COLLATE=utf8mb4_unicode_ci;

--
-- Dumping data for table `login_activities`
--

INSERT INTO `login_activities` (`id`, `user_id`, `ip`, `location`, `agent`, `created_at`, `updated_at`) VALUES
(1, 971, '197.210.55.43', 'Nigeria', 'Mozilla/5.0 (Linux; Android 10; K) AppleWebKit/537.36 (KHTML, like Gecko) Chrome/131.0.0.0 Mobile Safari/537.36', '2025-01-08 20:47:05', '2025-01-08 20:47:05'),
(2, 971, '197.210.55.43', 'Nigeria', 'Mozilla/5.0 (Linux; Android 10; K) AppleWebKit/537.36 (KHTML, like Gecko) Chrome/131.0.0.0 Mobile Safari/537.36', '2025-01-08 23:36:16', '2025-01-08 23:36:16'),
(3, 972, '84.239.33.132', 'United States', 'Mozilla/5.0 (Linux; Android 10; K) AppleWebKit/537.36 (KHTML, like Gecko) Chrome/131.0.0.0 Mobile Safari/537.36', '2025-01-08 23:45:25', '2025-01-08 23:45:25'),
(4, 973, '105.112.212.40', 'Nigeria', 'Mozilla/5.0 (Linux; Android 10; K) AppleWebKit/537.36 (KHTML, like Gecko) Chrome/131.0.0.0 Mobile Safari/537.36', '2025-01-09 03:21:34', '2025-01-09 03:21:34'),
(5, 972, '84.239.33.132', 'United States', 'Mozilla/5.0 (Linux; Android 10; K) AppleWebKit/537.36 (KHTML, like Gecko) Chrome/131.0.0.0 Mobile Safari/537.36', '2025-01-09 04:50:24', '2025-01-09 04:50:24'),
(6, 971, '197.210.55.43', 'Nigeria', 'Mozilla/5.0 (Linux; Android 10; K) AppleWebKit/537.36 (KHTML, like Gecko) Chrome/131.0.0.0 Mobile Safari/537.36', '2025-01-09 12:01:29', '2025-01-09 12:01:29'),
(7, 973, '105.112.218.132', 'Nigeria', 'Mozilla/5.0 (Linux; Android 10; K) AppleWebKit/537.36 (KHTML, like Gecko) Chrome/131.0.0.0 Mobile Safari/537.36', '2025-01-09 12:54:37', '2025-01-09 12:54:37'),
(8, 974, '105.112.213.236', 'Nigeria', 'Mozilla/5.0 (Linux; Android 10; K) AppleWebKit/537.36 (KHTML, like Gecko) Chrome/131.0.0.0 Mobile Safari/537.36', '2025-01-09 21:18:59', '2025-01-09 21:18:59'),
(9, 972, '197.210.55.43', 'Nigeria', 'Mozilla/5.0 (Linux; Android 10; K) AppleWebKit/537.36 (KHTML, like Gecko) Chrome/131.0.0.0 Mobile Safari/537.36', '2025-01-09 21:58:06', '2025-01-09 21:58:06'),
(10, 974, '197.210.55.43', 'Nigeria', 'Mozilla/5.0 (Linux; Android 10; K) AppleWebKit/537.36 (KHTML, like Gecko) Chrome/131.0.0.0 Mobile Safari/537.36', '2025-01-09 22:21:18', '2025-01-09 22:21:18'),
(11, 971, '197.210.55.43', 'Nigeria', 'Mozilla/5.0 (Linux; Android 10; K) AppleWebKit/537.36 (KHTML, like Gecko) Chrome/131.0.0.0 Mobile Safari/537.36', '2025-01-09 22:31:52', '2025-01-09 22:31:52'),
(12, 972, '197.210.55.43', 'Nigeria', 'Mozilla/5.0 (Linux; Android 10; K) AppleWebKit/537.36 (KHTML, like Gecko) Chrome/131.0.0.0 Mobile Safari/537.36', '2025-01-09 22:31:55', '2025-01-09 22:31:55'),
(13, 975, '197.210.55.43', 'Nigeria', 'Mozilla/5.0 (Linux; Android 10; K) AppleWebKit/537.36 (KHTML, like Gecko) Chrome/131.0.0.0 Mobile Safari/537.36', '2025-01-09 23:58:54', '2025-01-09 23:58:54'),
(14, 974, '105.112.99.141', 'Nigeria', 'Mozilla/5.0 (Linux; Android 10; K) AppleWebKit/537.36 (KHTML, like Gecko) Chrome/131.0.0.0 Mobile Safari/537.36', '2025-01-10 11:36:57', '2025-01-10 11:36:57'),
(15, 975, '200.68.186.86', 'Mexico', 'Mozilla/5.0 (Linux; Android 14; K) AppleWebKit/537.36 (KHTML, like Gecko) Chrome/131.0.6778.200 Mobile Safari/537.36', '2025-01-10 19:26:31', '2025-01-10 19:26:31'),
(16, 974, '105.112.106.79', 'Nigeria', 'Mozilla/5.0 (Linux; Android 10; K) AppleWebKit/537.36 (KHTML, like Gecko) Chrome/131.0.0.0 Mobile Safari/537.36', '2025-01-11 02:45:25', '2025-01-11 02:45:25'),
(17, 974, '105.112.222.53', 'Nigeria', 'Mozilla/5.0 (Linux; Android 10; K) AppleWebKit/537.36 (KHTML, like Gecko) Chrome/131.0.0.0 Mobile Safari/537.36', '2025-01-11 18:01:46', '2025-01-11 18:01:46'),
(18, 973, '105.112.215.192', 'Nigeria', 'Mozilla/5.0 (Linux; Android 10; K) AppleWebKit/537.36 (KHTML, like Gecko) Chrome/131.0.0.0 Mobile Safari/537.36', '2025-01-12 00:24:19', '2025-01-12 00:24:19'),
(19, 972, '84.239.33.132', 'United States', 'Mozilla/5.0 (Linux; Android 10; K) AppleWebKit/537.36 (KHTML, like Gecko) Chrome/131.0.0.0 Mobile Safari/537.36', '2025-01-12 00:38:49', '2025-01-12 00:38:49'),
(20, 974, '105.112.214.28', 'Nigeria', 'Mozilla/5.0 (Linux; Android 10; K) AppleWebKit/537.36 (KHTML, like Gecko) Chrome/131.0.0.0 Mobile Safari/537.36', '2025-01-13 02:14:20', '2025-01-13 02:14:20'),
(21, 971, '105.112.100.177', 'Nigeria', 'Mozilla/5.0 (Linux; Android 10; K) AppleWebKit/537.36 (KHTML, like Gecko) Chrome/131.0.0.0 Mobile Safari/537.36', '2025-01-13 05:02:11', '2025-01-13 05:02:11'),
(22, 974, '105.112.215.94', 'Nigeria', 'Mozilla/5.0 (Linux; Android 10; K) AppleWebKit/537.36 (KHTML, like Gecko) Chrome/131.0.0.0 Mobile Safari/537.36', '2025-01-13 05:07:36', '2025-01-13 05:07:36'),
(23, 974, '197.210.79.201', 'Nigeria', 'Mozilla/5.0 (Linux; Android 10; K) AppleWebKit/537.36 (KHTML, like Gecko) Chrome/131.0.0.0 Mobile Safari/537.36', '2025-01-13 11:13:31', '2025-01-13 11:13:31'),
(24, 975, '189.203.150.185', 'Mexico', 'Mozilla/5.0 (Linux; Android 10; K) AppleWebKit/537.36 (KHTML, like Gecko) Chrome/131.0.0.0 Mobile Safari/537.36', '2025-01-15 18:21:14', '2025-01-15 18:21:14'),
(25, 971, '105.112.215.160', 'Nigeria', 'Mozilla/5.0 (Linux; Android 10; K) AppleWebKit/537.36 (KHTML, like Gecko) Chrome/131.0.0.0 Mobile Safari/537.36', '2025-01-16 23:54:58', '2025-01-16 23:54:58'),
(26, 971, '105.112.100.181', 'Nigeria', 'Mozilla/5.0 (Linux; Android 10; K) AppleWebKit/537.36 (KHTML, like Gecko) Chrome/131.0.0.0 Mobile Safari/537.36', '2025-01-17 14:09:33', '2025-01-17 14:09:33'),
(27, 976, '105.112.103.166', 'Nigeria', 'Mozilla/5.0 (Linux; Android 10; K) AppleWebKit/537.36 (KHTML, like Gecko) Chrome/131.0.0.0 Mobile Safari/537.36', '2025-01-19 21:50:24', '2025-01-19 21:50:24'),
(28, 975, '200.68.187.110', 'Mexico', 'Mozilla/5.0 (Linux; Android 10; K) AppleWebKit/537.36 (KHTML, like Gecko) Chrome/132.0.0.0 Mobile Safari/537.36', '2025-01-21 02:31:39', '2025-01-21 02:31:39'),
(29, 975, '189.203.150.185', 'Mexico', 'Mozilla/5.0 (Linux; Android 10; K) AppleWebKit/537.36 (KHTML, like Gecko) Chrome/132.0.0.0 Mobile Safari/537.36', '2025-01-22 00:05:25', '2025-01-22 00:05:25'),
(30, 971, '105.112.209.250', 'Nigeria', 'Mozilla/5.0 (Linux; Android 10; K) AppleWebKit/537.36 (KHTML, like Gecko) Chrome/131.0.0.0 Mobile Safari/537.36', '2025-01-22 09:53:27', '2025-01-22 09:53:27'),
(31, 975, '200.68.183.49', 'Mexico', 'Mozilla/5.0 (Linux; Android 10; K) AppleWebKit/537.36 (KHTML, like Gecko) Chrome/132.0.0.0 Mobile Safari/537.36', '2025-01-24 02:21:16', '2025-01-24 02:21:16'),
(32, 975, '200.68.186.139', 'Mexico', 'Mozilla/5.0 (Linux; Android 10; K) AppleWebKit/537.36 (KHTML, like Gecko) Chrome/132.0.0.0 Mobile Safari/537.36', '2025-01-25 01:30:12', '2025-01-25 01:30:12');

-- --------------------------------------------------------

--
-- Table structure for table `messages`
--

CREATE TABLE `messages` (
  `id` bigint(20) UNSIGNED NOT NULL,
  `model` enum('user','admin') NOT NULL DEFAULT 'user',
  `user_id` bigint(20) UNSIGNED NOT NULL,
  `ticket_id` bigint(20) UNSIGNED NOT NULL,
  `message` text NOT NULL,
  `attach` varchar(256) DEFAULT NULL,
  `created_at` timestamp NULL DEFAULT NULL,
  `updated_at` timestamp NULL DEFAULT NULL
) ENGINE=InnoDB DEFAULT CHARSET=utf8mb4 COLLATE=utf8mb4_unicode_ci;

--
-- Dumping data for table `messages`
--

INSERT INTO `messages` (`id`, `model`, `user_id`, `ticket_id`, `message`, `attach`, `created_at`, `updated_at`) VALUES
(1, 'admin', 1, 1, 'efef', NULL, '2022-11-19 13:09:20', '2022-11-19 13:09:20'),
(2, 'admin', 1, 1, 'dthdhrt', NULL, '2022-11-19 13:22:16', '2022-11-19 13:22:16');

-- --------------------------------------------------------

--
-- Table structure for table `migrations`
--

CREATE TABLE `migrations` (
  `id` int(10) UNSIGNED NOT NULL,
  `migration` varchar(255) NOT NULL,
  `batch` int(11) NOT NULL
) ENGINE=InnoDB DEFAULT CHARSET=utf8mb4 COLLATE=utf8mb4_unicode_ci;

--
-- Dumping data for table `migrations`
--

INSERT INTO `migrations` (`id`, `migration`, `batch`) VALUES
(1, '2014_10_12_000000_create_users_table', 1),
(2, '2014_10_12_100000_create_password_resets_table', 1),
(3, '2019_08_19_000000_create_failed_jobs_table', 1),
(4, '2019_12_14_000001_create_personal_access_tokens_table', 1),
(5, '2022_08_16_143134_create_settings_table', 1),
(6, '2022_08_17_151449_create_admins_table', 1),
(7, '2022_08_18_043158_create_permission_tables', 1),
(8, '2022_08_20_094148_create_schedules_table', 1),
(9, '2022_08_20_095524_create_schemas_table', 1),
(10, '2022_08_25_084337_create_transactions_table', 2),
(11, '2022_08_29_112101_create_invests_table', 3),
(12, '2022_09_01_230050_create_gateways_table', 4),
(15, '2022_09_22_002528_create_withdraw_methods_table', 5),
(16, '2022_09_22_002635_create_withdraw_accounts_table', 5),
(20, '2022_09_26_100457_create_languages_table', 6),
(21, '2022_10_06_224555_create_tickets_table', 7),
(22, '2022_10_06_224556_create_messages_table', 7),
(23, '2022_10_06_224557_create_categories_table', 7),
(24, '2022_10_06_224558_create_labels_table', 7),
(25, '2022_10_09_004323_create_referral_targets_table', 8),
(27, '2022_10_09_105537_create_referrals_table', 9),
(28, '2022_10_10_111029_create_referral_programs_table', 10),
(29, '2022_10_10_111442_create_referral_links_table', 10),
(30, '2022_10_10_111636_create_referral_relationships_table', 10),
(32, '2022_10_15_113925_create_rankings_table', 11),
(34, '2022_10_16_020551_create_kycs_table', 12),
(35, '2022_10_18_044728_create_cache_table', 13),
(36, '2022_10_21_125740_create_navigations_table', 13),
(39, '2022_10_21_214919_create_landing_pages_table', 14),
(40, '2022_10_21_215008_create_pages_table', 14),
(41, '2022_10_23_100310_create_landing_contents_table', 15),
(42, '2022_10_24_133755_create_blogs_table', 16),
(44, '2022_10_25_182707_create_page_settings_table', 17),
(46, '2022_10_26_002241_create_socials_table', 18),
(47, '2022_10_27_002647_create_subscriptions_table', 19),
(49, '2022_10_29_234521_create_plugins_table', 20),
(50, '2022_11_06_171108_create_custom_csses_table', 21),
(51, '2022_11_06_171108_create_custom_css_table', 22),
(52, '2022_11_07_121426_create_email_templates_table', 22),
(53, '2019_01_26_221915_create_coinpayment_transactions_table', 23),
(54, '2020_11_30_030150_create_coinpayment_transaction_items_table', 23),
(55, '2023_02_19_114036_create_withdrawal_schedules_table', 24),
(56, '2023_03_12_132744_create_level_referrals_table', 25),
(80, '2023_05_10_140536_update_navigation_table', 26),
(81, '2023_05_11_231008_update_landing_pages_table', 26),
(82, '2023_05_13_122821_update_pages_table', 27),
(86, '2023_05_13_121307_create_sms_table', 28),
(87, '2023_05_13_121327_create_sms_templates_table', 28),
(88, '2023_05_13_164409_create_push_notifications_table', 28),
(89, '2023_05_13_170547_create_push_notification_templates_table', 28),
(90, '2023_05_13_222225_update_landing_contents_pages_table', 29),
(115, '2023_05_14_071600_update_blogs_table', 30),
(116, '2023_05_17_100813_create_notifications_table', 30),
(117, '2023_05_17_154535_create_log_activities_table', 30),
(118, '2023_05_17_173419_create_block_ips_table', 30),
(119, '2023_05_18_143739_create_set_tunes_table', 30),
(120, '2023_05_22_022102_update_schema_table', 31),
(121, '2023_05_21_162323_add_fcm_token_column_to_admins_table', 32),
(122, '2023_05_23_223156_update_plugin_field', 32),
(127, '2023_06_10_003431_create_login_activities_table', 33),
(128, '2023_06_13_082238_add_fields_gateways', 33),
(129, '2023_06_15_013321_create_deposit_methods_table', 33),
(130, '2023_06_20_090410_add_fields_withdraw_methods', 34),
(131, '2023_06_24_005125_create_jobs_table', 35),
(133, '2023_07_01_111232_create_themes_table', 36),
(134, '2023_07_23_081311_create_scheduled_task', 37),
(135, '2023_07_27_212636_add_fields_ranking_table', 38);

-- --------------------------------------------------------

--
-- Table structure for table `model_has_permissions`
--

CREATE TABLE `model_has_permissions` (
  `permission_id` bigint(20) UNSIGNED NOT NULL,
  `model_type` varchar(255) NOT NULL,
  `model_id` bigint(20) UNSIGNED NOT NULL
) ENGINE=InnoDB DEFAULT CHARSET=utf8mb4 COLLATE=utf8mb4_unicode_ci;

-- --------------------------------------------------------

--
-- Table structure for table `model_has_roles`
--

CREATE TABLE `model_has_roles` (
  `role_id` bigint(20) UNSIGNED NOT NULL,
  `model_type` varchar(255) NOT NULL,
  `model_id` bigint(20) UNSIGNED NOT NULL
) ENGINE=InnoDB DEFAULT CHARSET=utf8mb4 COLLATE=utf8mb4_unicode_ci;

--
-- Dumping data for table `model_has_roles`
--

INSERT INTO `model_has_roles` (`role_id`, `model_type`, `model_id`) VALUES
(1, 'App\\Models\\Admin', 1),
(2, 'App\\Models\\Admin', 3),
(2, 'App\\Models\\Admin', 4),
(2, 'App\\Models\\Admin', 5),
(3, 'App\\Models\\Admin', 2);

-- --------------------------------------------------------

--
-- Table structure for table `navigations`
--

CREATE TABLE `navigations` (
  `id` bigint(20) UNSIGNED NOT NULL,
  `page_id` bigint(20) UNSIGNED DEFAULT NULL,
  `name` varchar(255) NOT NULL,
  `url` varchar(255) NOT NULL,
  `type` varchar(255) NOT NULL,
  `footer_position` int(11) DEFAULT NULL,
  `header_position` int(11) DEFAULT NULL,
  `status` tinyint(1) NOT NULL DEFAULT 1,
  `created_at` timestamp NULL DEFAULT NULL,
  `updated_at` timestamp NULL DEFAULT NULL,
  `translate` longtext DEFAULT NULL
) ENGINE=InnoDB DEFAULT CHARSET=utf8mb4 COLLATE=utf8mb4_unicode_ci;

--
-- Dumping data for table `navigations`
--

INSERT INTO `navigations` (`id`, `page_id`, `name`, `url`, `type`, `footer_position`, `header_position`, `status`, `created_at`, `updated_at`, `translate`) VALUES
(2, 7, 'Contact', 'contact', 'both', 4, 7, 1, '2022-10-24 14:02:26', '2023-07-31 15:09:01', '{\"en\":\"Contact\",\"es\":\"Contacto\",\"fr\":\"Contact\"}'),
(4, 8, 'Privacy', 'privacy-policy', 'footer', 5, NULL, 1, '2022-10-24 14:05:24', '2023-07-31 15:10:15', '{\"en\":\"Privacy\",\"fr\":\"Confidentialit\\u00e9\",\"es\":\"Privacidad\"}'),
(7, 1, 'Schema', 'schema', 'both', 7, 2, 1, '2022-10-26 23:00:32', '2023-07-31 15:10:52', '{\"en\":\"Schema\",\"es\":\"Esquema\",\"fr\":\"Sch\\u00e9ma\"}'),
(8, 2, 'How It Works', 'how-it-works', 'header', NULL, 4, 1, '2022-10-26 23:01:13', '2023-07-31 15:11:27', '{\"en\":\"How It Works\",\"fr\":\"Comment \\u00e7a fonctionne\",\"es\":\"C\\u00f3mo funciona\"}'),
(9, 5, 'Ranking', 'rankings', 'both', 6, 3, 1, '2022-10-26 23:01:33', '2023-07-31 15:12:02', '{\"en\":\"Ranking\",\"es\":\"Clasificaci\\u00f3n\",\"fr\":\"Classement\"}'),
(11, 3, 'About', 'about-us', 'both', 10, 5, 1, '2022-10-27 15:38:03', '2023-07-31 15:12:32', '{\"en\":\"About\",\"fr\":\"\\u00c0 propos\",\"es\":\"Acerca de\"}'),
(13, 4, 'FAQ', 'faq', 'footer', 8, NULL, 1, '2022-10-27 15:38:56', '2023-07-31 15:13:20', '{\"en\":\"FAQ\",\"es\":\"FAQ\",\"fr\":\"FAQ\"}'),
(14, NULL, 'Home', '/', 'both', 1, 1, 1, '2022-10-28 08:34:49', '2023-07-31 15:13:44', '{\"en\":\"Home\",\"fr\":\"Maison\",\"es\":\"Hogar\"}'),
(16, 6, 'Blog', 'blog', 'both', 3, 6, 1, '2022-11-17 02:35:57', '2023-07-31 15:14:30', '{\"en\":\"Blog\",\"es\":\"Blog\",\"fr\":\"Blog\"}'),
(18, 10, 'Account Login', '/login', 'footer', 2, NULL, 1, '2022-11-17 00:01:03', '2023-07-31 15:14:53', '{\"en\":\"Account Login\",\"fr\":\"Connexion au compte\",\"es\":\"Cuenta de Ingreso\"}'),
(19, 9, 'Terms and Conditions', 'terms-and-conditions', 'footer', 11, NULL, 1, '2022-11-17 00:03:30', '2023-07-31 15:15:23', '{\"en\":\"Terms and Conditions\",\"es\":\"T\\u00e9rminos y condiciones\",\"fr\":\"Termes et conditions\"}');

-- --------------------------------------------------------

--
-- Table structure for table `notifications`
--

CREATE TABLE `notifications` (
  `id` bigint(20) UNSIGNED NOT NULL,
  `icon` varchar(100) DEFAULT NULL,
  `user_id` int(10) UNSIGNED DEFAULT NULL,
  `for` varchar(100) DEFAULT NULL,
  `title` varchar(255) DEFAULT NULL,
  `notice` text DEFAULT NULL,
  `action_url` varchar(255) DEFAULT NULL,
  `read` tinyint(1) NOT NULL DEFAULT 0,
  `created_at` timestamp NULL DEFAULT NULL,
  `updated_at` timestamp NULL DEFAULT NULL
) ENGINE=InnoDB DEFAULT CHARSET=utf8mb4 COLLATE=utf8mb4_unicode_ci;

--
-- Dumping data for table `notifications`
--

INSERT INTO `notifications` (`id`, `icon`, `user_id`, `for`, `title`, `notice`, `action_url`, `read`, `created_at`, `updated_at`) VALUES
(1, 'user-plus', 971, 'admin', 'Wellcome to Valeria Dan', 'Thanks for joining us  Valeria Dan\r\n\r\n.New User added our system.', 'https://empathytransformation.com/user/admin/user/971/edit', 1, '2025-01-08 20:47:04', '2025-01-10 16:25:34'),
(2, 'user-plus', 972, 'admin', 'Wellcome to Cynthia Shallot', 'Thanks for joining us  Cynthia Shallot\r\n\r\n.New User added our system.', 'https://empathytransformation.com/user/admin/user/972/edit', 1, '2025-01-08 23:45:17', '2025-01-10 16:25:34'),
(3, 'newspaper', 972, 'admin', 'Manual Deposit request', 'The manual deposit request details:\r\nTRXD8JOM944ZJ\r\nBTC\r\n3000', 'https://empathytransformation.com/user/admin/deposit/manual-pending', 1, '2025-01-08 23:48:05', '2025-01-10 16:25:34'),
(4, 'newspaper', 972, 'user', 'Manual Deposit request', 'The manual deposit request details:\r\nnone\r\nTRXD8JOM944ZJ\r\nBTC\r\n3000\r\napproved\r\n', 'https://empathytransformation.com/user/user/deposit/log', 0, '2025-01-08 23:53:00', '2025-01-08 23:53:00'),
(5, 'user-plus', 973, 'admin', 'Wellcome to Simpson George', 'Thanks for joining us  Simpson George\r\n\r\n.New User added our system.', 'https://empathytransformation.com/user/admin/user/973/edit', 1, '2025-01-09 03:21:32', '2025-01-10 16:25:34'),
(6, 'newspaper', 973, 'admin', 'Manual Deposit request', 'The manual deposit request details:\r\nTRXXXSAHPQUJI\r\nBTC\r\n2000', 'https://empathytransformation.com/user/admin/deposit/manual-pending', 1, '2025-01-09 03:35:12', '2025-01-10 16:25:34'),
(7, 'newspaper', 973, 'user', 'Manual Deposit request', 'The manual deposit request details:\r\nnone\r\nTRXXXSAHPQUJI\r\nBTC\r\n2000\r\napproved\r\n', 'https://empathytransformation.com/user/user/deposit/log', 0, '2025-01-09 04:02:47', '2025-01-09 04:02:47'),
(8, 'newspaper', 973, 'admin', 'Manual Deposit request', 'The manual deposit request details:\r\nTRXJP4SFRODHJ\r\nBTC\r\n2000', 'https://empathytransformation.com/user/admin/deposit/manual-pending', 1, '2025-01-09 04:05:29', '2025-01-10 16:25:34'),
(9, 'landmark', 973, 'user', 'You Invested on Standard Plan', 'Hello!\r\nTRX6SYNSXBQOL. \'Successfully Investment\r\nStandard Plan\r\n2000USD', 'https://empathytransformation.com/user/user/invest-logs', 0, '2025-01-09 04:55:26', '2025-01-09 04:55:26'),
(10, 'user-plus', 974, 'admin', 'Wellcome to Stephen schneble', 'Thanks for joining us  Stephen schneble\r\n\r\n.New User added our system.', 'https://empathytransformation.com/user/admin/user/974/edit', 1, '2025-01-09 21:18:58', '2025-01-10 16:25:34'),
(11, 'newspaper', 974, 'admin', 'Manual Deposit request', 'The manual deposit request details:\r\nTRXSUSIUXUEBB\r\nBTC\r\n3000', 'https://empathytransformation.com/user/admin/deposit/manual-pending', 1, '2025-01-09 21:34:29', '2025-01-10 16:25:34'),
(12, 'newspaper', 973, 'user', 'Manual Deposit request', 'The manual deposit request details:\r\nnone\r\nTRXJP4SFRODHJ\r\nBTC\r\n2000\r\napproved\r\n', 'https://empathytransformation.com/user/user/deposit/log', 0, '2025-01-09 21:44:21', '2025-01-09 21:44:21'),
(13, 'newspaper', 974, 'admin', 'Manual Deposit request', 'The manual deposit request details:\r\nTRXSXFZCVOB9A\r\nBTC\r\n3000', 'https://empathytransformation.com/user/admin/deposit/manual-pending', 1, '2025-01-09 21:46:10', '2025-01-10 16:25:34'),
(14, 'landmark', 972, 'user', 'You Invested on Standard Plan', 'Hello!\r\nTRXXOER30QO7T. \'Successfully Investment\r\nStandard Plan\r\n2000USD', 'https://empathytransformation.com/user/user/invest-logs', 0, '2025-01-09 22:00:11', '2025-01-09 22:00:11'),
(15, 'newspaper', 974, 'admin', 'Manual Deposit request', 'The manual deposit request details:\r\nTRX5KJF2Y2QYY\r\nTether\r\n3000', 'https://empathytransformation.com/user/admin/deposit/manual-pending', 1, '2025-01-09 22:23:06', '2025-01-10 16:25:34'),
(16, 'newspaper', 974, 'user', 'Manual Deposit request', 'The manual deposit request details:\r\nnone\r\nTRX5KJF2Y2QYY\r\nTether\r\n3000\r\napproved\r\n', 'https://empathytransformation.com/user/user/deposit/log', 0, '2025-01-09 22:23:50', '2025-01-09 22:23:50'),
(17, 'landmark', 974, 'user', 'You Invested on Standard Plan', 'Hello!\r\nTRXEGS1FGJIY3. \'Successfully Investment\r\nStandard Plan\r\n2000USD', 'https://empathytransformation.com/user/user/invest-logs', 0, '2025-01-09 22:27:47', '2025-01-09 22:27:47'),
(18, 'landmark', 974, 'user', 'You Invested on Advanced Plan', 'Hello!\r\nTRX8JUU5V3DJZ. \'Successfully Investment\r\nAdvanced Plan\r\n500USD', 'https://empathytransformation.com/user/user/invest-logs', 0, '2025-01-09 22:31:14', '2025-01-09 22:31:14'),
(19, 'user-plus', 975, 'admin', 'Wellcome to Angel Medina Valeria Dan', 'Thanks for joining us  Angel Medina Valeria Dan\r\n\r\n.New User added our system.', 'https://empathytransformation.com/user/admin/user/975/edit', 1, '2025-01-09 23:58:52', '2025-01-10 16:25:34'),
(20, 'wallet', 972, 'admin', 'Withdraw Request', 'Withdraw Request details:\r\nTRXDD5MQL97AT\r\nBitcoin\r\n1000USD', 'https://empathytransformation.com/user/admin/withdraw/pending', 1, '2025-01-13 05:05:41', '2025-01-17 12:48:49'),
(21, 'wallet', 972, 'user', 'Withdraw Request', 'Withdraw Request details:\r\nnone\r\nTRXDD5MQL97AT\r\nBitcoin\r\n1000USD\r\napproved', 'https://empathytransformation.com/user/user/withdraw/log', 0, '2025-01-13 05:07:27', '2025-01-13 05:07:27'),
(22, 'newspaper', 971, 'admin', 'Manual Deposit request', 'The manual deposit request details:\r\nTRX9OSX9T33SD\r\nBTC\r\n500', 'https://empathytransformation.com/user/admin/deposit/manual-pending', 1, '2025-01-17 14:24:55', '2025-01-17 14:25:32'),
(23, 'newspaper', 971, 'user', 'Manual Deposit request', 'The manual deposit request details:\r\nnone\r\nTRX9OSX9T33SD\r\nBTC\r\n500\r\napproved\r\n', 'https://empathytransformation.com/user/user/deposit/log', 0, '2025-01-17 14:25:50', '2025-01-17 14:25:50'),
(24, 'wallet', 971, 'admin', 'Withdraw Request', 'Withdraw Request details:\r\nTRXRACPDZ8EU9\r\nBitcoin\r\n100USD', 'https://empathytransformation.com/user/admin/withdraw/pending', 0, '2025-01-17 14:29:06', '2025-01-17 14:29:06'),
(25, 'user-plus', 976, 'admin', 'Wellcome to George Simpson', 'Thanks for joining us  George Simpson\r\n\r\n.New User added our system.', 'https://empathytransformation.com/user/admin/user/976/edit', 0, '2025-01-19 21:50:24', '2025-01-19 21:50:24'),
(26, 'newspaper', 976, 'admin', 'Manual Deposit request', 'The manual deposit request details:\r\nTRXLATEU5H8JS\r\nBTC\r\n2000', 'https://empathytransformation.com/user/admin/deposit/manual-pending', 0, '2025-01-19 21:51:48', '2025-01-19 21:51:48'),
(27, 'wallet', 971, 'admin', 'Withdraw Request', 'Withdraw Request details:\r\nTRXJ5DSSNKRJ6\r\nBitcoin\r\n100USD', 'https://empathytransformation.com/user/admin/withdraw/pending', 1, '2025-01-22 09:54:11', '2025-01-22 09:54:48'),
(28, 'wallet', 971, 'user', 'Withdraw Request', 'Withdraw Request details:\r\nnone\r\nTRXRACPDZ8EU9\r\nBitcoin\r\n100USD\r\napproved', 'https://empathytransformation.com/user/user/withdraw/log', 0, '2025-01-22 09:55:00', '2025-01-22 09:55:00'),
(29, 'wallet', 971, 'user', 'Withdraw Request', 'Withdraw Request details:\r\nnone\r\nTRXJ5DSSNKRJ6\r\nBitcoin\r\n100USD\r\napproved', 'https://empathytransformation.com/user/user/withdraw/log', 0, '2025-01-22 09:55:30', '2025-01-22 09:55:30');

-- --------------------------------------------------------

--
-- Table structure for table `pages`
--

CREATE TABLE `pages` (
  `id` bigint(20) UNSIGNED NOT NULL,
  `title` varchar(255) NOT NULL,
  `code` varchar(255) NOT NULL,
  `data` longtext NOT NULL,
  `type` enum('static','dynamic') NOT NULL DEFAULT 'dynamic',
  `status` tinyint(1) NOT NULL,
  `created_at` timestamp NULL DEFAULT NULL,
  `updated_at` timestamp NULL DEFAULT NULL,
  `locale` varchar(255) NOT NULL DEFAULT 'en',
  `url` varchar(255) DEFAULT NULL
) ENGINE=InnoDB DEFAULT CHARSET=utf8mb4 COLLATE=utf8mb4_unicode_ci;

--
-- Dumping data for table `pages`
--

INSERT INTO `pages` (`id`, `title`, `code`, `data`, `type`, `status`, `created_at`, `updated_at`, `locale`, `url`) VALUES
(1, 'Schema', 'schema', '{\"title\":\"All the Schemas\",\"title_small\":\"Our Investment Plans\",\"title_big\":\"The plans we offer is specifically made for you.\",\"left_top_img\":\"global\\/images\\/J2spy6ilkLergst4Glcy.png\",\"meta_keywords\":\"All the Schemas\",\"meta_description\":\"All the Schemas\"}', 'static', 1, NULL, '2023-07-31 14:26:56', 'en', 'schema'),
(2, 'How It Works', 'howitworks', '{\"title\":\"How it Works\",\"title_small\":\"How it Works\",\"title_big\":\"The process and steps of the application\",\"section_id\":\"9\",\"meta_keywords\":\"How it Works\",\"meta_description\":\"How it Works\"}', 'static', 1, NULL, '2023-07-31 14:27:10', 'en', 'how-it-works'),
(3, 'About Us', 'about', '{\"title\":\"About Us\",\"left_img_badge\":\"High Yield Hyip Investment\",\"title_small\":\"Who We Are\",\"title_big\":\"Explore us from the experience\",\"side_content\":\"In no event shall Company Name, nor any of its officers, directors and employees, shall be held liable for anything arising out of or in any way connected with your use of this Website whether such liability is under contract.  Company Name, including its officers, directors and employees shall not be held liable for any indirect, consequential or special liability arising out of or in any way related to your use of this Website. Lorem ipsum dolor sit amet consectetur adipisicing elit. Culpa, aperiam eum impedit sit facilis itaque tempore dicta mollitia error quibusdam. Obcaecati at velit ipsam incidunt quidem eius, repellat voluptatem in. Lorem ipsum, dolor sit amet consectetur adipisicing elit. Inventore ratione facere, veritatis sunt voluptatibus corrupti blanditiis cum autem dolorem. Quos esse est voluptate labore unde, soluta deleniti. Temporibus, cum deserunt. Lorem ipsum dolor sit amet, consectetur adipisicing elitss\\r\\n\\r\\nLorem ipsum dolor sit, amet consectetur adipisicing elit. Sapiente totam dicta qui quae ut incidunt aliquam vel veritatis quasi laudantium! Ullam accusamus dolorum recusandae ratione. Quis praesentium id alias ullam? Lorem ipsum, dolor sit amet consectetur adipisicing elit. Quas fugiat enim corrupti, adipisci dolores perferendis vero sit tempora recusandae laboriosam officiis inventore distinctio. A eos quam, autem deserunt voluptates libero!ss\",\"content\":\"<p>Lorem ipsum dolor sit amet consectetur adipisicing elit. Culpa, aperiam eum impedit sit facilis itaque tempore dicta mollitia error quibusdam. Obcaecati at velit ipsam incidunt quidem eius, repellat voluptatem in. Lorem ipsum, dolor sit amet consectetur adipisicing elit. Inventore ratione facere, veritatis sunt voluptatibus corrupti blanditiis cum autem dolorem. Quos esse est voluptate labore unde, soluta deleniti. Temporibus, cum deserunt. Lorem ipsum dolor sit amet, consectetur adipisicing elit<\\/p>\\n\\n<p>Lorem ipsum dolor sit, amet consectetur adipisicing elit. Sapiente totam dicta qui quae ut incidunt aliquam vel veritatis quasi laudantium! Ullam accusamus dolorum recusandae ratione. Quis praesentium id alias ullam? Lorem ipsum, dolor sit amet consectetur adipisicing elit. Quas fugiat enim corrupti, adipisci dolores perferendis vero sit tempora recusandae laboriosam officiis inventore distinctio. A eos quam, autem deserunt voluptates<\\/p>\",\"aboutusLeftImg\":\"global\\/images\\/g4xp4oSimXAEZGvOKugJ.png\",\"meta_keywords\":\"About Us\",\"meta_description\":\"About Us\"}', 'static', 1, NULL, '2022-11-17 17:35:10', 'en', 'about-us'),
(4, 'FAQ ', 'faq', '{\"title\":\"FAQ Page\",\"title_small\":\"FAQ Page\",\"title_big\":\"Explore Your Questions\",\"section_id\":\"9\",\"button_icon\":\"anticon-mail\",\"button_level\":\"Still No Luck?\",\"button_url\":\"https:\\/\\/hyiprio.tdevs.co\\/contact\",\"hero_button2_target\":\"_self\",\"meta_keywords\":\"FAQ Page\",\"meta_description\":\"FAQ Page\"}', 'static', 1, NULL, '2023-07-31 14:29:23', 'en', 'faq'),
(5, 'Rankings ', 'ranking', '{\"title\":\"Rankings Page\",\"title_small\":\"Achievements\",\"title_big\":\"Explore all the badges here\",\"button_icon\":\"anticon-mail\",\"button_level\":\"Still No Luck?\",\"button_url\":\"$\",\"hero_button2_target\":\"_blank\",\"content\":\"<p><br><\\/p>\",\"meta_keywords\":\"Rankings Page\",\"meta_description\":\"Rankings Page\"}', 'static', 1, NULL, '2022-11-16 20:08:45', 'en', 'rankings'),
(6, 'Blog ', 'blog', '{\"title\":\"All Blogs\",\"title_small\":\"Blog Title Smallss\",\"title_big\":\"Our Latest News\",\"sidebar_widget_title\":\"Other Blog Posts\",\"sidebar_widget_title_2\":\"Recent Blogss\",\"meta_keywords\":\"All Blogs\",\"meta_description\":\"All Blogs\"}', 'static', 1, NULL, '2022-11-17 17:47:21', 'en', 'blog'),
(7, 'Contact Us', 'contact', '{\"title\":\"Contact Us\",\"title_small\":\"Get In Touch\",\"title_big\":\"Say Hi to us\",\"meta_keywords\":\"Contact Us\",\"meta_description\":\"Contact Us\"}', 'static', 1, NULL, '2022-11-16 23:42:33', 'en', 'contact'),
(8, 'Privacy Policy', 'privacy', '{\"title\":\"Privacy Policy\",\"content\":\"<p><b>Privacy Policy for Hyiprio<\\/b><\\/p>\\r\\n\\r\\n<p><\\/p>\\r\\n\\r\\n<p>At Hyiprio, accessible at hyiprio.com, one of our main priorities is the privacy of our visitors. This Privacy Policy document contains types of information that is collected and recorded by Website Name and how we use it.If you have additional questions or require more information about our Privacy Policy, do not hesitate to contact us through email at info@hyiprio.com<\\/p>\\r\\n\\r\\n<p>This privacy policy applies only to our online activities and is valid for visitors to our website with regard to the information that they shared and\\/or collect in the hyiprio.com. This policy is not applicable to any information collected offline or via channels other than this website.<\\/p>\\r\\n\\r\\n<p>Consent<\\/p>\\r\\n\\r\\n<p>By using our website, you hereby consent to our Privacy Policy and agree to its terms.\\u00a0Your Content, you grant Company Name a non-exclusive, worldwide irrevocable, sub licensable license to use, reproduce, adapt, publish, translate and distribute it in any and all media.<\\/p>\\r\\n\\r\\n<p>Information we collect<\\/p>\\r\\n\\r\\n<p>The personal information that you are asked to provide, and the reasons why you are asked to provide it, will be made clear to you at the point we ask you to provide your personal information.\\u00a0If you contact us directly, we may receive additional information about you such as your name, email address, phone number, the contents of the message and\\/or attachments you may send us, and any other information you may choose to provide.<\\/p>\\r\\n\\r\\n<p>When you register for an Account, we may ask for your contact information, including items such as name, company name, address, email address, and telephone number.\\u00a0Your Content, you grant Company Name a non-exclusive, worldwide irrevocable, sub licensable license to use, reproduce, adapt, publish, translate and distribute it in any and all media.<\\/p>\\r\\n\\r\\n<p>How we use your information<\\/p>\\r\\n\\r\\n<p>We use the information we collect in various ways, including to:<\\/p>\\r\\n\\r\\n<p>Provide, operate, and maintain our websiteImprove, personalize, and expand our websiteUnderstand and analyze how you use our websiteDevelop new products, services, features, and functionalityCommunicate with you, either directly or through one of our partners, including for customer service, to provide you with updates and other information relating to the website, and for marketing and promotional purposesSend you emailsFind and prevent fraud<\\/p>\\r\\n\\r\\n<p>Log Files<\\/p>\\r\\n\\r\\n<p>Hyiprio follows a standard procedure of using log files. These files log visitors when they visit websites. All hosting companies do this and a part of hosting services\' analytics. The information collected by log files include internet protocol (IP) addresses, browser type, Internet Service Provider (ISP), date and time stamp, referring\\/exit pages, and possibly the number of clicks. These are not linked to any information that is personally identifiable. The purpose of the information is for analyzing trends, administering the site, tracking users\' movement on the website, and gathering demographic information.<\\/p>\\r\\n\\r\\n<p>Cookies and Web Beacons<\\/p>\\r\\n\\r\\n<p>Like any other website, Website Name uses \\u2018cookies\'. These cookies are used to store information including visitors\' preferences, and the pages on the website that the visitor accessed or visited. The information is used to optimize the users\' experience by customizing our web page content based on visitors\' browser type and\\/or other information.<\\/p>\\r\\n\\r\\n<p>DoubleClick DART Cookie<\\/p>\\r\\n\\r\\n<p>Google is one of a third-party vendor on our site. It also uses cookies, known as DART cookies, to serve ads to our site visitors based upon their visit to www.website.com and other sites on the internet. However, visitors may choose to decline the use of DART cookies by visiting the Google ad and content network Privacy Policy at the following URL \\u2013 https:\\/\\/policies.google.com\\/technologies\\/ads.<\\/p>\\r\\n\\r\\n<p>Some of advertisers on our site may use cookies and web beacons. Our advertising partners are listed below. Each of our advertising partners has their own Privacy Policy for their policies on user data. For easier access, we hyperlinked to their Privacy Policies below.\\u00a0Your Content, you grant Company Name a non-exclusive, worldwide irrevocable, sub licensable license to use, reproduce, adapt, publish, translate and distribute it in any and all media.<\\/p>\\r\\n\\r\\n<p>Google<\\/p>\\r\\n\\r\\n<p>https:\\/\\/policies.google.com\\/technologies\\/ads<\\/p>\\r\\n\\r\\n<p>Advertising Partners Privacy Policies<\\/p>\\r\\n\\r\\n<p>You may consult this list to find the Privacy Policy for each of the advertising partners of Website Name.<\\/p>\\r\\n\\r\\n<p>Third-party ad servers or ad networks uses technologies like cookies, JavaScript, or Web Beacons that are used in their respective advertisements and links that appear on Website Name, which are sent directly to users\' browser. They automatically receive your IP address when this occurs. These technologies are used to measure the effectiveness of their advertising campaigns and\\/or to personalize the advertising content that you see on websites that you visit.\\u00a0Note that Website Name has no access to or control over these cookies that are used by third-party advertisers.<\\/p>\\r\\n\\r\\n<p>Third-Party Privacy Policies<\\/p>\\r\\n\\r\\n<p>Website Name\'s Privacy Policy does not apply to other advertisers or websites. Thus, we are advising you to consult the respective Privacy Policies of these third-party ad servers for more detailed information. It may include their practices and instructions about how to opt-out of certain options. You may find a complete list of these Privacy Policies and their links here: Privacy Policy Links.<\\/p>\\r\\n\\r\\n<p>You can choose to disable cookies through your individual browser options. To know more detailed information about cookie management with specific web browsers, it can be found at the browsers\' respective websites. What Are Cookies?<\\/p>\\r\\n\\r\\n<p>CCPA Privacy Policy (Do Not Sell My Personal Information)<\\/p>\\r\\n\\r\\n<p>Under the CCPA, among other rights, California consumers have the right to:<\\/p>\\r\\n\\r\\n<p>Request that a business that collects a consumer\'s personal data disclose the categories and specific pieces of personal data that a business has collected about consumers.\\u00a0Request that a business deletes any personal data about the consumer that a business has collected.\\u00a0Request that a business that sells a consumer\'s personal data, not sell the consumer\'s personal data.\\u00a0If you make a request, we have one month to respond to you. If you would like to exercise any of these rights, please contact us.\\u00a0Your Content, you grant Company Name a non-exclusive, worldwide irrevocable, sub licensable license to use, reproduce, adapt, publish, translate and distribute it in any and all media.<\\/p>\\r\\n\\r\\n<p>GDPR Privacy Policy (Data Protection Rights)<\\/p>\\r\\n\\r\\n<p>We would like to make sure you are fully aware of all of your data protection rights. Every user is entitled to the following:<\\/p>\\r\\n\\r\\n<p>The right to access \\u2013 You have the right to request copies of your personal data. We may charge you a small fee for this service.\\u00a0The right to rectification \\u2013 You have the right to request that we correct any information you believe is inaccurate. You also have the right to request that we complete the information you believe is incomplete.<\\/p>\\r\\n\\r\\n<p>The right to erasure \\u2013 You have the right to request that we erase your personal data, under certain conditions.\\u00a0The right to restrict processing \\u2013 You have the right to request that we restrict the processing of your personal data, under certain conditions.\\u00a0The right to object to processing \\u2013 You have the right to object to our processing of your personal data, under certain conditions.\\u00a0The right to data portability \\u2013 You have the right to request that we transfer the data that we have collected to another organization, or directly to you, under certain conditions.\\u00a0If you make a request, we have one month to respond to you. If you would like to exercise any of these rights, please contact us.<\\/p>\\r\\n\\r\\n<p>Children\'s Information<\\/p>\\r\\n\\r\\n<p>Another part of our priority is adding protection for children while using the internet. We encourage parents and guardians to observe, participate in, and\\/or monitor and guide their online activity.\\u00a0Website Name does not knowingly collect any Personal Identifiable Information from children under the age of 13. If you think that your child provided this kind of information on our website, we strongly encourage you to contact us immediately and we will do our best efforts to promptly remove such information from our records.<\\/p>\",\"files\":\"global\\/images\\/h0hwylrv2QFLC0bAHxQk.jpg\",\"meta_keywords\":\"Privacy Policy\",\"meta_description\":\"Privacy Policy\"}', 'static', 1, NULL, '2023-01-23 12:06:16', 'en', 'privacy-policy'),
(9, 'Terms and Conditions', 'terms', '{\"title\":\"Terms and Conditions\",\"content\":\"<h4><span style=\\\"font-weight:normal;\\\">Introduction<\\/span><\\/h4>\\n\\n<p>These Website Standard Terms and Conditions written on this webpage shall manage your use of our website,\\u00a0Hyiprio accessible at\\u00a0hyiprio.com.<span>Your Content, you grant Company Name a non-exclusive, worldwide irrevocable, sub licensable license to use, reproduce, adapt, publish, translate and distribute it in any and all media.<\\/span><\\/p>\\n\\n<p>These Terms will be applied fully and affect to your use of this Website. By using this Website, you agreed to accept all terms and conditions written in here. You must not use this Website if you disagree with any of these Website Standard Terms and Conditions.<span>Minors or people below 18 years old are not allowed to use this Website.<\\/span><\\/p>\\n\\n<h4><span style=\\\"font-weight:normal;\\\">Intellectual Property Rights<\\/span><\\/h4>\\n\\n<p>Other than the content you own, under these Terms,\\u00a0Company Name\\u00a0and\\/or its licensors own all the intellectual property rights and materials contained in this Website.\\u00a0<span>You are granted limited license only for purposes of viewing the material contained on this Website.<\\/span><\\/p>\\n\\n<h4><span style=\\\"font-weight:normal;\\\">Restrictions<\\/span><\\/h4>\\n\\n<p>You are specifically restricted from all of the following:<\\/p>\\n\\n<ul><li>publishing any Website material in any other media;<\\/li><li>selling, sublicensing and\\/or otherwise commercializing any Website material;<\\/li><li>publicly performing and\\/or showing any Website material;<\\/li><li>using this Website in any way that is or may be damaging to this Website;<\\/li><li>using this Website in any way that impacts user access to this Website;<\\/li><li>using this Website contrary to applicable laws and regulations, or in any way may cause harm to the Website, or to any person or business entity;<\\/li><li>engaging in any data mining, data harvesting, data extracting or any other similar activity in relation to this Website;<\\/li><li>using this Website to engage in any advertising or marketing.<\\/li><\\/ul>\\n\\n<p>Certain areas of this Website are restricted from being access by you and\\u00a0Company Name\\u00a0may further restrict access by you to any areas of this Website, at any time, in absolute discretion. Any user ID and password you may have for this Website are confidential and you must maintain confidentiality as well.<\\/p>\\n\\n<h4><span style=\\\"font-weight:normal;\\\">Your Content<\\/span><\\/h4>\\n\\n<p>In these Website Standard Terms and Conditions, \\u201cYour Content\\u201d shall mean any audio, video text, images or other material you choose to display on this Website. By displaying Your Content, you grant Company Name a non-exclusive, worldwide irrevocable, sub licensable license to use, reproduce, adapt, publish, translate and distribute it in any and all media.<\\/p>\\n\\n<p>Your Content must be your own and must not be invading any third-party\'s rights.\\u00a0Company Name\\u00a0reserves the right to remove any of Your Content from this Website at any time without notice.<\\/p>\\n\\n<h4><span style=\\\"font-weight:normal;\\\">No warranties<\\/span><\\/h4>\\n\\n<p>This Website is provided \\u201cas is,\\u201d with all faults, and\\u00a0Company Name\\u00a0express no representations or warranties, of any kind related to this Website or the materials contained on this Website. Also, nothing contained on this Website shall be interpreted as advising you.<\\/p>\\n\\n<h4><span style=\\\"font-weight:normal;\\\">Limitation of liability<\\/span><\\/h4>\\n\\n<p>In no event shall\\u00a0Company Name, nor any of its officers, directors and employees, shall be held liable for anything arising out of or in any way connected with your use of this Website whether such liability is under contract. \\u00a0Company Name, including its officers, directors and employees shall not be held liable for any indirect, consequential or special liability arising out of or in any way related to your use of this Website.<\\/p>\\n\\n<h4><span style=\\\"font-weight:normal;\\\">Indemnification<\\/span><\\/h4>\\n\\n<h5><span style=\\\"font-weight:normal;\\\">You hereby indemnify to the fullest extent\\u00a0Company Name\\u00a0from and against any and\\/or all liabilities, costs, demands, causes of action, damages and expenses arising in any way related to your breach of any of the provisions of these Terms.<\\/span><\\/h5>\\n\\n<h4><span style=\\\"font-weight:normal;\\\">Severability<\\/span><\\/h4>\\n\\n<p>If any provision of these Terms is found to be invalid under any applicable law, such provisions shall be deleted without affecting the remaining provisions herein.\\u00a0<span>Your Content, you grant Company Name a non-exclusive, worldwide irrevocable, sub licensable license to use, reproduce, adapt, publish, translate and distribute it in any and all media.<\\/span><\\/p>\\n\\n<h4><span style=\\\"font-weight:normal;\\\">Variation of Terms<\\/span><\\/h4>\\n\\n<p>Company Name\\u00a0is permitted to revise these Terms at any time as it sees fit, and by using this Website you are expected to review these Terms on a regular basis.\\u00a0<span>Your Content, you grant Company Name a non-exclusive, worldwide irrevocable, sub licensable license to use, reproduce, adapt, publish, translate and distribute it in any and all media.<\\/span><\\/p>\\n\\n<h4><span style=\\\"font-weight:normal;\\\">Assignment<\\/span><\\/h4>\\n\\n<p>The\\u00a0Company Name\\u00a0is allowed to assign, transfer, and subcontract its rights and\\/or obligations under these Terms without any notification. However, you are not allowed to assign, transfer, or subcontract any of your rights and\\/or obligations under these Terms.<\\/p>\\n\\n<h4><span style=\\\"font-weight:normal;\\\">Entire Agreement<\\/span><\\/h4>\\n\\n<p>These Terms constitute the entire agreement between\\u00a0Company Name\\u00a0and you in relation to your use of this Website, and supersede all prior agreements and understandings.\\u00a0<span>Your Content, you grant Company Name a non-exclusive, worldwide irrevocable, sub licensable license to use, reproduce, adapt, publish, translate and distribute it in any and all media.<\\/span><\\/p>\\n\\n<h4><span style=\\\"font-weight:normal;\\\">Governing Law &amp; Jurisdiction<\\/span><\\/h4>\\n\\n<p>These Terms will be governed by and interpreted in accordance with the laws of the State of\\u00a0Country, and you submit to the non-exclusive jurisdiction of the state and federal courts located in\\u00a0Country\\u00a0for the resolution of any disputes.<\\/p>\",\"files\":\"global\\/images\\/1gcQReqxFvALwGLLItbu.jpg\",\"meta_keywords\":\"Terms and Conditions\",\"meta_description\":\"Terms and Conditions\"}', 'static', 1, NULL, '2022-11-17 17:40:00', 'en', 'terms-and-conditions'),
(10, 'Login', 'login', '{\"title\":\"\\ud83d\\udc4b Welcome Back!\",\"bottom_text\":\"Sign in to continue with Hyiprio User Panel\"}', 'static', 1, NULL, '2022-10-24 07:08:53', 'en', '/login'),
(11, 'Registration', 'registration', '{\"title\":\"\\ud83d\\udcaa Create an account\",\"bottom_text\":\"Register to continue with Hyiprio\"}', 'static', 1, NULL, '2022-11-10 08:35:48', 'en', '/registration'),
(12, 'Forgot Password', 'forgetpassword', '{\"title\":\"Password Reset\",\"bottom_text\":\"Reset your Password\"}', 'static', 1, NULL, '2022-11-16 09:24:24', 'en', '/forgot-password'),
(13, 'Schema', 'schema', '{\"title\":\"todos los esquemas\",\"title_small\":\"todos los esquemas\",\"title_big\":\"Los planes que ofrecemos est\\u00e1n hechos espec\\u00edficamente para usted.\",\"left_top_img\":\"global\\/images\\/I68p4rslg9zW4R83R9sN.png\",\"meta_keywords\":\"todos los esquemas\",\"meta_description\":\"todos los esquemas\"}', 'static', 1, '2023-05-13 15:03:38', '2023-07-31 14:26:56', 'es', 'schema'),
(14, 'Schema', 'schema', '{\"title\":\"Tous les sch\\u00e9mas\",\"title_small\":\"Nos plans d\'investissement\",\"title_big\":\"Les plans que nous proposons sont sp\\u00e9cialement con\\u00e7us pour vous.\",\"left_top_img\":\"global\\/images\\/I68p4rslg9zW4R83R9sN.png\",\"meta_keywords\":\"Tous les sch\\u00e9mas\",\"meta_description\":\"Tous les sch\\u00e9mas\"}', 'static', 1, '2023-05-13 15:03:44', '2023-07-31 14:26:56', 'fr', 'schema'),
(18, 'Blog ', 'blog', '{\"title\":\"Tous les blogs\",\"title_small\":\"Blog Title Smallss\",\"title_big\":\"Nos derni\\u00e8res nouvelles\",\"sidebar_widget_title\":\"Autres articles de blog\",\"sidebar_widget_title_2\":\"Recent Blogss\",\"meta_keywords\":\"Tous les blogs\",\"meta_description\":\"Tous les blogs\"}', 'static', 1, '2023-05-13 16:28:25', '2023-07-31 14:33:10', 'fr', 'blog'),
(19, 'How It Works', 'howitworks', '{\"title\":\"C\\u00f3mo funciona\",\"title_small\":\"C\\u00f3mo funciona\",\"title_big\":\"El proceso y los pasos de la aplicaci\\u00f3n.\",\"section_id\":\"9\",\"meta_keywords\":\"C\\u00f3mo funciona\",\"meta_description\":\"C\\u00f3mo funciona\"}', 'static', 1, '2023-05-14 12:04:06', '2023-07-31 14:27:30', 'es', 'how-it-works'),
(20, 'About Us', 'about', '{\"title\":\"Sobre nosotras\",\"left_img_badge\":\"Inversi\\u00f3n Hyip de alto rendimiento\",\"title_small\":\"Quienes somos\",\"title_big\":\"Exploranos desde la experiencia\",\"side_content\":\"In no event shall Company Name, nor any of its officers, directors and employees, shall be held liable for anything arising out of or in any way connected with your use of this Website whether such liability is under contract.  Company Name, including its officers, directors and employees shall not be held liable for any indirect, consequential or special liability arising out of or in any way related to your use of this Website. Lorem ipsum dolor sit amet consectetur adipisicing elit. Culpa, aperiam eum impedit sit facilis itaque tempore dicta mollitia error quibusdam. Obcaecati at velit ipsam incidunt quidem eius, repellat voluptatem in. Lorem ipsum, dolor sit amet consectetur adipisicing elit. Inventore ratione facere, veritatis sunt voluptatibus corrupti blanditiis cum autem dolorem. Quos esse est voluptate labore unde, soluta deleniti. Temporibus, cum deserunt. Lorem ipsum dolor sit amet, consectetur adipisicing elitss\\r\\n\\r\\nLorem ipsum dolor sit, amet consectetur adipisicing elit. Sapiente totam dicta qui quae ut incidunt aliquam vel veritatis quasi laudantium! Ullam accusamus dolorum recusandae ratione. Quis praesentium id alias ullam? Lorem ipsum, dolor sit amet consectetur adipisicing elit. Quas fugiat enim corrupti, adipisci dolores perferendis vero sit tempora recusandae laboriosam officiis inventore distinctio. A eos quam, autem deserunt voluptates libero!ss\",\"content\":\"<p>Lorem ipsum dolor sit amet consectetur adipisicing elit. Culpa, aperiam eum impedit sit facilis itaque tempore dicta mollitia error quibusdam. Obcaecati at velit ipsam incidunt quidem eius, repellat voluptatem in. Lorem ipsum, dolor sit amet consectetur adipisicing elit. Inventore ratione facere, veritatis sunt voluptatibus corrupti blanditiis cum autem dolorem. Quos esse est voluptate labore unde, soluta deleniti. Temporibus, cum deserunt. Lorem ipsum dolor sit amet, consectetur adipisicing elit<\\/p>\\n\\n<p>Lorem ipsum dolor sit, amet consectetur adipisicing elit. Sapiente totam dicta qui quae ut incidunt aliquam vel veritatis quasi laudantium! Ullam accusamus dolorum recusandae ratione. Quis praesentium id alias ullam? Lorem ipsum, dolor sit amet consectetur adipisicing elit. Quas fugiat enim corrupti, adipisci dolores perferendis vero sit tempora recusandae laboriosam officiis inventore distinctio. A eos quam, autem deserunt voluptates<\\/p>\",\"aboutusLeftImg\":\"global\\/images\\/g4xp4oSimXAEZGvOKugJ.png\",\"meta_keywords\":\"Sobre nosotras\",\"meta_description\":\"Sobre nosotras\"}', 'static', 1, '2023-05-14 12:11:32', '2023-07-31 14:28:30', 'es', 'about-us'),
(21, 'FAQ ', 'faq', '{\"title\":\"P\\u00e1gina de preguntas frecuentes\",\"title_small\":\"P\\u00e1gina de preguntas frecuentes\",\"title_big\":\"Explora tus preguntas\",\"section_id\":\"9\",\"button_icon\":\"anticon-mail\",\"button_level\":\"\\u00bfTodav\\u00eda sin suerte?\",\"button_url\":\"https:\\/\\/hyiprio.tdevs.co\\/contact\",\"hero_button2_target\":\"_self\",\"meta_keywords\":\"P\\u00e1gina de preguntas frecuentes\",\"meta_description\":\"P\\u00e1gina de preguntas frecuentes\"}', 'static', 1, '2023-05-14 12:18:11', '2023-07-31 14:30:00', 'es', 'faq'),
(22, 'Rankings ', 'ranking', '{\"title\":\"P\\u00e1gina de clasificaciones\",\"title_small\":\"logros\",\"title_big\":\"Explora todas las insignias aqu\\u00ed\",\"button_icon\":\"anticon-mail\",\"button_level\":\"Still No Luck?\",\"button_url\":\"$\",\"hero_button2_target\":\"_blank\",\"content\":\"<p><br><\\/p>\",\"meta_keywords\":\"P\\u00e1gina de clasificaciones\",\"meta_description\":\"P\\u00e1gina de clasificaciones\"}', 'static', 1, '2023-05-14 12:22:10', '2023-07-31 14:31:49', 'es', 'rankings'),
(23, 'Contact Us', 'contact', '{\"title\":\"Contactez-nous\",\"title_small\":\"Entrer en contact\",\"title_big\":\"Dites-nous bonjour\",\"meta_keywords\":\"Contactez-nous\",\"meta_description\":\"Contactez-nous\"}', 'static', 1, '2023-05-14 12:45:05', '2023-07-31 14:34:56', 'fr', 'contact'),
(24, 'Terms and Conditions', 'terms', '{\"title\":\"T\\u00e9rminos y condiciones\",\"content\":\"<h4><span style=\\\"font-weight:normal;\\\">Introduction<\\/span><\\/h4>\\n\\n<p>These Website Standard Terms and Conditions written on this webpage shall manage your use of our website,\\u00a0Hyiprio accessible at\\u00a0hyiprio.com.<span>Your Content, you grant Company Name a non-exclusive, worldwide irrevocable, sub licensable license to use, reproduce, adapt, publish, translate and distribute it in any and all media.<\\/span><\\/p>\\n\\n<p>These Terms will be applied fully and affect to your use of this Website. By using this Website, you agreed to accept all terms and conditions written in here. You must not use this Website if you disagree with any of these Website Standard Terms and Conditions.<span>Minors or people below 18 years old are not allowed to use this Website.<\\/span><\\/p>\\n\\n<h4><span style=\\\"font-weight:normal;\\\">Intellectual Property Rights<\\/span><\\/h4>\\n\\n<p>Other than the content you own, under these Terms,\\u00a0Company Name\\u00a0and\\/or its licensors own all the intellectual property rights and materials contained in this Website.\\u00a0<span>You are granted limited license only for purposes of viewing the material contained on this Website.<\\/span><\\/p>\\n\\n<h4><span style=\\\"font-weight:normal;\\\">Restrictions<\\/span><\\/h4>\\n\\n<p>You are specifically restricted from all of the following:<\\/p>\\n\\n<ul><li>publishing any Website material in any other media;<\\/li><li>selling, sublicensing and\\/or otherwise commercializing any Website material;<\\/li><li>publicly performing and\\/or showing any Website material;<\\/li><li>using this Website in any way that is or may be damaging to this Website;<\\/li><li>using this Website in any way that impacts user access to this Website;<\\/li><li>using this Website contrary to applicable laws and regulations, or in any way may cause harm to the Website, or to any person or business entity;<\\/li><li>engaging in any data mining, data harvesting, data extracting or any other similar activity in relation to this Website;<\\/li><li>using this Website to engage in any advertising or marketing.<\\/li><\\/ul>\\n\\n<p>Certain areas of this Website are restricted from being access by you and\\u00a0Company Name\\u00a0may further restrict access by you to any areas of this Website, at any time, in absolute discretion. Any user ID and password you may have for this Website are confidential and you must maintain confidentiality as well.<\\/p>\\n\\n<h4><span style=\\\"font-weight:normal;\\\">Your Content<\\/span><\\/h4>\\n\\n<p>In these Website Standard Terms and Conditions, \\u201cYour Content\\u201d shall mean any audio, video text, images or other material you choose to display on this Website. By displaying Your Content, you grant Company Name a non-exclusive, worldwide irrevocable, sub licensable license to use, reproduce, adapt, publish, translate and distribute it in any and all media.<\\/p>\\n\\n<p>Your Content must be your own and must not be invading any third-party\'s rights.\\u00a0Company Name\\u00a0reserves the right to remove any of Your Content from this Website at any time without notice.<\\/p>\\n\\n<h4><span style=\\\"font-weight:normal;\\\">No warranties<\\/span><\\/h4>\\n\\n<p>This Website is provided \\u201cas is,\\u201d with all faults, and\\u00a0Company Name\\u00a0express no representations or warranties, of any kind related to this Website or the materials contained on this Website. Also, nothing contained on this Website shall be interpreted as advising you.<\\/p>\\n\\n<h4><span style=\\\"font-weight:normal;\\\">Limitation of liability<\\/span><\\/h4>\\n\\n<p>In no event shall\\u00a0Company Name, nor any of its officers, directors and employees, shall be held liable for anything arising out of or in any way connected with your use of this Website whether such liability is under contract. \\u00a0Company Name, including its officers, directors and employees shall not be held liable for any indirect, consequential or special liability arising out of or in any way related to your use of this Website.<\\/p>\\n\\n<h4><span style=\\\"font-weight:normal;\\\">Indemnification<\\/span><\\/h4>\\n\\n<h5><span style=\\\"font-weight:normal;\\\">You hereby indemnify to the fullest extent\\u00a0Company Name\\u00a0from and against any and\\/or all liabilities, costs, demands, causes of action, damages and expenses arising in any way related to your breach of any of the provisions of these Terms.<\\/span><\\/h5>\\n\\n<h4><span style=\\\"font-weight:normal;\\\">Severability<\\/span><\\/h4>\\n\\n<p>If any provision of these Terms is found to be invalid under any applicable law, such provisions shall be deleted without affecting the remaining provisions herein.\\u00a0<span>Your Content, you grant Company Name a non-exclusive, worldwide irrevocable, sub licensable license to use, reproduce, adapt, publish, translate and distribute it in any and all media.<\\/span><\\/p>\\n\\n<h4><span style=\\\"font-weight:normal;\\\">Variation of Terms<\\/span><\\/h4>\\n\\n<p>Company Name\\u00a0is permitted to revise these Terms at any time as it sees fit, and by using this Website you are expected to review these Terms on a regular basis.\\u00a0<span>Your Content, you grant Company Name a non-exclusive, worldwide irrevocable, sub licensable license to use, reproduce, adapt, publish, translate and distribute it in any and all media.<\\/span><\\/p>\\n\\n<h4><span style=\\\"font-weight:normal;\\\">Assignment<\\/span><\\/h4>\\n\\n<p>The\\u00a0Company Name\\u00a0is allowed to assign, transfer, and subcontract its rights and\\/or obligations under these Terms without any notification. However, you are not allowed to assign, transfer, or subcontract any of your rights and\\/or obligations under these Terms.<\\/p>\\n\\n<h4><span style=\\\"font-weight:normal;\\\">Entire Agreement<\\/span><\\/h4>\\n\\n<p>These Terms constitute the entire agreement between\\u00a0Company Name\\u00a0and you in relation to your use of this Website, and supersede all prior agreements and understandings.\\u00a0<span>Your Content, you grant Company Name a non-exclusive, worldwide irrevocable, sub licensable license to use, reproduce, adapt, publish, translate and distribute it in any and all media.<\\/span><\\/p>\\n\\n<h4><span style=\\\"font-weight:normal;\\\">Governing Law &amp; Jurisdiction<\\/span><\\/h4>\\n\\n<p>These Terms will be governed by and interpreted in accordance with the laws of the State of\\u00a0Country, and you submit to the non-exclusive jurisdiction of the state and federal courts located in\\u00a0Country\\u00a0for the resolution of any disputes.<\\/p>\",\"files\":\"global\\/images\\/1gcQReqxFvALwGLLItbu.jpg\",\"meta_keywords\":\"T\\u00e9rminos y condiciones\",\"meta_description\":\"T\\u00e9rminos y condiciones\"}', 'static', 1, '2023-05-14 13:12:28', '2023-07-31 14:35:38', 'es', 'terms-and-conditions'),
(25, 'Login', 'login', '{\"title\":\"\\ud83d\\udc4b \\u00a1Bienvenido de nuevo!\",\"bottom_text\":\"Inicie sesi\\u00f3n para continuar con el panel de usuario de Hyiprio\"}', 'static', 1, '2023-05-14 13:13:54', '2023-07-31 14:36:20', 'es', '/login'),
(26, 'How It Works', 'howitworks', '{\"title\":\"Comment \\u00e7a fonctionne\",\"title_small\":\"Comment \\u00e7a fonctionne\",\"title_big\":\"Le processus et les \\u00e9tapes de la demande\",\"section_id\":\"9\",\"meta_keywords\":\"Comment \\u00e7a fonctionne\",\"meta_description\":\"Comment \\u00e7a fonctionne\"}', 'static', 1, '2023-07-19 06:53:11', '2023-07-31 14:27:42', 'fr', 'how-it-works'),
(36, 'About Us', 'about', '{\"title\":\"\\u00c0 propos de nous\",\"left_img_badge\":\"Investissement Hyip \\u00e0 haut rendement\",\"title_small\":\"Qui nous sommes\",\"title_big\":\"D\\u00e9couvrez-nous \\u00e0 partir de l\'exp\\u00e9rience\",\"side_content\":\"In no event shall Company Name, nor any of its officers, directors and employees, shall be held liable for anything arising out of or in any way connected with your use of this Website whether such liability is under contract.  Company Name, including its officers, directors and employees shall not be held liable for any indirect, consequential or special liability arising out of or in any way related to your use of this Website. Lorem ipsum dolor sit amet consectetur adipisicing elit. Culpa, aperiam eum impedit sit facilis itaque tempore dicta mollitia error quibusdam. Obcaecati at velit ipsam incidunt quidem eius, repellat voluptatem in. Lorem ipsum, dolor sit amet consectetur adipisicing elit. Inventore ratione facere, veritatis sunt voluptatibus corrupti blanditiis cum autem dolorem. Quos esse est voluptate labore unde, soluta deleniti. Temporibus, cum deserunt. Lorem ipsum dolor sit amet, consectetur adipisicing elitss\\r\\n\\r\\nLorem ipsum dolor sit, amet consectetur adipisicing elit. Sapiente totam dicta qui quae ut incidunt aliquam vel veritatis quasi laudantium! Ullam accusamus dolorum recusandae ratione. Quis praesentium id alias ullam? Lorem ipsum, dolor sit amet consectetur adipisicing elit. Quas fugiat enim corrupti, adipisci dolores perferendis vero sit tempora recusandae laboriosam officiis inventore distinctio. A eos quam, autem deserunt voluptates libero!ss\",\"content\":\"<p>Lorem ipsum dolor sit amet consectetur adipisicing elit. Culpa, aperiam eum impedit sit facilis itaque tempore dicta mollitia error quibusdam. Obcaecati at velit ipsam incidunt quidem eius, repellat voluptatem in. Lorem ipsum, dolor sit amet consectetur adipisicing elit. Inventore ratione facere, veritatis sunt voluptatibus corrupti blanditiis cum autem dolorem. Quos esse est voluptate labore unde, soluta deleniti. Temporibus, cum deserunt. Lorem ipsum dolor sit amet, consectetur adipisicing elit<\\/p>\\n\\n<p>Lorem ipsum dolor sit, amet consectetur adipisicing elit. Sapiente totam dicta qui quae ut incidunt aliquam vel veritatis quasi laudantium! Ullam accusamus dolorum recusandae ratione. Quis praesentium id alias ullam? Lorem ipsum, dolor sit amet consectetur adipisicing elit. Quas fugiat enim corrupti, adipisci dolores perferendis vero sit tempora recusandae laboriosam officiis inventore distinctio. A eos quam, autem deserunt voluptates<\\/p>\",\"aboutusLeftImg\":\"global\\/images\\/g4xp4oSimXAEZGvOKugJ.png\",\"meta_keywords\":\"\\u00c0 propos de nous\",\"meta_description\":\"\\u00c0 propos de nous\"}', 'static', 1, '2023-07-31 14:29:00', '2023-07-31 14:29:00', 'fr', 'about-us'),
(37, 'FAQ ', 'faq', '{\"title\":\"FAQ\",\"title_small\":\"FAQ\",\"title_big\":\"Explorez vos questions\",\"section_id\":\"9\",\"button_icon\":\"anticon-mail\",\"button_level\":\"Toujours pas de chance\\u00a0?\",\"button_url\":\"https:\\/\\/hyiprio.tdevs.co\\/contact\",\"hero_button2_target\":\"_self\",\"meta_keywords\":\"FAQ\",\"meta_description\":\"FAQ\"}', 'static', 1, '2023-07-31 14:30:25', '2023-07-31 14:30:25', 'fr', 'faq'),
(38, 'Rankings ', 'ranking', '{\"title\":\"Page des classements\",\"title_small\":\"R\\u00e9alisations\",\"title_big\":\"D\\u00e9couvrez tous les badges ici\",\"button_icon\":\"anticon-mail\",\"button_level\":\"Still No Luck?\",\"button_url\":\"$\",\"hero_button2_target\":\"_blank\",\"content\":\"<p><br><\\/p>\",\"meta_keywords\":\"Page des classements\",\"meta_description\":\"Page des classements\"}', 'static', 1, '2023-07-31 14:32:14', '2023-07-31 14:32:14', 'fr', 'rankings'),
(39, 'Blog ', 'blog', '{\"title\":\"Todos los blogs\",\"title_small\":\"Blog Title Smallss\",\"title_big\":\"Nuestras \\u00faltimas noticias\",\"sidebar_widget_title\":\"Otras publicaciones de blog\",\"sidebar_widget_title_2\":\"Recent Blogss\",\"meta_keywords\":\"Todos los blogs\",\"meta_description\":\"Todos los blogs\"}', 'static', 1, '2023-07-31 14:32:47', '2023-07-31 14:32:47', 'es', 'blog'),
(40, 'Contact Us', 'contact', '{\"title\":\"Contacta con nosotras\",\"title_small\":\"Ponerse en contacto\",\"title_big\":\"Saluda a nosotras\",\"meta_keywords\":\"Contacta con nosotras\",\"meta_description\":\"Contacta con nosotras\"}', 'static', 1, '2023-07-31 14:34:28', '2023-07-31 14:34:28', 'es', 'contact'),
(41, 'Privacy Policy', 'privacy', '{\"title\":\"politique de confidentialit\\u00e9\",\"content\":\"<p><b>Privacy Policy for Hyiprio<\\/b><\\/p>\\n\\n\\n\\n<p>At Hyiprio, accessible at hyiprio.com, one of our main priorities is the privacy of our visitors. This Privacy Policy document contains types of information that is collected and recorded by Website Name and how we use it.If you have additional questions or require more information about our Privacy Policy, do not hesitate to contact us through email at info@hyiprio.com<\\/p>\\n\\n<p>This privacy policy applies only to our online activities and is valid for visitors to our website with regard to the information that they shared and\\/or collect in the hyiprio.com. This policy is not applicable to any information collected offline or via channels other than this website.<\\/p>\\n\\n<p>Consent<\\/p>\\n\\n<p>By using our website, you hereby consent to our Privacy Policy and agree to its terms.\\u00a0Your Content, you grant Company Name a non-exclusive, worldwide irrevocable, sub licensable license to use, reproduce, adapt, publish, translate and distribute it in any and all media.<\\/p>\\n\\n<p>Information we collect<\\/p>\\n\\n<p>The personal information that you are asked to provide, and the reasons why you are asked to provide it, will be made clear to you at the point we ask you to provide your personal information.\\u00a0If you contact us directly, we may receive additional information about you such as your name, email address, phone number, the contents of the message and\\/or attachments you may send us, and any other information you may choose to provide.<\\/p>\\n\\n<p>When you register for an Account, we may ask for your contact information, including items such as name, company name, address, email address, and telephone number.\\u00a0Your Content, you grant Company Name a non-exclusive, worldwide irrevocable, sub licensable license to use, reproduce, adapt, publish, translate and distribute it in any and all media.<\\/p>\\n\\n<p>How we use your information<\\/p>\\n\\n<p>We use the information we collect in various ways, including to:<\\/p>\\n\\n<p>Provide, operate, and maintain our websiteImprove, personalize, and expand our websiteUnderstand and analyze how you use our websiteDevelop new products, services, features, and functionalityCommunicate with you, either directly or through one of our partners, including for customer service, to provide you with updates and other information relating to the website, and for marketing and promotional purposesSend you emailsFind and prevent fraud<\\/p>\\n\\n<p>Log Files<\\/p>\\n\\n<p>Hyiprio follows a standard procedure of using log files. These files log visitors when they visit websites. All hosting companies do this and a part of hosting services\' analytics. The information collected by log files include internet protocol (IP) addresses, browser type, Internet Service Provider (ISP), date and time stamp, referring\\/exit pages, and possibly the number of clicks. These are not linked to any information that is personally identifiable. The purpose of the information is for analyzing trends, administering the site, tracking users\' movement on the website, and gathering demographic information.<\\/p>\\n\\n<p>Cookies and Web Beacons<\\/p>\\n\\n<p>Like any other website, Website Name uses \\u2018cookies\'. These cookies are used to store information including visitors\' preferences, and the pages on the website that the visitor accessed or visited. The information is used to optimize the users\' experience by customizing our web page content based on visitors\' browser type and\\/or other information.<\\/p>\\n\\n<p>DoubleClick DART Cookie<\\/p>\\n\\n<p>Google is one of a third-party vendor on our site. It also uses cookies, known as DART cookies, to serve ads to our site visitors based upon their visit to www.website.com and other sites on the internet. However, visitors may choose to decline the use of DART cookies by visiting the Google ad and content network Privacy Policy at the following URL \\u2013 https:\\/\\/policies.google.com\\/technologies\\/ads.<\\/p>\\n\\n<p>Some of advertisers on our site may use cookies and web beacons. Our advertising partners are listed below. Each of our advertising partners has their own Privacy Policy for their policies on user data. For easier access, we hyperlinked to their Privacy Policies below.\\u00a0Your Content, you grant Company Name a non-exclusive, worldwide irrevocable, sub licensable license to use, reproduce, adapt, publish, translate and distribute it in any and all media.<\\/p>\\n\\n<p>Google<\\/p>\\n\\n<p>https:\\/\\/policies.google.com\\/technologies\\/ads<\\/p>\\n\\n<p>Advertising Partners Privacy Policies<\\/p>\\n\\n<p>You may consult this list to find the Privacy Policy for each of the advertising partners of Website Name.<\\/p>\\n\\n<p>Third-party ad servers or ad networks uses technologies like cookies, JavaScript, or Web Beacons that are used in their respective advertisements and links that appear on Website Name, which are sent directly to users\' browser. They automatically receive your IP address when this occurs. These technologies are used to measure the effectiveness of their advertising campaigns and\\/or to personalize the advertising content that you see on websites that you visit.\\u00a0Note that Website Name has no access to or control over these cookies that are used by third-party advertisers.<\\/p>\\n\\n<p>Third-Party Privacy Policies<\\/p>\\n\\n<p>Website Name\'s Privacy Policy does not apply to other advertisers or websites. Thus, we are advising you to consult the respective Privacy Policies of these third-party ad servers for more detailed information. It may include their practices and instructions about how to opt-out of certain options. You may find a complete list of these Privacy Policies and their links here: Privacy Policy Links.<\\/p>\\n\\n<p>You can choose to disable cookies through your individual browser options. To know more detailed information about cookie management with specific web browsers, it can be found at the browsers\' respective websites. What Are Cookies?<\\/p>\\n\\n<p>CCPA Privacy Policy (Do Not Sell My Personal Information)<\\/p>\\n\\n<p>Under the CCPA, among other rights, California consumers have the right to:<\\/p>\\n\\n<p>Request that a business that collects a consumer\'s personal data disclose the categories and specific pieces of personal data that a business has collected about consumers.\\u00a0Request that a business deletes any personal data about the consumer that a business has collected.\\u00a0Request that a business that sells a consumer\'s personal data, not sell the consumer\'s personal data.\\u00a0If you make a request, we have one month to respond to you. If you would like to exercise any of these rights, please contact us.\\u00a0Your Content, you grant Company Name a non-exclusive, worldwide irrevocable, sub licensable license to use, reproduce, adapt, publish, translate and distribute it in any and all media.<\\/p>\\n\\n<p>GDPR Privacy Policy (Data Protection Rights)<\\/p>\\n\\n<p>We would like to make sure you are fully aware of all of your data protection rights. Every user is entitled to the following:<\\/p>\\n\\n<p>The right to access \\u2013 You have the right to request copies of your personal data. We may charge you a small fee for this service.\\u00a0The right to rectification \\u2013 You have the right to request that we correct any information you believe is inaccurate. You also have the right to request that we complete the information you believe is incomplete.<\\/p>\\n\\n<p>The right to erasure \\u2013 You have the right to request that we erase your personal data, under certain conditions.\\u00a0The right to restrict processing \\u2013 You have the right to request that we restrict the processing of your personal data, under certain conditions.\\u00a0The right to object to processing \\u2013 You have the right to object to our processing of your personal data, under certain conditions.\\u00a0The right to data portability \\u2013 You have the right to request that we transfer the data that we have collected to another organization, or directly to you, under certain conditions.\\u00a0If you make a request, we have one month to respond to you. If you would like to exercise any of these rights, please contact us.<\\/p>\\n\\n<p>Children\'s Information<\\/p>\\n\\n<p>Another part of our priority is adding protection for children while using the internet. We encourage parents and guardians to observe, participate in, and\\/or monitor and guide their online activity.\\u00a0Website Name does not knowingly collect any Personal Identifiable Information from children under the age of 13. If you think that your child provided this kind of information on our website, we strongly encourage you to contact us immediately and we will do our best efforts to promptly remove such information from our records.<\\/p>\",\"files\":\"global\\/images\\/h0hwylrv2QFLC0bAHxQk.jpg\",\"meta_keywords\":\"politique de confidentialit\\u00e9\",\"meta_description\":\"politique de confidentialit\\u00e9\"}', 'static', 1, '2023-07-31 14:35:14', '2023-07-31 14:35:14', 'fr', 'privacy-policy');
INSERT INTO `pages` (`id`, `title`, `code`, `data`, `type`, `status`, `created_at`, `updated_at`, `locale`, `url`) VALUES
(42, 'Privacy Policy', 'privacy', '{\"title\":\"pol\\u00edtica de privacidad\",\"content\":\"<p><b>Privacy Policy for Hyiprio<\\/b><\\/p>\\n\\n\\n\\n<p>At Hyiprio, accessible at hyiprio.com, one of our main priorities is the privacy of our visitors. This Privacy Policy document contains types of information that is collected and recorded by Website Name and how we use it.If you have additional questions or require more information about our Privacy Policy, do not hesitate to contact us through email at info@hyiprio.com<\\/p>\\n\\n<p>This privacy policy applies only to our online activities and is valid for visitors to our website with regard to the information that they shared and\\/or collect in the hyiprio.com. This policy is not applicable to any information collected offline or via channels other than this website.<\\/p>\\n\\n<p>Consent<\\/p>\\n\\n<p>By using our website, you hereby consent to our Privacy Policy and agree to its terms.\\u00a0Your Content, you grant Company Name a non-exclusive, worldwide irrevocable, sub licensable license to use, reproduce, adapt, publish, translate and distribute it in any and all media.<\\/p>\\n\\n<p>Information we collect<\\/p>\\n\\n<p>The personal information that you are asked to provide, and the reasons why you are asked to provide it, will be made clear to you at the point we ask you to provide your personal information.\\u00a0If you contact us directly, we may receive additional information about you such as your name, email address, phone number, the contents of the message and\\/or attachments you may send us, and any other information you may choose to provide.<\\/p>\\n\\n<p>When you register for an Account, we may ask for your contact information, including items such as name, company name, address, email address, and telephone number.\\u00a0Your Content, you grant Company Name a non-exclusive, worldwide irrevocable, sub licensable license to use, reproduce, adapt, publish, translate and distribute it in any and all media.<\\/p>\\n\\n<p>How we use your information<\\/p>\\n\\n<p>We use the information we collect in various ways, including to:<\\/p>\\n\\n<p>Provide, operate, and maintain our websiteImprove, personalize, and expand our websiteUnderstand and analyze how you use our websiteDevelop new products, services, features, and functionalityCommunicate with you, either directly or through one of our partners, including for customer service, to provide you with updates and other information relating to the website, and for marketing and promotional purposesSend you emailsFind and prevent fraud<\\/p>\\n\\n<p>Log Files<\\/p>\\n\\n<p>Hyiprio follows a standard procedure of using log files. These files log visitors when they visit websites. All hosting companies do this and a part of hosting services\' analytics. The information collected by log files include internet protocol (IP) addresses, browser type, Internet Service Provider (ISP), date and time stamp, referring\\/exit pages, and possibly the number of clicks. These are not linked to any information that is personally identifiable. The purpose of the information is for analyzing trends, administering the site, tracking users\' movement on the website, and gathering demographic information.<\\/p>\\n\\n<p>Cookies and Web Beacons<\\/p>\\n\\n<p>Like any other website, Website Name uses \\u2018cookies\'. These cookies are used to store information including visitors\' preferences, and the pages on the website that the visitor accessed or visited. The information is used to optimize the users\' experience by customizing our web page content based on visitors\' browser type and\\/or other information.<\\/p>\\n\\n<p>DoubleClick DART Cookie<\\/p>\\n\\n<p>Google is one of a third-party vendor on our site. It also uses cookies, known as DART cookies, to serve ads to our site visitors based upon their visit to www.website.com and other sites on the internet. However, visitors may choose to decline the use of DART cookies by visiting the Google ad and content network Privacy Policy at the following URL \\u2013 https:\\/\\/policies.google.com\\/technologies\\/ads.<\\/p>\\n\\n<p>Some of advertisers on our site may use cookies and web beacons. Our advertising partners are listed below. Each of our advertising partners has their own Privacy Policy for their policies on user data. For easier access, we hyperlinked to their Privacy Policies below.\\u00a0Your Content, you grant Company Name a non-exclusive, worldwide irrevocable, sub licensable license to use, reproduce, adapt, publish, translate and distribute it in any and all media.<\\/p>\\n\\n<p>Google<\\/p>\\n\\n<p>https:\\/\\/policies.google.com\\/technologies\\/ads<\\/p>\\n\\n<p>Advertising Partners Privacy Policies<\\/p>\\n\\n<p>You may consult this list to find the Privacy Policy for each of the advertising partners of Website Name.<\\/p>\\n\\n<p>Third-party ad servers or ad networks uses technologies like cookies, JavaScript, or Web Beacons that are used in their respective advertisements and links that appear on Website Name, which are sent directly to users\' browser. They automatically receive your IP address when this occurs. These technologies are used to measure the effectiveness of their advertising campaigns and\\/or to personalize the advertising content that you see on websites that you visit.\\u00a0Note that Website Name has no access to or control over these cookies that are used by third-party advertisers.<\\/p>\\n\\n<p>Third-Party Privacy Policies<\\/p>\\n\\n<p>Website Name\'s Privacy Policy does not apply to other advertisers or websites. Thus, we are advising you to consult the respective Privacy Policies of these third-party ad servers for more detailed information. It may include their practices and instructions about how to opt-out of certain options. You may find a complete list of these Privacy Policies and their links here: Privacy Policy Links.<\\/p>\\n\\n<p>You can choose to disable cookies through your individual browser options. To know more detailed information about cookie management with specific web browsers, it can be found at the browsers\' respective websites. What Are Cookies?<\\/p>\\n\\n<p>CCPA Privacy Policy (Do Not Sell My Personal Information)<\\/p>\\n\\n<p>Under the CCPA, among other rights, California consumers have the right to:<\\/p>\\n\\n<p>Request that a business that collects a consumer\'s personal data disclose the categories and specific pieces of personal data that a business has collected about consumers.\\u00a0Request that a business deletes any personal data about the consumer that a business has collected.\\u00a0Request that a business that sells a consumer\'s personal data, not sell the consumer\'s personal data.\\u00a0If you make a request, we have one month to respond to you. If you would like to exercise any of these rights, please contact us.\\u00a0Your Content, you grant Company Name a non-exclusive, worldwide irrevocable, sub licensable license to use, reproduce, adapt, publish, translate and distribute it in any and all media.<\\/p>\\n\\n<p>GDPR Privacy Policy (Data Protection Rights)<\\/p>\\n\\n<p>We would like to make sure you are fully aware of all of your data protection rights. Every user is entitled to the following:<\\/p>\\n\\n<p>The right to access \\u2013 You have the right to request copies of your personal data. We may charge you a small fee for this service.\\u00a0The right to rectification \\u2013 You have the right to request that we correct any information you believe is inaccurate. You also have the right to request that we complete the information you believe is incomplete.<\\/p>\\n\\n<p>The right to erasure \\u2013 You have the right to request that we erase your personal data, under certain conditions.\\u00a0The right to restrict processing \\u2013 You have the right to request that we restrict the processing of your personal data, under certain conditions.\\u00a0The right to object to processing \\u2013 You have the right to object to our processing of your personal data, under certain conditions.\\u00a0The right to data portability \\u2013 You have the right to request that we transfer the data that we have collected to another organization, or directly to you, under certain conditions.\\u00a0If you make a request, we have one month to respond to you. If you would like to exercise any of these rights, please contact us.<\\/p>\\n\\n<p>Children\'s Information<\\/p>\\n\\n<p>Another part of our priority is adding protection for children while using the internet. We encourage parents and guardians to observe, participate in, and\\/or monitor and guide their online activity.\\u00a0Website Name does not knowingly collect any Personal Identifiable Information from children under the age of 13. If you think that your child provided this kind of information on our website, we strongly encourage you to contact us immediately and we will do our best efforts to promptly remove such information from our records.<\\/p>\",\"files\":\"global\\/images\\/h0hwylrv2QFLC0bAHxQk.jpg\",\"meta_keywords\":\"pol\\u00edtica de privacidad\",\"meta_description\":\"pol\\u00edtica de privacidad\"}', 'static', 1, '2023-07-31 14:35:22', '2023-07-31 14:35:22', 'es', 'privacy-policy'),
(43, 'Terms and Conditions', 'terms', '{\"title\":\"Termes et conditions\",\"content\":\"<h4><span style=\\\"font-weight:normal;\\\">Introduction<\\/span><\\/h4>\\n\\n<p>These Website Standard Terms and Conditions written on this webpage shall manage your use of our website,\\u00a0Hyiprio accessible at\\u00a0hyiprio.com.<span>Your Content, you grant Company Name a non-exclusive, worldwide irrevocable, sub licensable license to use, reproduce, adapt, publish, translate and distribute it in any and all media.<\\/span><\\/p>\\n\\n<p>These Terms will be applied fully and affect to your use of this Website. By using this Website, you agreed to accept all terms and conditions written in here. You must not use this Website if you disagree with any of these Website Standard Terms and Conditions.<span>Minors or people below 18 years old are not allowed to use this Website.<\\/span><\\/p>\\n\\n<h4><span style=\\\"font-weight:normal;\\\">Intellectual Property Rights<\\/span><\\/h4>\\n\\n<p>Other than the content you own, under these Terms,\\u00a0Company Name\\u00a0and\\/or its licensors own all the intellectual property rights and materials contained in this Website.\\u00a0<span>You are granted limited license only for purposes of viewing the material contained on this Website.<\\/span><\\/p>\\n\\n<h4><span style=\\\"font-weight:normal;\\\">Restrictions<\\/span><\\/h4>\\n\\n<p>You are specifically restricted from all of the following:<\\/p>\\n\\n<ul><li>publishing any Website material in any other media;<\\/li><li>selling, sublicensing and\\/or otherwise commercializing any Website material;<\\/li><li>publicly performing and\\/or showing any Website material;<\\/li><li>using this Website in any way that is or may be damaging to this Website;<\\/li><li>using this Website in any way that impacts user access to this Website;<\\/li><li>using this Website contrary to applicable laws and regulations, or in any way may cause harm to the Website, or to any person or business entity;<\\/li><li>engaging in any data mining, data harvesting, data extracting or any other similar activity in relation to this Website;<\\/li><li>using this Website to engage in any advertising or marketing.<\\/li><\\/ul>\\n\\n<p>Certain areas of this Website are restricted from being access by you and\\u00a0Company Name\\u00a0may further restrict access by you to any areas of this Website, at any time, in absolute discretion. Any user ID and password you may have for this Website are confidential and you must maintain confidentiality as well.<\\/p>\\n\\n<h4><span style=\\\"font-weight:normal;\\\">Your Content<\\/span><\\/h4>\\n\\n<p>In these Website Standard Terms and Conditions, \\u201cYour Content\\u201d shall mean any audio, video text, images or other material you choose to display on this Website. By displaying Your Content, you grant Company Name a non-exclusive, worldwide irrevocable, sub licensable license to use, reproduce, adapt, publish, translate and distribute it in any and all media.<\\/p>\\n\\n<p>Your Content must be your own and must not be invading any third-party\'s rights.\\u00a0Company Name\\u00a0reserves the right to remove any of Your Content from this Website at any time without notice.<\\/p>\\n\\n<h4><span style=\\\"font-weight:normal;\\\">No warranties<\\/span><\\/h4>\\n\\n<p>This Website is provided \\u201cas is,\\u201d with all faults, and\\u00a0Company Name\\u00a0express no representations or warranties, of any kind related to this Website or the materials contained on this Website. Also, nothing contained on this Website shall be interpreted as advising you.<\\/p>\\n\\n<h4><span style=\\\"font-weight:normal;\\\">Limitation of liability<\\/span><\\/h4>\\n\\n<p>In no event shall\\u00a0Company Name, nor any of its officers, directors and employees, shall be held liable for anything arising out of or in any way connected with your use of this Website whether such liability is under contract. \\u00a0Company Name, including its officers, directors and employees shall not be held liable for any indirect, consequential or special liability arising out of or in any way related to your use of this Website.<\\/p>\\n\\n<h4><span style=\\\"font-weight:normal;\\\">Indemnification<\\/span><\\/h4>\\n\\n<h5><span style=\\\"font-weight:normal;\\\">You hereby indemnify to the fullest extent\\u00a0Company Name\\u00a0from and against any and\\/or all liabilities, costs, demands, causes of action, damages and expenses arising in any way related to your breach of any of the provisions of these Terms.<\\/span><\\/h5>\\n\\n<h4><span style=\\\"font-weight:normal;\\\">Severability<\\/span><\\/h4>\\n\\n<p>If any provision of these Terms is found to be invalid under any applicable law, such provisions shall be deleted without affecting the remaining provisions herein.\\u00a0<span>Your Content, you grant Company Name a non-exclusive, worldwide irrevocable, sub licensable license to use, reproduce, adapt, publish, translate and distribute it in any and all media.<\\/span><\\/p>\\n\\n<h4><span style=\\\"font-weight:normal;\\\">Variation of Terms<\\/span><\\/h4>\\n\\n<p>Company Name\\u00a0is permitted to revise these Terms at any time as it sees fit, and by using this Website you are expected to review these Terms on a regular basis.\\u00a0<span>Your Content, you grant Company Name a non-exclusive, worldwide irrevocable, sub licensable license to use, reproduce, adapt, publish, translate and distribute it in any and all media.<\\/span><\\/p>\\n\\n<h4><span style=\\\"font-weight:normal;\\\">Assignment<\\/span><\\/h4>\\n\\n<p>The\\u00a0Company Name\\u00a0is allowed to assign, transfer, and subcontract its rights and\\/or obligations under these Terms without any notification. However, you are not allowed to assign, transfer, or subcontract any of your rights and\\/or obligations under these Terms.<\\/p>\\n\\n<h4><span style=\\\"font-weight:normal;\\\">Entire Agreement<\\/span><\\/h4>\\n\\n<p>These Terms constitute the entire agreement between\\u00a0Company Name\\u00a0and you in relation to your use of this Website, and supersede all prior agreements and understandings.\\u00a0<span>Your Content, you grant Company Name a non-exclusive, worldwide irrevocable, sub licensable license to use, reproduce, adapt, publish, translate and distribute it in any and all media.<\\/span><\\/p>\\n\\n<h4><span style=\\\"font-weight:normal;\\\">Governing Law &amp; Jurisdiction<\\/span><\\/h4>\\n\\n<p>These Terms will be governed by and interpreted in accordance with the laws of the State of\\u00a0Country, and you submit to the non-exclusive jurisdiction of the state and federal courts located in\\u00a0Country\\u00a0for the resolution of any disputes.<\\/p>\",\"files\":\"global\\/images\\/1gcQReqxFvALwGLLItbu.jpg\",\"meta_keywords\":\"Termes et conditions\",\"meta_description\":\"Termes et conditions\"}', 'static', 1, '2023-07-31 14:35:46', '2023-07-31 14:35:46', 'fr', 'terms-and-conditions'),
(44, 'Login', 'login', '{\"title\":\"\\ud83d\\udc4b Bienvenue \\u00e0 nouveau\\u00a0!\",\"bottom_text\":\"Connectez-vous pour continuer avec le panneau d\'utilisateur Hyiprio\"}', 'static', 1, '2023-07-31 14:36:09', '2023-07-31 14:36:09', 'fr', '/login'),
(45, 'Registration', 'registration', '{\"title\":\"\\ud83d\\udcaa Crear una cuenta\",\"bottom_text\":\"Reg\\u00edstrese para continuar con Hyiprio\"}', 'static', 1, '2023-07-31 14:36:42', '2023-07-31 14:36:42', 'es', '/registration'),
(46, 'Registration', 'registration', '{\"title\":\"\\ud83d\\udcaa Cr\\u00e9er un compte\",\"bottom_text\":\"Inscrivez-vous pour continuer avec Hyiprio\"}', 'static', 1, '2023-07-31 14:36:56', '2023-07-31 14:36:56', 'fr', '/registration'),
(47, 'Forgot Password', 'forgetpassword', '{\"title\":\"R\\u00e9initialisation du mot de passe\",\"bottom_text\":\"R\\u00e9initialisez votre mot de passe\"}', 'static', 1, '2023-07-31 14:37:22', '2023-07-31 14:37:22', 'fr', '/forgot-password'),
(48, 'Forgot Password', 'forgetpassword', '{\"title\":\"Restablecimiento de contrase\\u00f1a\",\"bottom_text\":\"Restablecer su contrase\\u00f1a\"}', 'static', 1, '2023-07-31 14:37:38', '2023-07-31 14:37:38', 'es', '/forgot-password'),
(49, 'test', 'test', '{\"section_id\":\"1\",\"meta_keywords\":\"test\",\"meta_description\":\"sedr\",\"content\":\"<p>test<\\/p>\"}', 'dynamic', 1, '2023-08-23 13:37:44', '2023-08-23 13:37:54', 'en', '/page/test'),
(50, 'test', 'test', '{\"section_id\":\"1\",\"meta_keywords\":\"test\",\"meta_description\":\"sedr\",\"content\":\"<p>test<\\/p>\"}', 'dynamic', 1, '2023-08-23 13:37:57', '2023-08-23 14:05:35', 'es', '/page/test'),
(51, 'test', 'test', '{\"section_id\":\"1\",\"meta_keywords\":\"test\",\"meta_description\":\"sedr\",\"content\":\"<p>test<\\/p>\"}', 'dynamic', 1, '2023-08-23 14:05:38', '2023-08-23 14:05:38', 'fr', '/page/test'),
(52, 'tetset', 'testtt', '{\"section_id\":\"1\",\"meta_keywords\":\"te\",\"meta_description\":\"et\",\"content\":\"<p>tt<\\/p>\"}', 'dynamic', 1, '2023-08-23 14:05:54', '2023-08-23 14:06:13', 'en', '/page/testtt'),
(53, 'ok', 'testtt', '{\"section_id\":\"1\",\"meta_keywords\":\"te\",\"meta_description\":\"et\",\"content\":\"<p>tt<\\/p>\"}', 'dynamic', 1, '2023-08-23 14:06:01', '2023-08-23 14:06:21', 'es', '/page/testtt'),
(54, 'rrer', 'testtt', '{\"section_id\":\"1\",\"meta_keywords\":\"te\",\"meta_description\":\"et\",\"content\":\"<p>tt<\\/p>\"}', 'dynamic', 1, '2023-08-23 14:06:32', '2023-08-23 14:06:32', 'fr', '/page/testtt');

-- --------------------------------------------------------

--
-- Table structure for table `page_settings`
--

CREATE TABLE `page_settings` (
  `id` bigint(20) UNSIGNED NOT NULL,
  `key` varchar(255) NOT NULL,
  `value` text NOT NULL,
  `created_at` timestamp NULL DEFAULT NULL,
  `updated_at` timestamp NULL DEFAULT NULL
) ENGINE=InnoDB DEFAULT CHARSET=utf8mb4 COLLATE=utf8mb4_unicode_ci;

--
-- Dumping data for table `page_settings`
--

INSERT INTO `page_settings` (`id`, `key`, `value`, `created_at`, `updated_at`) VALUES
(1, 'breadcrumb', 'global/images/POklQFyF3YG4HBQUd3SU.jpg', NULL, '2023-05-24 17:42:59'),
(2, 'basic_page_background', '#1bb12c', NULL, '2022-10-25 14:27:37'),
(3, 'username_show', '0', '2023-05-24 17:46:21', '2023-09-04 07:20:23'),
(4, 'phone_show', '0', '2023-05-24 17:46:21', '2023-06-11 17:58:29'),
(5, 'country_show', '1', '2023-05-24 17:46:21', '2023-07-21 16:48:54'),
(6, 'referral_code_show', '1', '2023-05-24 17:46:21', '2023-06-11 18:11:54');

-- --------------------------------------------------------

--
-- Table structure for table `password_resets`
--

CREATE TABLE `password_resets` (
  `email` varchar(255) NOT NULL,
  `token` varchar(255) NOT NULL,
  `created_at` timestamp NULL DEFAULT NULL
) ENGINE=InnoDB DEFAULT CHARSET=utf8mb4 COLLATE=utf8mb4_unicode_ci;

--
-- Dumping data for table `password_resets`
--

INSERT INTO `password_resets` (`email`, `token`, `created_at`) VALUES
('luisangelmedinatorres09@gmail.com', 'r5vv7PqbPNxZJjNovHqiNfJhiDrZtu7AafZl5D7Urs38gLIgHs89tFNezOLnrSMK', '2025-01-10 19:24:57'),
('luisangelmedinatorres09@gmail.com', '3lAmyILPvfHv7tt94ZKJZTFkE9OkfUVzyNM6apbAushYUkvmODeWK4XOm06IHyD4', '2025-01-10 19:25:25'),
('luisangelmedinatorres09@gmail.com', 'O9AvgrKoz62bpIWC3ALVpR097AiySsY8cRVcofnWLE1TwkLbYG9NOQbxPSbtfTGa', '2025-01-10 19:25:56');

-- --------------------------------------------------------

--
-- Table structure for table `permissions`
--

CREATE TABLE `permissions` (
  `id` bigint(20) UNSIGNED NOT NULL,
  `category` varchar(255) NOT NULL,
  `name` varchar(255) NOT NULL,
  `guard_name` varchar(255) NOT NULL,
  `created_at` timestamp NULL DEFAULT NULL,
  `updated_at` timestamp NULL DEFAULT NULL
) ENGINE=InnoDB DEFAULT CHARSET=utf8mb4 COLLATE=utf8mb4_unicode_ci;

--
-- Dumping data for table `permissions`
--

INSERT INTO `permissions` (`id`, `category`, `name`, `guard_name`, `created_at`, `updated_at`) VALUES
(1, 'Customer Management', 'customer-list', 'admin', '2023-02-19 07:32:02', '2023-02-19 07:32:02'),
(2, 'Customer Management', 'customer-login', 'admin', '2023-02-19 07:32:02', '2023-02-19 07:32:02'),
(3, 'Customer Management', 'customer-mail-send', 'admin', '2023-02-19 07:32:02', '2023-02-19 07:32:02'),
(4, 'Customer Management', 'customer-basic-manage', 'admin', '2023-02-19 07:32:02', '2023-02-19 07:32:02'),
(5, 'Customer Management', 'customer-balance-add-or-subtract', 'admin', '2023-02-19 07:32:02', '2023-02-19 07:32:02'),
(6, 'Customer Management', 'customer-change-password', 'admin', '2023-02-19 07:32:02', '2023-02-19 07:32:02'),
(7, 'Customer Management', 'all-type-status', 'admin', '2023-02-19 07:32:02', '2023-02-19 07:32:02'),
(8, 'Kyc Management', 'kyc-list', 'admin', '2023-02-19 07:32:02', '2023-02-19 07:32:02'),
(9, 'Kyc Management', 'kyc-action', 'admin', '2023-02-19 07:32:02', '2023-02-19 07:32:02'),
(10, 'Kyc Management', 'kyc-form-manage', 'admin', '2023-02-19 07:32:02', '2023-02-19 07:32:02'),
(11, 'Role Management', 'role-list', 'admin', '2023-02-19 07:32:02', '2023-02-19 07:32:02'),
(12, 'Role Management', 'role-create', 'admin', '2023-02-19 07:32:02', '2023-02-19 07:32:02'),
(13, 'Role Management', 'role-edit', 'admin', '2023-02-19 07:32:02', '2023-02-19 07:32:02'),
(14, 'Staff Management', 'staff-list', 'admin', '2023-02-19 07:32:02', '2023-02-19 07:32:02'),
(15, 'Staff Management', 'staff-create', 'admin', '2023-02-19 07:32:02', '2023-02-19 07:32:02'),
(16, 'Staff Management', 'staff-edit', 'admin', '2023-02-19 07:32:02', '2023-02-19 07:32:02'),
(17, 'Plan Management', 'schedule-manage', 'admin', '2023-02-19 07:32:02', '2023-02-19 07:32:02'),
(18, 'Plan Management', 'schema-list', 'admin', '2023-02-19 07:32:02', '2023-02-19 07:32:02'),
(19, 'Plan Management', 'schema-create', 'admin', '2023-02-19 07:32:02', '2023-02-19 07:32:02'),
(20, 'Plan Management', 'schema-edit', 'admin', '2023-02-19 07:32:02', '2023-02-19 07:32:02'),
(21, 'Transaction Management', 'transaction-list', 'admin', '2023-02-19 07:32:02', '2023-02-19 07:32:02'),
(22, 'Transaction Management', 'investment-list', 'admin', '2023-02-19 07:32:02', '2023-02-19 07:32:02'),
(23, 'Transaction Management', 'profit-list', 'admin', '2023-02-19 07:32:02', '2023-02-19 07:32:02'),
(24, 'Deposit Management', 'automatic-gateway-manage', 'admin', '2023-02-19 07:32:02', '2023-02-19 07:32:02'),
(25, 'Deposit Management', 'manual-gateway-manage', 'admin', '2023-02-19 07:32:02', '2023-02-19 07:32:02'),
(26, 'Deposit Management', 'deposit-list', 'admin', '2023-02-19 07:32:02', '2023-02-19 07:32:02'),
(27, 'Deposit Management', 'deposit-action', 'admin', '2023-02-19 07:32:02', '2023-02-19 07:32:02'),
(28, 'Withdraw Management', 'withdraw-list', 'admin', '2023-02-19 07:32:02', '2023-02-19 07:32:02'),
(29, 'Withdraw Management', 'withdraw-method-manage', 'admin', '2023-02-19 07:32:02', '2023-02-19 07:32:02'),
(30, 'Withdraw Management', 'withdraw-action', 'admin', '2023-02-19 07:32:02', '2023-02-19 07:32:02'),
(31, 'Withdraw Management', 'withdraw-schedule', 'admin', '2023-02-19 07:32:02', '2023-02-19 07:32:02'),
(32, 'Referral Management', 'target-manage', 'admin', '2023-02-19 07:32:02', '2023-02-19 07:32:02'),
(33, 'Referral Management', 'referral-create', 'admin', '2023-02-19 07:32:02', '2023-02-19 07:32:02'),
(34, 'Referral Management', 'referral-list', 'admin', '2023-02-19 07:32:02', '2023-02-19 07:32:02'),
(35, 'Referral Management', 'referral-edit', 'admin', '2023-02-19 07:32:02', '2023-02-19 07:32:02'),
(36, 'Referral Management', 'referral-delete', 'admin', '2023-02-19 07:32:03', '2023-02-19 07:32:03'),
(37, 'Ranking Management', 'ranking-list', 'admin', '2023-02-19 07:32:03', '2023-02-19 07:32:03'),
(38, 'Ranking Management', 'ranking-create', 'admin', '2023-02-19 07:32:03', '2023-02-19 07:32:03'),
(39, 'Ranking Management', 'ranking-edit', 'admin', '2023-02-19 07:32:03', '2023-02-19 07:32:03'),
(40, 'Frontend Management', 'landing-page-manage', 'admin', '2023-02-19 07:32:03', '2023-02-19 07:32:03'),
(41, 'Frontend Management', 'page-manage', 'admin', '2023-02-19 07:32:03', '2023-02-19 07:32:03'),
(42, 'Frontend Management', 'footer-manage', 'admin', '2023-02-19 07:32:03', '2023-02-19 07:32:03'),
(43, 'Frontend Management', 'navigation-manage', 'admin', '2023-02-19 07:32:03', '2023-02-19 07:32:03'),
(44, 'Subscriber Management', 'subscriber-list', 'admin', '2023-02-19 07:32:03', '2023-02-19 07:32:03'),
(45, 'Subscriber Management', 'subscriber-mail-send', 'admin', '2023-02-19 07:32:03', '2023-02-19 07:32:03'),
(46, 'Support Ticket Management', 'support-ticket-list', 'admin', '2023-02-19 07:32:03', '2023-02-19 07:32:03'),
(47, 'Support Ticket Management', 'support-ticket-action', 'admin', '2023-02-19 07:32:03', '2023-02-19 07:32:03'),
(48, 'Setting Management', 'site-setting', 'admin', '2023-02-19 07:32:03', '2023-02-19 07:32:03'),
(49, 'Setting Management', 'email-setting', 'admin', '2023-02-19 07:32:03', '2023-02-19 07:32:03'),
(50, 'Setting Management', 'plugin-setting', 'admin', '2023-02-19 07:32:03', '2023-02-19 07:32:03'),
(51, 'Setting Management', 'language-setting', 'admin', '2023-02-19 07:32:03', '2023-02-19 07:32:03'),
(52, 'Setting Management', 'page-setting', 'admin', '2023-02-19 07:32:03', '2023-02-19 07:32:03'),
(53, 'Setting Management', 'custom-css', 'admin', '2023-02-19 07:32:03', '2023-02-19 07:32:03'),
(54, 'Setting Management', 'email-template', 'admin', '2023-02-19 07:32:03', '2023-02-19 07:32:03');

-- --------------------------------------------------------

--
-- Table structure for table `personal_access_tokens`
--

CREATE TABLE `personal_access_tokens` (
  `id` bigint(20) UNSIGNED NOT NULL,
  `tokenable_type` varchar(255) NOT NULL,
  `tokenable_id` bigint(20) UNSIGNED NOT NULL,
  `name` varchar(255) NOT NULL,
  `token` varchar(64) NOT NULL,
  `abilities` text DEFAULT NULL,
  `last_used_at` timestamp NULL DEFAULT NULL,
  `expires_at` timestamp NULL DEFAULT NULL,
  `created_at` timestamp NULL DEFAULT NULL,
  `updated_at` timestamp NULL DEFAULT NULL
) ENGINE=InnoDB DEFAULT CHARSET=utf8mb4 COLLATE=utf8mb4_unicode_ci;

-- --------------------------------------------------------

--
-- Table structure for table `plugins`
--

CREATE TABLE `plugins` (
  `id` bigint(20) UNSIGNED NOT NULL,
  `icon` varchar(255) DEFAULT NULL,
  `type` varchar(255) DEFAULT 'system',
  `name` varchar(255) NOT NULL,
  `description` varchar(196) DEFAULT NULL,
  `data` text NOT NULL,
  `status` tinyint(1) NOT NULL DEFAULT 1,
  `created_at` timestamp NULL DEFAULT NULL,
  `updated_at` timestamp NULL DEFAULT NULL
) ENGINE=InnoDB DEFAULT CHARSET=utf8mb4 COLLATE=utf8mb4_unicode_ci;

--
-- Dumping data for table `plugins`
--

INSERT INTO `plugins` (`id`, `icon`, `type`, `name`, `description`, `data`, `status`, `created_at`, `updated_at`) VALUES
(1, 'global/plugin/tawk.png', 'system', 'Tawk Chat', 'Free Instant Messaging system\n\n', '{\"property_id\":\"1ggi9vm2o\",\"widget_id\":\"635d5805b0d6371309cc36aa\"}', 0, NULL, '2023-09-02 17:27:02'),
(2, 'global/plugin/reCaptcha.png', 'system', 'Google reCaptcha', 'reCAPTCHA protects your website from fraud and abuse without creating friction\r\n\r\n\r\n\r\n', '{\"google_recaptcha_key\":\"6LdY0AgjAAAAAIe6cwoa8ReDAv-J0gCGMnwF9rDu\",\"google_recaptcha_secret\":\"6LdY0AgjAAAAAF6yK-wkguwwRVQB6AJmCS_QTl0P\"}', 0, NULL, '2022-11-16 10:50:43'),
(3, 'global/plugin/analytics.png', 'system', 'Google Analytics', 'Analytics will help you to collect data for your website\r\n\r\n\r\n\r\n', '{\"app_id\":\"G-XXXXXXXX\"}', 0, NULL, '2022-10-30 17:07:21'),
(4, 'global/plugin/fb.png', 'system', 'Facebook Messenger', 'Messenger is a proprietary instant messaging app and platform developed by Meta\n\n\n', '{\"page_id\":\"990335491009901\"}', 0, NULL, '2023-02-09 22:53:13'),
(5, 'global/plugin/nexmo.png', 'sms', 'Nexmo', 'Programmatically send and receive high volumes of SMS globally\r\n\r\n\r\n', '{\"from\":\"8801887094529\",\"api_key\":\"d67bcc94\",\"api_secret\":\"Gu5QVwrCZRSORjOs\"}', 0, NULL, '2023-06-01 18:24:44'),
(6, 'global/plugin/twilio.png', 'sms', 'Twilio', 'Build agility into your customer engagement\r\n\r\n\r\n', '{\"twilio_sid\":\"AC6f1cb19a4c36723b45e8fd98716d626e\",\"twilio_auth_token\":\"9979a105a8961e816794de8a7f0fab49\",\"twilio_phone\":\"+13612821904\"}', 0, NULL, '2023-06-11 12:32:37'),
(7, 'global/plugin/pusher.png', 'notification', 'Pusher', 'Leader In Realtime Technologies\r\n\r\n\r\n', '{\"pusher_app_id\":\"1603962\",\"pusher_app_key\":\"82f665b55640a9884640\",\"pusher_app_secret\":\"abed4c5f6509621b07f0\",\"pusher_app_cluster\":\"ap2\"}', 0, NULL, '2023-06-11 12:32:52');

-- --------------------------------------------------------

--
-- Table structure for table `push_notification_templates`
--

CREATE TABLE `push_notification_templates` (
  `id` bigint(20) UNSIGNED NOT NULL,
  `icon` varchar(100) DEFAULT NULL,
  `name` varchar(255) NOT NULL,
  `code` varchar(255) NOT NULL,
  `for` varchar(256) NOT NULL DEFAULT 'User',
  `title` varchar(255) DEFAULT NULL,
  `message_body` longtext NOT NULL,
  `short_codes` text DEFAULT NULL,
  `status` tinyint(1) NOT NULL DEFAULT 1,
  `created_at` timestamp NULL DEFAULT NULL,
  `updated_at` timestamp NULL DEFAULT NULL
) ENGINE=InnoDB DEFAULT CHARSET=utf8mb4 COLLATE=utf8mb4_unicode_ci;

--
-- Dumping data for table `push_notification_templates`
--

INSERT INTO `push_notification_templates` (`id`, `icon`, `name`, `code`, `for`, `title`, `message_body`, `short_codes`, `status`, `created_at`, `updated_at`) VALUES
(1, 'user-plus', 'New User', 'new_user', 'Admin', 'Wellcome to [[full_name]]', 'Thanks for joining us  [[full_name]]<br />\r\n<br />\r\n[[message]]', '[\"[[full_name]]\",\"[[message]]\"]', 1, NULL, '2023-05-21 04:46:49'),
(3, 'newspaper', 'Manual Deposit request', 'manual_deposit_request', 'Admin', 'Manual Deposit request', 'The manual deposit request details:<br />\r\n[[txn]]<br />\r\n[[gateway_name]]<br />\r\n[[deposit_amount]]', '[\"[[txn]]\",\"[[gateway_name]]\",\"[[deposit_amount]]\"]', 1, NULL, NULL),
(4, 'wallet', 'Withdraw Request', 'withdraw_request ', 'Admin', 'Withdraw Request', 'Withdraw Request details:<br />\r\n[[txn]]<br />\r\n[[method_name]]<br />\r\n[[withdraw_amount]]', '[\"[[txn]]\",\"[[method_name]]\",\"[[withdraw_amount]]\"]', 1, NULL, NULL),
(5, 'fingerprint', 'KYC Request', 'kyc_request', 'Admin', 'Kyc Request', '\r\n[[full_name]]<br /> Kyc requested\r\n[[email]]<br />\r\n', '[\"[[full_name]]\",\"[[email]]\",\"[[kyc_type]]\"]', 1, NULL, NULL),
(6, 'fingerprint', 'KYC Action', 'kyc_action', 'User', 'Kyc approved.', 'Kyc approved successfully.', NULL, 1, NULL, NULL),
(7, 'landmark', 'User Investment Start', 'user_investment', 'User', 'You Invested on [[plan_name]]', 'Hello!<br />\r\n[[txn]]. \'Successfully Investment<br />\r\n[[plan_name]]<br />\r\n[[invest_amount]]', '[\"[[txn]]\",\"[[plan_name]]\",\"[[invest_amount]]\"]', 1, NULL, NULL),
(8, 'gem', 'Invested on Profit', 'invest_roi', 'User', 'You Invested on [[plan_name]]', 'Hello!<br />\r\n[[txn]]. \'Successfully Investment<br />\r\n[[plan_name]]<br />\r\n[[invest_amount]]<br />\r\n[[roi]]', '[\"[[full_name]]\",\"[[txn]]\",\"[[plan_name]]\",\"[[invest_amount]]\",\"[[roi]]\",\"[[site_title]]\",\"[[site_url]]\"]', 1, NULL, NULL),
(9, 'git-pull-request-closed', 'Investment End', 'investment_end', 'User', 'You Invested on [[plan_name]]', 'Hello!<br />\r\n[[txn]]. \'Successfully Investment End<br />\r\n[[plan_name]]<br />\r\n[[invest_amount]]', '[\"[[plan_name]]\",\"[[invest_amount]]\"]', 1, NULL, NULL),
(10, 'wallet', 'Withdraw Request Action', 'withdraw_request_user', 'User', 'Withdraw Request', 'Withdraw Request details:<br />\r\n[[message]]<br />\r\n[[txn]]<br />\r\n[[method_name]]<br />\r\n[[withdraw_amount]]<br />\r\n[[status]]', '[\"[[full_name]]\",\"[[message]]\",\"[[txn]]\",\"[[method_name]]\",\"[[withdraw_amount]]\",\"[[status]]\"]', 1, NULL, NULL),
(11, 'newspaper', 'Manual Deposit request Action', 'user_manual_deposit_request', 'User', 'Manual Deposit request', 'The manual deposit request details:<br />\r\n[[message]]\r\n[[txn]]<br />\r\n[[gateway_name]]<br />\r\n[[deposit_amount]]\r\n[[status]]\r\n', '[\"[[full_name]]\",\"[[message]]\",\"[[txn]]\",\"[[gateway_name]]\",\"[[deposit_amount]]\",\"[[status]]\"]', 1, NULL, NULL);

-- --------------------------------------------------------

--
-- Table structure for table `rankings`
--

CREATE TABLE `rankings` (
  `id` bigint(20) UNSIGNED NOT NULL,
  `icon` varchar(255) NOT NULL,
  `ranking` varchar(255) NOT NULL,
  `ranking_name` varchar(255) NOT NULL,
  `minimum_deposit` int(11) DEFAULT 0,
  `minimum_invest` int(11) DEFAULT 0,
  `minimum_referral_deposit` int(11) DEFAULT 0,
  `minimum_referral_invest` int(11) DEFAULT 0,
  `minimum_referral` int(11) DEFAULT 0,
  `minimum_earnings` double NOT NULL,
  `bonus` double NOT NULL DEFAULT 0,
  `description` varchar(255) NOT NULL,
  `status` tinyint(1) NOT NULL DEFAULT 1,
  `created_at` timestamp NULL DEFAULT NULL,
  `updated_at` timestamp NULL DEFAULT NULL
) ENGINE=InnoDB DEFAULT CHARSET=utf8mb4 COLLATE=utf8mb4_unicode_ci;

--
-- Dumping data for table `rankings`
--

INSERT INTO `rankings` (`id`, `icon`, `ranking`, `ranking_name`, `minimum_deposit`, `minimum_invest`, `minimum_referral_deposit`, `minimum_referral_invest`, `minimum_referral`, `minimum_earnings`, `bonus`, `description`, `status`, `created_at`, `updated_at`) VALUES
(1, 'global/images/sCQgIyl0OKzFiO73nmWF.svg', 'Level 1', 'Hyip Member', 0, 0, 0, 0, 0, 0, 0, 'By signing up to the account', 1, '2022-10-15 09:55:23', '2022-11-17 00:19:48'),
(2, 'global/images/TQDUvbD48kmhmV9qifzh.svg', 'Level 2', 'Hyip Leader', 0, 0, 0, 0, 0, 0, 10, 'By earning $50 from the site', 1, '2022-10-15 10:14:53', '2023-02-20 15:21:47'),
(3, 'global/images/hGHllGGCIYfpx5Z2VKrW.svg', 'Level 3', 'Hyip Captain', 0, 0, 0, 0, 0, 200, 20, 'By earning $200 from the site', 1, '2022-10-15 18:16:59', '2022-11-16 09:03:56'),
(4, 'global/images/SaNfYL7WD2pzAAME8Sqb.svg', 'Level 4', 'Hyip Victor', 0, 0, 0, 0, 0, 2000, 50, 'By earning $500 from the site', 1, '2022-10-15 18:18:23', '2022-11-16 09:04:44');

-- --------------------------------------------------------

--
-- Table structure for table `referrals`
--

CREATE TABLE `referrals` (
  `id` bigint(20) UNSIGNED NOT NULL,
  `referral_target_id` bigint(20) UNSIGNED NOT NULL,
  `type` enum('investment','deposit') NOT NULL,
  `bounty` double NOT NULL,
  `target_amount` double DEFAULT NULL,
  `description` text DEFAULT NULL,
  `status` tinyint(1) NOT NULL DEFAULT 1,
  `created_at` timestamp NULL DEFAULT NULL,
  `updated_at` timestamp NULL DEFAULT NULL
) ENGINE=InnoDB DEFAULT CHARSET=utf8mb4 COLLATE=utf8mb4_unicode_ci;

--
-- Dumping data for table `referrals`
--

INSERT INTO `referrals` (`id`, `referral_target_id`, `type`, `bounty`, `target_amount`, `description`, `status`, `created_at`, `updated_at`) VALUES
(1, 1, 'investment', 5, 50, 'First Target of the investment bonus', 1, '2022-11-17 03:07:54', '2022-11-17 03:07:54'),
(2, 1, 'deposit', 5, 50, 'First Target of the Deposit Bonus', 1, '2022-11-17 03:08:25', '2022-11-17 03:08:25'),
(3, 2, 'investment', 10, 500, 'Second Target of the investment bonus', 1, '2022-11-17 03:09:12', '2022-11-17 03:09:12'),
(4, 2, 'deposit', 10, 500, 'Second Target of the deposit bonus', 1, '2022-11-17 03:09:22', '2022-11-17 03:09:37');

-- --------------------------------------------------------

--
-- Table structure for table `referral_links`
--

CREATE TABLE `referral_links` (
  `id` int(10) UNSIGNED NOT NULL,
  `user_id` int(10) UNSIGNED NOT NULL,
  `referral_program_id` int(10) UNSIGNED NOT NULL,
  `code` varchar(36) NOT NULL,
  `created_at` timestamp NULL DEFAULT NULL,
  `updated_at` timestamp NULL DEFAULT NULL
) ENGINE=InnoDB DEFAULT CHARSET=utf8mb4 COLLATE=utf8mb4_unicode_ci;

--
-- Dumping data for table `referral_links`
--

INSERT INTO `referral_links` (`id`, `user_id`, `referral_program_id`, `code`, `created_at`, `updated_at`) VALUES
(1, 1, 1, 'BKN496q7BX', '2025-01-08 17:52:41', '2025-01-08 17:52:41'),
(2, 971, 1, 'aedvvakzDG', '2025-01-08 20:47:06', '2025-01-08 20:47:06'),
(3, 972, 1, 'OsR3S8Kv4z', '2025-01-08 23:45:32', '2025-01-08 23:45:32'),
(4, 973, 1, 'OEkJS4AunU', '2025-01-09 03:21:35', '2025-01-09 03:21:35'),
(5, 974, 1, 'BA0f3tUvDj', '2025-01-09 21:19:01', '2025-01-09 21:19:01'),
(6, 975, 1, 'WOYFR88q4C', '2025-01-09 23:58:55', '2025-01-09 23:58:55'),
(7, 976, 1, 'SAGpxTIlDF', '2025-01-19 21:50:25', '2025-01-19 21:50:25');

-- --------------------------------------------------------

--
-- Table structure for table `referral_programs`
--

CREATE TABLE `referral_programs` (
  `id` int(10) UNSIGNED NOT NULL,
  `name` varchar(255) NOT NULL,
  `uri` varchar(255) NOT NULL,
  `lifetime_minutes` int(11) NOT NULL DEFAULT 10080,
  `created_at` timestamp NULL DEFAULT NULL,
  `updated_at` timestamp NULL DEFAULT NULL
) ENGINE=InnoDB DEFAULT CHARSET=utf8mb4 COLLATE=utf8mb4_unicode_ci;

--
-- Dumping data for table `referral_programs`
--

INSERT INTO `referral_programs` (`id`, `name`, `uri`, `lifetime_minutes`, `created_at`, `updated_at`) VALUES
(1, 'sign_up_referral', 'register', 10080, '2022-10-10 07:59:56', '2022-10-10 07:59:56');

-- --------------------------------------------------------

--
-- Table structure for table `referral_relationships`
--

CREATE TABLE `referral_relationships` (
  `id` int(10) UNSIGNED NOT NULL,
  `referral_link_id` int(11) NOT NULL,
  `user_id` int(11) NOT NULL,
  `created_at` timestamp NULL DEFAULT NULL,
  `updated_at` timestamp NULL DEFAULT NULL
) ENGINE=InnoDB DEFAULT CHARSET=utf8mb4 COLLATE=utf8mb4_unicode_ci;

--
-- Dumping data for table `referral_relationships`
--

INSERT INTO `referral_relationships` (`id`, `referral_link_id`, `user_id`, `created_at`, `updated_at`) VALUES
(1, 1, 971, '2025-01-08 20:47:05', '2025-01-08 20:47:05'),
(2, 2, 972, '2025-01-08 23:45:20', '2025-01-08 23:45:20'),
(3, 3, 973, '2025-01-09 03:21:33', '2025-01-09 03:21:33'),
(4, 3, 974, '2025-01-09 21:18:59', '2025-01-09 21:18:59'),
(5, 2, 975, '2025-01-09 23:58:53', '2025-01-09 23:58:53'),
(6, 3, 976, '2025-01-19 21:50:24', '2025-01-19 21:50:24');

-- --------------------------------------------------------

--
-- Table structure for table `referral_targets`
--

CREATE TABLE `referral_targets` (
  `id` bigint(20) UNSIGNED NOT NULL,
  `name` varchar(255) NOT NULL,
  `created_at` timestamp NULL DEFAULT NULL,
  `updated_at` timestamp NULL DEFAULT NULL
) ENGINE=InnoDB DEFAULT CHARSET=utf8mb4 COLLATE=utf8mb4_unicode_ci;

--
-- Dumping data for table `referral_targets`
--

INSERT INTO `referral_targets` (`id`, `name`, `created_at`, `updated_at`) VALUES
(1, 'Target #1', '2022-10-09 03:11:24', '2023-03-25 00:41:28'),
(2, 'Target #2', '2022-10-09 04:15:59', '2023-03-25 00:41:34'),
(3, 'Target #3', '2022-10-09 04:16:06', '2023-03-25 00:41:40'),
(4, 'Target #4', '2022-10-09 04:16:10', '2023-03-25 00:41:44'),
(5, 'Target #5', '2022-10-09 04:16:18', '2023-03-25 00:41:49'),
(6, 'Target #6', '2022-10-09 04:19:02', '2023-03-25 00:41:53');

-- --------------------------------------------------------

--
-- Table structure for table `roles`
--

CREATE TABLE `roles` (
  `id` bigint(20) UNSIGNED NOT NULL,
  `name` varchar(255) NOT NULL,
  `guard_name` varchar(255) NOT NULL,
  `created_at` timestamp NULL DEFAULT NULL,
  `updated_at` timestamp NULL DEFAULT NULL
) ENGINE=InnoDB DEFAULT CHARSET=utf8mb4 COLLATE=utf8mb4_unicode_ci;

--
-- Dumping data for table `roles`
--

INSERT INTO `roles` (`id`, `name`, `guard_name`, `created_at`, `updated_at`) VALUES
(1, 'Super-Admin', 'admin', '2022-08-24 03:03:35', '2022-08-24 03:03:35'),
(2, 'Manager', 'admin', '2022-09-03 03:29:43', '2022-10-31 15:16:03'),
(3, 'Editor', 'admin', '2022-10-31 14:46:15', '2022-10-31 15:09:24');

-- --------------------------------------------------------

--
-- Table structure for table `role_has_permissions`
--

CREATE TABLE `role_has_permissions` (
  `permission_id` bigint(20) UNSIGNED NOT NULL,
  `role_id` bigint(20) UNSIGNED NOT NULL
) ENGINE=InnoDB DEFAULT CHARSET=utf8mb4 COLLATE=utf8mb4_unicode_ci;

--
-- Dumping data for table `role_has_permissions`
--

INSERT INTO `role_has_permissions` (`permission_id`, `role_id`) VALUES
(1, 2),
(1, 3),
(5, 3);

-- --------------------------------------------------------

--
-- Table structure for table `scheduled_task`
--

CREATE TABLE `scheduled_task` (
  `id` bigint(20) UNSIGNED NOT NULL,
  `name` varchar(255) NOT NULL,
  `command` varchar(255) NOT NULL,
  `frequency` int(11) NOT NULL COMMENT 'in minutes',
  `scheduled_at` timestamp NOT NULL DEFAULT current_timestamp() ON UPDATE current_timestamp(),
  `scheduled_previous_at` timestamp NULL DEFAULT NULL,
  `created_at` timestamp NULL DEFAULT NULL,
  `updated_at` timestamp NULL DEFAULT NULL
) ENGINE=InnoDB DEFAULT CHARSET=utf8mb4 COLLATE=utf8mb4_unicode_ci;

-- --------------------------------------------------------

--
-- Table structure for table `schedules`
--

CREATE TABLE `schedules` (
  `id` bigint(20) UNSIGNED NOT NULL,
  `name` varchar(255) NOT NULL,
  `time` int(11) NOT NULL,
  `created_at` timestamp NULL DEFAULT NULL,
  `updated_at` timestamp NULL DEFAULT NULL
) ENGINE=InnoDB DEFAULT CHARSET=utf8mb4 COLLATE=utf8mb4_unicode_ci;

--
-- Dumping data for table `schedules`
--

INSERT INTO `schedules` (`id`, `name`, `time`, `created_at`, `updated_at`) VALUES
(1, 'Hour', 1, '2022-08-28 11:40:42', '2022-11-16 21:46:51'),
(2, 'Daily', 24, '2022-08-28 11:40:54', '2022-08-28 11:48:38'),
(3, 'Weekly', 168, '2022-08-28 11:41:18', '2022-11-12 04:59:06');

-- --------------------------------------------------------

--
-- Table structure for table `schemas`
--

CREATE TABLE `schemas` (
  `id` bigint(20) UNSIGNED NOT NULL,
  `icon` varchar(255) NOT NULL,
  `name` varchar(255) NOT NULL,
  `type` enum('fixed','range') NOT NULL,
  `fixed_amount` double NOT NULL DEFAULT 0,
  `min_amount` double NOT NULL DEFAULT 0,
  `max_amount` double NOT NULL DEFAULT 0,
  `capital_back` tinyint(1) NOT NULL DEFAULT 0,
  `badge` varchar(255) DEFAULT NULL,
  `featured` tinyint(1) NOT NULL DEFAULT 0,
  `status` tinyint(1) NOT NULL DEFAULT 1,
  `interest_type` enum('percentage','fixed') NOT NULL,
  `return_interest` double NOT NULL,
  `return_period` int(11) NOT NULL,
  `return_type` enum('period','lifetime') NOT NULL,
  `number_of_period` int(11) NOT NULL,
  `off_days` text DEFAULT NULL,
  `expiry_minute` int(11) DEFAULT 50,
  `is_trending` tinyint(1) DEFAULT 0,
  `schema_cancel` tinyint(1) DEFAULT 0,
  `created_at` timestamp NULL DEFAULT NULL,
  `updated_at` timestamp NULL DEFAULT NULL
) ENGINE=InnoDB DEFAULT CHARSET=utf8mb4 COLLATE=utf8mb4_unicode_ci;

--
-- Dumping data for table `schemas`
--

INSERT INTO `schemas` (`id`, `icon`, `name`, `type`, `fixed_amount`, `min_amount`, `max_amount`, `capital_back`, `badge`, `featured`, `status`, `interest_type`, `return_interest`, `return_period`, `return_type`, `number_of_period`, `off_days`, `expiry_minute`, `is_trending`, `schema_cancel`, `created_at`, `updated_at`) VALUES
(1, 'global/images/qHO0xXvfRTXFj3ZiLTq5.png', 'Starter Plan', 'range', 0, 100, 499, 1, NULL, 0, 1, 'percentage', 6, 2, 'period', 2, NULL, 59, 1, 1, '2022-08-28 11:50:48', '2025-01-17 03:57:36'),
(2, 'global/images/cm3jYayWlxFLLEdYhso5.png', 'Standard Plan', 'range', 0, 500, 4999, 1, NULL, 0, 1, 'percentage', 14, 2, 'period', 4, NULL, 40, 0, 1, '2022-08-28 11:54:58', '2025-01-17 03:58:16'),
(3, 'global/images/Y6cMYY9vkrJj4z0gP7jX.png', 'Advanced Plan', 'range', 0, 5000, 9999, 1, NULL, 0, 1, 'fixed', 25, 2, 'period', 6, NULL, 59, 0, 1, '2022-08-28 12:18:03', '2025-01-17 03:59:01'),
(4, 'global/images/NjSS6z1y7aEdJrgPDie7.png', 'Pro Plan', 'range', 0, 10000, 1000000, 1, NULL, 0, 1, 'fixed', 10, 2, 'period', 80, NULL, 50, 0, 1, '2022-10-26 08:45:21', '2025-01-17 04:00:19');

-- --------------------------------------------------------

--
-- Table structure for table `settings`
--

CREATE TABLE `settings` (
  `id` bigint(20) UNSIGNED NOT NULL,
  `name` varchar(255) NOT NULL,
  `val` text NOT NULL,
  `type` char(20) NOT NULL DEFAULT 'string',
  `created_at` timestamp NULL DEFAULT NULL,
  `updated_at` timestamp NULL DEFAULT NULL
) ENGINE=InnoDB DEFAULT CHARSET=utf8mb4 COLLATE=utf8mb4_unicode_ci;

--
-- Dumping data for table `settings`
--

INSERT INTO `settings` (`id`, `name`, `val`, `type`, `created_at`, `updated_at`) VALUES
(1, 'currency_symbol', '$', 'string', '2022-08-24 10:01:01', '2023-07-30 23:13:24'),
(2, 'site_title', 'Empathy Transformation', 'string', '2022-08-24 10:01:01', '2025-01-08 18:02:18'),
(3, 'site_email', 'support@empathytransformation.com', 'string', '2022-08-24 10:01:01', '2025-01-08 18:02:19'),
(4, 'copyright_text', 'All rights reserved @tdevs 2022', 'string', '2022-08-24 10:01:01', '2022-08-24 10:01:01'),
(5, 'site_currency', 'USD', 'string', '2022-08-24 10:01:08', '2023-08-13 15:38:25'),
(6, 'login_bg', 'global/images/bdVMA7Po89q8yjy8LIVh.jpg', 'string', '2022-08-28 02:25:00', '2022-11-17 04:41:41'),
(7, 'site_logo', 'global/images/gfRumZOy2KeS4XHeuBFB.png', 'string', '2022-08-28 02:25:14', '2022-11-16 06:18:00'),
(8, 'site_favicon', 'global/images/dXxWXFfPMXh1N1gcVEdl.png', 'string', '2022-08-28 02:25:14', '2022-11-16 06:18:11'),
(9, 'maintenance_mode', '0', 'boolean', '2022-09-20 14:29:38', '2023-08-01 04:58:23'),
(10, 'maintenance_title', 'Site is not under maintenance for big update with big price', 'string', '2022-09-20 14:29:38', '2023-08-01 04:58:23'),
(11, 'maintenance_text', 'Sorry for interrupting! The site will be live soon.', 'string', '2022-09-20 14:29:38', '2022-09-20 15:04:34'),
(12, 'min_send', '10', 'double', '2022-09-21 08:35:47', '2022-11-13 07:34:21'),
(13, 'max_send', '5000', 'double', '2022-09-21 08:35:47', '2022-11-17 01:40:19'),
(14, 'send_charge_type', 'percentage', 'string', '2022-09-21 08:35:47', '2022-09-21 11:26:22'),
(15, 'send_charge', '5', 'double', '2022-09-21 08:35:47', '2022-11-10 21:07:42'),
(16, 'referral_commission', '21', 'double', '2022-10-10 04:34:02', '2022-10-10 04:34:02'),
(17, 'referral_bonus', '10', 'double', '2022-10-10 14:17:10', '2022-11-11 00:56:34'),
(18, 'signup_bonus', '8', 'double', '2022-10-10 14:17:10', '2023-07-16 12:07:22'),
(19, 'email_verification', '0', 'boolean', '2022-10-12 05:14:39', '2023-09-03 17:51:30'),
(20, 'kyc_verification', '1', 'boolean', '2022-10-12 05:14:39', '2023-04-13 14:38:48'),
(21, 'fa_verification', '0', 'boolean', '2022-10-12 05:14:39', '2022-11-11 00:56:52'),
(22, 'account_creation', '1', 'boolean', '2022-10-12 05:14:39', '2022-10-12 05:14:39'),
(23, 'user_deposit', '1', 'boolean', '2022-10-12 05:14:39', '2022-10-12 05:14:39'),
(24, 'user_withdraw', '1', 'boolean', '2022-10-12 05:14:39', '2022-11-17 20:46:38'),
(25, 'sign_up_referral', '1', 'boolean', '2022-10-12 05:14:39', '2022-10-12 05:14:39'),
(26, 'referral_signup_bonus', '1', 'boolean', '2022-10-12 05:14:39', '2022-10-12 05:15:15'),
(27, 'investment_referral_bounty', '1', 'boolean', '2022-10-12 05:14:39', '2022-10-12 05:14:39'),
(28, 'deposit_referral_bounty', '1', 'boolean', '2022-10-12 05:14:39', '2022-10-12 05:14:39'),
(29, 'email_from_name', 'Empathy Transformation', 'string', '2022-10-29 14:11:51', '2025-01-08 18:44:43'),
(30, 'email_from_address', 'support@empathytransformation.com', 'string', '2022-10-29 14:11:51', '2025-01-08 18:44:43'),
(31, 'email_footer', 'Best Regard, \r\nTeam of  [[msg]]', 'string', '2022-10-29 14:11:51', '2022-10-29 16:15:30'),
(32, 'mailing_driver', 'smtp', 'string', '2022-10-29 14:11:51', '2022-10-29 14:50:36'),
(33, 'mail_host', 'firm.bullceederserver.com', 'string', '2022-10-29 14:11:51', '2025-01-08 18:47:12'),
(34, 'mail_port', '465', 'integer', '2022-10-29 14:11:51', '2025-01-08 18:46:22'),
(35, 'mail_secure', 'ssl', 'string', '2022-10-29 14:11:51', '2025-01-08 18:47:13'),
(36, 'mail_username', 'support@empathytransformation.com', 'string', '2022-10-29 15:05:23', '2025-01-08 18:46:01'),
(37, 'mail_password', 'Nairamate@2', 'string', '2022-10-29 15:05:23', '2025-01-08 18:48:17'),
(38, 'site_animation', '1', 'boolean', '2022-11-06 10:24:22', '2023-09-03 17:51:42'),
(39, 'support_email', 'support@empathytransformation.com', 'string', '2022-11-07 08:29:03', '2025-01-08 18:49:06'),
(40, 'wallet_exchange_charge_type', 'percentage', 'string', '2022-11-11 05:31:21', '2022-11-11 05:31:21'),
(41, 'wallet_exchange_charge', '0.05', 'string', '2022-11-11 05:31:21', '2022-11-11 05:31:21'),
(42, 'secret_key', '1212secret', 'string', '2022-11-14 01:32:48', '2023-07-28 15:30:45'),
(43, 'transfer_status', '1', 'boolean', '2022-11-16 08:16:07', '2022-11-16 08:17:08'),
(44, 'back_to_top', '0', 'boolean', '2022-11-16 08:16:07', '2023-09-03 17:51:42'),
(45, 'referral_deposit_bonus', '2.4', 'double', '2023-02-04 03:39:35', '2023-02-04 03:39:35'),
(46, 'site_timezone', 'Asia/Dhaka', 'string', '2023-02-15 08:26:05', '2023-02-18 02:41:46'),
(47, 'debug_mode', '0', 'boolean', '2023-02-15 14:07:46', '2023-09-03 17:51:42'),
(48, 'profit_level', '1', 'boolean', NULL, '2023-03-25 00:39:43'),
(49, 'investment_level', '1', 'boolean', NULL, '2023-03-28 06:35:55'),
(50, 'deposit_level', '1', 'boolean', NULL, '2023-03-25 00:39:46'),
(51, 'site_referral', 'level', 'string', '2023-03-25 01:14:29', '2023-07-30 23:13:24'),
(52, 'site_admin_prefix', 'admin', 'string', '2023-05-20 11:03:46', '2023-07-26 12:01:45'),
(53, 'home_redirect', '/', 'string', '2023-05-21 08:16:02', '2023-05-24 11:10:49'),
(54, 'wallet_exchange_day_limit', '1', 'int', '2023-05-24 11:07:21', '2023-07-19 17:58:06'),
(55, 'send_money_day_limit', '14', 'int', '2023-05-24 11:07:21', '2023-05-24 11:07:21'),
(56, 'withdraw_day_limit', '500', 'int', '2023-05-24 11:07:21', '2023-07-20 16:42:42'),
(57, 'investment_cancellation_daily_limit', '7', 'int', '2023-05-24 11:15:41', '2023-05-24 11:15:41'),
(58, 'referral_code_limit', '10', 'integer', '2023-06-11 20:56:07', '2023-06-11 20:56:07'),
(59, 'site_currency_type', 'fiat', 'string', '2023-07-20 12:18:23', '2023-08-13 15:38:25');

-- --------------------------------------------------------

--
-- Table structure for table `set_tunes`
--

CREATE TABLE `set_tunes` (
  `id` bigint(20) UNSIGNED NOT NULL,
  `icon` varchar(255) DEFAULT NULL,
  `name` varchar(255) NOT NULL,
  `tune` text NOT NULL,
  `status` tinyint(1) NOT NULL DEFAULT 1,
  `created_at` timestamp NULL DEFAULT NULL,
  `updated_at` timestamp NULL DEFAULT NULL
) ENGINE=InnoDB DEFAULT CHARSET=utf8mb4 COLLATE=utf8mb4_unicode_ci;

--
-- Dumping data for table `set_tunes`
--

INSERT INTO `set_tunes` (`id`, `icon`, `name`, `tune`, `status`, `created_at`, `updated_at`) VALUES
(1, 'global/tune-icon/bewitched.png', 'Bewitched', 'global/tune/bewitched.mp3', 1, NULL, '2023-05-26 11:37:38'),
(2, 'global/tune-icon/crunchy.png', 'Crunchy', 'global/tune/crunchy.mp3', 0, NULL, '2023-05-26 11:37:38'),
(3, 'global/tune-icon/expert_notification.png', 'Expert Notification', 'global/tune/expert_notification.mp3', 0, NULL, '2023-05-26 11:37:38'),
(4, 'global/tune-icon/knock_knock.png', 'knock knock', 'global/tune/knock_knock.mp3', 0, NULL, '2023-05-26 11:37:38'),
(5, 'global/tune-icon/silencer.png', 'Silencer', 'global/tune/silencer.mp3', 0, NULL, '2023-05-26 11:37:38'),
(6, 'global/tune-icon/sticky.png', 'Sticky', 'global/tune/sticky.mp3', 0, NULL, '2023-05-26 11:37:38'),
(7, 'global/tune-icon/vopvoopvooop.png', 'Vopvoopvooop', 'global/tune/vopvoopvooop.mp3', 0, NULL, '2023-05-26 11:37:38');

-- --------------------------------------------------------

--
-- Table structure for table `sms_templates`
--

CREATE TABLE `sms_templates` (
  `id` bigint(20) UNSIGNED NOT NULL,
  `name` varchar(255) NOT NULL,
  `code` varchar(255) NOT NULL,
  `for` varchar(256) NOT NULL DEFAULT 'User',
  `message_body` longtext NOT NULL,
  `short_codes` text DEFAULT NULL,
  `status` tinyint(1) NOT NULL DEFAULT 1,
  `created_at` timestamp NULL DEFAULT NULL,
  `updated_at` timestamp NULL DEFAULT NULL
) ENGINE=InnoDB DEFAULT CHARSET=utf8mb4 COLLATE=utf8mb4_unicode_ci;

--
-- Dumping data for table `sms_templates`
--

INSERT INTO `sms_templates` (`id`, `name`, `code`, `for`, `message_body`, `short_codes`, `status`, `created_at`, `updated_at`) VALUES
(1, 'New User', 'new_user', 'Admin', 'Thanks for joining us  [[full_name]]<br />\r\n [[message]]', '[\"[[full_name]]\",\"[[message]]\"]', 1, NULL, '2023-05-21 09:17:51'),
(2, 'User Investment\r\n', 'user_investment', 'User', 'Hello!<br />\r\n[[txn]]. \'Successfully Investment<br />\r\n[[plan_name]]<br />\r\n[[invest_amount]]', '[\"[[full_name]]\",\"[[txn]]\",\"[[plan_name]]\",\"[[invest_amount]]\",\"[[site_title]]\"]', 1, NULL, NULL),
(3, 'User Account Disabled', 'user_account_disabled', 'Admin', 'Your account is disabled for a serious cause. Sorry! you\'re unable to use your account again.', NULL, 1, NULL, NULL),
(4, 'Manual Deposit request', 'manual_deposit_request', 'User', 'The manual deposit request details:<br />\r\n[[txn]]<br />\r\n[[gateway_name]]<br />\r\n[[deposit_amount]]', '[\"[[full_name]]\",\"[[txn]]\",\"[[gateway_name]]\",\"[[deposit_amount]]\",\"[[site_title]]\"]', 1, NULL, NULL),
(5, 'Withdraw Request', 'withdraw_request ', 'User', 'Withdraw Request details:<br />\r\n[[txn]]<br />\r\n[[method_name]]<br />\r\n[[withdraw_amount]]', '[\"[[full_name]]\",\"[[txn]]\",\"[[method_name]]\",\"[[withdraw_amount]]\",\"[[site_title]]\"]', 1, NULL, NULL),
(6, 'KYC Request', 'kyc_request', 'User', 'Thanks for joining our platform! ---  [[site_title]]<br />\r\n<br />\r\n[[full_name]]<br />\r\n[[email]]<br />\r\n<br />\r\nAs a member of our platform, you can mange your account, buy or sell cryptocurrency, invest and earn profits.<br />\r\n<br />\r\nFind out more about in - [[site_url]]', '[\"[[site_url]]\",\"[[site_title]]\",\"[[full_name]]\",\"[[email]]\",\"[[kyc_type]]\"]', 1, NULL, NULL),
(7, 'KYC Action', 'kyc_action', 'User', 'Thanks for joining our platform! ---  [[site_title]]<br />\r\n<br />\r\n[[message]]<br />\r\n[[full_name]]<br />\r\n[[email]]<br />\r\n<br />\r\nAs a member of our platform, you can mange your account, buy or sell cryptocurrency, invest and earn profits.<br />\r\n<br />\r\nFind out more about in - [[site_url]]', '[\"[[site_url]]\",\"[[site_title]]\",\"[[full_name]]\",\"[[email]]\",\"[[message]]\",\"[[kyc_type]]\"]', 1, NULL, NULL),
(8, 'Invest ROI', 'invest_roi', 'User', 'Hello!<br />\r\n[[txn]]. \'Successfully Investment<br />\r\n[[plan_name]]<br />\r\n[[invest_amount]]<br />\r\n[[roi]]', '[\"[[full_name]]\",\"[[txn]]\",\"[[plan_name]]\",\"[[invest_amount]]\",\"[[roi]]\",\"[[site_title]]\",\"[[site_url]]\"]', 1, NULL, NULL),
(9, 'Investment End', 'investment_end', 'User', 'Hello!<br />\r\n[[txn]]. \'Successfully Investment End<br />\r\n[[plan_name]]<br />\r\n[[invest_amount]]', '[\"[[full_name]]\",\"[[plan_name]]\",\"[[invest_amount]]\",\"[[site_title]]\",\"[[site_url]]\"]', 1, NULL, NULL),
(10, 'Withdraw Request Action', 'withdraw_request_user', 'User', 'Withdraw Request details:<br />\r\n[[message]]<br />\r\n[[txn]]<br />\r\n[[method_name]]<br />\r\n[[withdraw_amount]]<br />\r\n[[status]]', '[\"[[full_name]]\",\"[[message]]\",\"[[txn]]\",\"[[method_name]]\",\"[[withdraw_amount]]\",\"[[site_title]]\",\"[[site_url]]\",\"[[status]]\"]', 1, NULL, NULL),
(11, 'Manual Deposit request Action', 'user_manual_deposit_request', 'User', 'The manual deposit request details:<br />\r\n[[message]]\r\n[[txn]]<br />\r\n[[gateway_name]]<br />\r\n[[deposit_amount]]\r\n[[status]]\r\n', '[\"[[full_name]]\",\"[[message]]\",\"[[txn]]\",\"[[gateway_name]]\",\"[[deposit_amount]]\",\"[[site_title]]\",\"[[site_url]]\",\"[[status]]\"]', 1, NULL, NULL);

-- --------------------------------------------------------

--
-- Table structure for table `socials`
--

CREATE TABLE `socials` (
  `id` bigint(20) UNSIGNED NOT NULL,
  `icon_name` varchar(255) NOT NULL,
  `class_name` varchar(255) NOT NULL,
  `url` varchar(255) NOT NULL,
  `position` int(11) NOT NULL,
  `created_at` timestamp NULL DEFAULT NULL,
  `updated_at` timestamp NULL DEFAULT NULL
) ENGINE=InnoDB DEFAULT CHARSET=utf8mb4 COLLATE=utf8mb4_unicode_ci;

--
-- Dumping data for table `socials`
--

INSERT INTO `socials` (`id`, `icon_name`, `class_name`, `url`, `position`, `created_at`, `updated_at`) VALUES
(1, 'Facebook', 'fab fa-facebook-f', 'https://www.facebook.com/hyiprio/', 0, '2022-10-25 19:35:16', '2022-11-16 23:55:17'),
(2, 'Instagram', 'fab fa-instagram', 'https://www.instagram.com/hyiprio', 1, '2022-10-25 19:35:45', '2022-11-16 23:55:17'),
(3, 'Youtube', 'fab fa-youtube', 'https://youtube.com', 2, '2022-11-16 23:53:02', '2022-11-16 23:55:17'),
(4, 'Discord', 'fab fa-discord', 'https://discord.com', 3, '2022-11-16 23:54:33', '2022-11-16 23:55:17');

-- --------------------------------------------------------

--
-- Table structure for table `subscriptions`
--

CREATE TABLE `subscriptions` (
  `id` bigint(20) UNSIGNED NOT NULL,
  `email` varchar(255) NOT NULL,
  `created_at` timestamp NULL DEFAULT NULL,
  `updated_at` timestamp NULL DEFAULT NULL
) ENGINE=InnoDB DEFAULT CHARSET=utf8mb4 COLLATE=utf8mb4_unicode_ci;

--
-- Dumping data for table `subscriptions`
--

INSERT INTO `subscriptions` (`id`, `email`, `created_at`, `updated_at`) VALUES
(1, 'skoparisian@yahoo.com', '2025-01-08 05:14:19', '2025-01-08 05:14:19'),
(2, 'shtobourbonneux@yahoo.com', '2025-01-08 05:56:31', '2025-01-08 05:56:31'),
(3, 'apvbqsq6dbr3mve@yahoo.com', '2025-01-08 07:39:32', '2025-01-08 07:39:32'),
(4, 'axoz9s6yvq8elbb3@yahoo.com', '2025-01-08 10:42:29', '2025-01-08 10:42:29'),
(5, 'slxphqpprat@yahoo.com', '2025-01-08 11:44:17', '2025-01-08 11:44:17'),
(6, 'f3ze8cr9orpwc@yahoo.com', '2025-01-08 11:50:47', '2025-01-08 11:50:47'),
(7, 'oj5xiwr515jf@yahoo.com', '2025-01-08 13:21:59', '2025-01-08 13:21:59'),
(8, 'kenikububequ06@gmail.com', '2025-01-08 14:34:56', '2025-01-08 14:34:56'),
(9, 'stoutenbaechle@yahoo.com', '2025-01-08 14:47:25', '2025-01-08 14:47:25'),
(10, 'usaqdmaahaoh@yahoo.com', '2025-01-08 18:16:29', '2025-01-08 18:16:29'),
(11, 'aracoaldabaja@yahoo.com', '2025-01-08 18:44:42', '2025-01-08 18:44:42'),
(12, 'kibbenbrghoefr@yahoo.com', '2025-01-08 21:06:55', '2025-01-08 21:06:55'),
(13, 'gtereaorysikku@yahoo.com', '2025-01-08 21:10:24', '2025-01-08 21:10:24'),
(14, 'ifveppwobbsyiwwvp@yahoo.com', '2025-01-08 21:13:00', '2025-01-08 21:13:00'),
(15, 'bdvasibmrbnwoc@yahoo.com', '2025-01-08 22:25:10', '2025-01-08 22:25:10'),
(16, 'jxfirqufdk@yahoo.com', '2025-01-08 22:52:16', '2025-01-08 22:52:16'),
(17, 'opvwexy40jirl@yahoo.com', '2025-01-08 23:41:17', '2025-01-08 23:41:17'),
(18, 'hhmsxk6lm1@yahoo.com', '2025-01-09 00:14:44', '2025-01-09 00:14:44'),
(19, 'qtclrrcxvndob@yahoo.com', '2025-01-09 01:17:29', '2025-01-09 01:17:29'),
(20, 'ezefasafis88@gmail.com', '2025-01-09 01:32:30', '2025-01-09 01:32:30'),
(21, 'apicatibuye570@gmail.com', '2025-01-09 04:18:19', '2025-01-09 04:18:19'),
(22, 'mqqvopz3haoejj@yahoo.com', '2025-01-09 07:12:30', '2025-01-09 07:12:30'),
(23, 'yilofose20@gmail.com', '2025-01-09 07:54:44', '2025-01-09 07:54:44'),
(24, 'ijuqolun42@gmail.com', '2025-01-09 08:59:11', '2025-01-09 08:59:11'),
(25, 'lingefeltermardiro@yahoo.com', '2025-01-09 10:58:27', '2025-01-09 10:58:27'),
(26, 'wefalupuqo335@gmail.com', '2025-01-09 13:49:28', '2025-01-09 13:49:28'),
(27, 'metonkalilikane@yahoo.com', '2025-01-09 18:30:06', '2025-01-09 18:30:06'),
(28, 'mcgoegleras@yahoo.com', '2025-01-09 19:19:14', '2025-01-09 19:19:14'),
(29, 'uhxb2uvkqfjxnm1s@yahoo.com', '2025-01-09 21:59:27', '2025-01-09 21:59:27'),
(30, 'bezantaati@yahoo.com', '2025-01-09 23:33:29', '2025-01-09 23:33:29'),
(31, 'lvgbpuofgf@yahoo.com', '2025-01-10 05:20:36', '2025-01-10 05:20:36'),
(32, 'helfenteinknazs@yahoo.com', '2025-01-10 05:41:15', '2025-01-10 05:41:15'),
(33, 'ktpi5kntf4pdnj4qn@yahoo.com', '2025-01-10 07:56:42', '2025-01-10 07:56:42'),
(34, 'tenereayavo@yahoo.com', '2025-01-10 08:57:30', '2025-01-10 08:57:30'),
(35, 'agaerosbrow@yahoo.com', '2025-01-10 10:46:44', '2025-01-10 10:46:44'),
(36, 'lqgtkfhveyr@yahoo.com', '2025-01-10 11:32:04', '2025-01-10 11:32:04'),
(37, 'cokowifuced604@gmail.com', '2025-01-10 12:38:23', '2025-01-10 12:38:23'),
(38, 'afekeyezima875@gmail.com', '2025-01-10 13:28:04', '2025-01-10 13:28:04'),
(39, 'fiodwwdwo@yahoo.com', '2025-01-10 14:17:32', '2025-01-10 14:17:32'),
(40, 'cuyuzugo63@gmail.com', '2025-01-10 15:26:35', '2025-01-10 15:26:35'),
(41, 'bfxpbeempgytgf@yahoo.com', '2025-01-10 17:08:22', '2025-01-10 17:08:22'),
(42, 'bcrduaahbcb@yahoo.com', '2025-01-10 17:17:19', '2025-01-10 17:17:19'),
(43, 'l7ngkyjixxyr@yahoo.com', '2025-01-10 19:48:25', '2025-01-10 19:48:25'),
(44, 'labizixoda24@gmail.com', '2025-01-10 20:48:13', '2025-01-10 20:48:13'),
(45, 'ufevewupe98@gmail.com', '2025-01-10 20:48:16', '2025-01-10 20:48:16'),
(46, 'satryfriedlan@yahoo.com', '2025-01-10 22:31:12', '2025-01-10 22:31:12'),
(47, 'fizakoffvoneschen@yahoo.com', '2025-01-10 23:16:24', '2025-01-10 23:16:24'),
(48, 'lushecknavrrette@yahoo.com', '2025-01-10 23:36:13', '2025-01-10 23:36:13'),
(49, 'rewozojusil41@gmail.com', '2025-01-11 01:19:24', '2025-01-11 01:19:24'),
(50, 'spnecvcbrqdqncibr@yahoo.com', '2025-01-11 02:23:57', '2025-01-11 02:23:57'),
(51, 'goeegieuckuhajo@yahoo.com', '2025-01-11 04:34:57', '2025-01-11 04:34:57'),
(52, 'dgqmqxk7zl@yahoo.com', '2025-01-11 06:12:53', '2025-01-11 06:12:53'),
(53, 'ilorikewa35@gmail.com', '2025-01-11 06:39:27', '2025-01-11 06:39:27'),
(54, 'ppn0xdctyif19@yahoo.com', '2025-01-11 07:12:18', '2025-01-11 07:12:18'),
(55, 'shakilheniff@yahoo.com', '2025-01-11 08:52:41', '2025-01-11 08:52:41'),
(56, 'q0xchsyamzht7w4@yahoo.com', '2025-01-11 11:20:17', '2025-01-11 11:20:17'),
(57, 'kaamuliisena@yahoo.com', '2025-01-11 11:25:12', '2025-01-11 11:25:12'),
(58, 'machizhokensmit@yahoo.com', '2025-01-11 12:27:15', '2025-01-11 12:27:15'),
(59, 'lqsddvlqgrprr@yahoo.com', '2025-01-11 12:33:55', '2025-01-11 12:33:55'),
(60, 'odufupe550@gmail.com', '2025-01-11 12:43:17', '2025-01-11 12:43:17'),
(61, 'meichertyrna@yahoo.com', '2025-01-11 14:06:21', '2025-01-11 14:06:21'),
(62, 'dtavflexbgdtu@yahoo.com', '2025-01-11 15:17:44', '2025-01-11 15:17:44'),
(63, 'iyuzitokequm29@gmail.com', '2025-01-11 17:30:47', '2025-01-11 17:30:47'),
(64, 'avowanaja17@gmail.com', '2025-01-11 17:43:48', '2025-01-11 17:43:48'),
(65, 'everittlaerman@yahoo.com', '2025-01-11 21:16:24', '2025-01-11 21:16:24'),
(66, 'kroeseferavich@yahoo.com', '2025-01-11 22:08:16', '2025-01-11 22:08:16'),
(67, 'mylkstape@yahoo.com', '2025-01-11 23:31:21', '2025-01-11 23:31:21'),
(68, 'hollndspondo@yahoo.com', '2025-01-12 02:36:04', '2025-01-12 02:36:04'),
(69, 'lmdfidsaxys@yahoo.com', '2025-01-12 04:35:17', '2025-01-12 04:35:17'),
(70, 'ocngkwioiug@yahoo.com', '2025-01-12 05:10:50', '2025-01-12 05:10:50'),
(71, 'mctuluiniidywkr@yahoo.com', '2025-01-12 05:20:29', '2025-01-12 05:20:29'),
(72, 'scheirmannmcsween@yahoo.com', '2025-01-12 06:51:20', '2025-01-12 06:51:20'),
(73, 'amgwbiarftxterhsg@yahoo.com', '2025-01-12 07:19:48', '2025-01-12 07:19:48'),
(74, 'petrozzstiepe@yahoo.com', '2025-01-12 08:44:05', '2025-01-12 08:44:05'),
(75, 'dgoasmansnaohmhh@yahoo.com', '2025-01-12 09:29:26', '2025-01-12 09:29:26'),
(76, 'ubikegevi18@gmail.com', '2025-01-12 10:33:00', '2025-01-12 10:33:00'),
(77, 'maodelicata@yahoo.com', '2025-01-12 11:52:10', '2025-01-12 11:52:10'),
(78, 'oxpcaqxwu@yahoo.com', '2025-01-12 18:34:10', '2025-01-12 18:34:10'),
(79, 'daumereflewellen@yahoo.com', '2025-01-12 18:59:36', '2025-01-12 18:59:36'),
(80, 'ftncbnpx2n0y@yahoo.com', '2025-01-12 20:30:27', '2025-01-12 20:30:27'),
(81, 'kuelusheinzan@yahoo.com', '2025-01-12 20:41:14', '2025-01-12 20:41:14'),
(82, 'tbrvnfiamnmfm@yahoo.com', '2025-01-12 22:39:22', '2025-01-12 22:39:22'),
(83, 'oqbxmxtosrbqn3vd@yahoo.com', '2025-01-13 03:38:08', '2025-01-13 03:38:08'),
(84, 'aldamaluebbertschre@yahoo.com', '2025-01-13 03:55:42', '2025-01-13 03:55:42'),
(85, 'wqozqsqy8jd31iy@yahoo.com', '2025-01-13 04:38:19', '2025-01-13 04:38:19'),
(86, 's4smphlx6e1zkf@yahoo.com', '2025-01-13 05:55:46', '2025-01-13 05:55:46'),
(87, 'ilokisto@yahoo.com', '2025-01-13 07:06:35', '2025-01-13 07:06:35'),
(88, 'bvofyghjh@yahoo.com', '2025-01-13 07:48:53', '2025-01-13 07:48:53'),
(89, 'hbcdwqocfj@yahoo.com', '2025-01-13 08:35:13', '2025-01-13 08:35:13'),
(90, 'mttlinwaterson@yahoo.com', '2025-01-13 08:42:24', '2025-01-13 08:42:24'),
(91, 'qu1greoige@yahoo.com', '2025-01-13 09:53:19', '2025-01-13 09:53:19'),
(92, 'curutekur33@gmail.com', '2025-01-13 10:24:50', '2025-01-13 10:24:50'),
(93, 'onebezode21@gmail.com', '2025-01-13 10:38:22', '2025-01-13 10:38:22'),
(94, 'myetteoeter@yahoo.com', '2025-01-13 12:27:20', '2025-01-13 12:27:20'),
(95, 'flcbccgbnffqxvd@yahoo.com', '2025-01-13 14:14:14', '2025-01-13 14:14:14'),
(96, 'gakagjrsqwdsi@yahoo.com', '2025-01-13 15:13:52', '2025-01-13 15:13:52'),
(97, 'echeeriakilasa@yahoo.com', '2025-01-13 16:37:18', '2025-01-13 16:37:18'),
(98, 'timariusipov@yahoo.com', '2025-01-13 16:49:19', '2025-01-13 16:49:19'),
(99, 'asajy3dluwhhxy@yahoo.com', '2025-01-13 17:48:41', '2025-01-13 17:48:41'),
(100, 'icgfoborljbio@yahoo.com', '2025-01-13 19:24:20', '2025-01-13 19:24:20'),
(101, 'primitivotae@yahoo.com', '2025-01-13 20:35:00', '2025-01-13 20:35:00'),
(102, 'goetchnarms@yahoo.com', '2025-01-13 21:14:20', '2025-01-13 21:14:20'),
(103, 'oy0sns633uf3mlj2g@yahoo.com', '2025-01-13 23:00:18', '2025-01-13 23:00:18'),
(104, 'cochranmya1990@gmail.com', '2025-01-14 00:36:15', '2025-01-14 00:36:15'),
(105, 'widmarkapwu@yahoo.com', '2025-01-14 02:24:02', '2025-01-14 02:24:02'),
(106, 'vxdpnrxadsokgsem@yahoo.com', '2025-01-14 02:29:32', '2025-01-14 02:29:32'),
(107, 'rxqqqbbdayhv@yahoo.com', '2025-01-14 04:39:18', '2025-01-14 04:39:18'),
(108, 'yj881x8npb@yahoo.com', '2025-01-14 05:46:14', '2025-01-14 05:46:14'),
(109, 'bmkovic1jl74wbw@yahoo.com', '2025-01-14 06:34:31', '2025-01-14 06:34:31'),
(110, 'ccxufkxqwd@yahoo.com', '2025-01-14 08:36:17', '2025-01-14 08:36:17'),
(111, 'x9kjwbm5wacr@yahoo.com', '2025-01-14 08:57:13', '2025-01-14 08:57:13'),
(112, 'nquhd01kwecr173ls@yahoo.com', '2025-01-14 10:11:33', '2025-01-14 10:11:33'),
(113, 'lutzkortnipi@gmail.com', '2025-01-14 10:35:17', '2025-01-14 10:35:17'),
(114, 'vburchh1998@gmail.com', '2025-01-14 11:06:42', '2025-01-14 11:06:42'),
(115, 'bouldedenersn@yahoo.com', '2025-01-14 11:12:16', '2025-01-14 11:12:16'),
(116, 'ridlandyerman@yahoo.com', '2025-01-14 15:34:00', '2025-01-14 15:34:00'),
(117, 'kstafforday@gmail.com', '2025-01-14 16:35:27', '2025-01-14 16:35:27'),
(118, 'xradgmckwpo@yahoo.com', '2025-01-14 20:11:24', '2025-01-14 20:11:24'),
(119, 'mwbkgqpmbftw@yahoo.com', '2025-01-14 20:12:05', '2025-01-14 20:12:05'),
(120, 'cakxkskqmixwxqpm@yahoo.com', '2025-01-14 20:59:25', '2025-01-14 20:59:25'),
(121, 'lbebsapmtum@yahoo.com', '2025-01-14 21:25:18', '2025-01-14 21:25:18'),
(122, 'jids7c00cwxd@yahoo.com', '2025-01-14 22:25:12', '2025-01-14 22:25:12'),
(123, 'dfhlhnrtnbq@yahoo.com', '2025-01-14 22:31:27', '2025-01-14 22:31:27'),
(124, 'pfnnenstiehlclyed@yahoo.com', '2025-01-14 22:40:11', '2025-01-14 22:40:11'),
(125, 'uqjtm5ylhi262l@yahoo.com', '2025-01-15 00:02:10', '2025-01-15 00:02:10'),
(126, 'kiohovmaplbv@yahoo.com', '2025-01-15 04:01:21', '2025-01-15 04:01:21'),
(127, 'qpwcfmhwrmcvgq@yahoo.com', '2025-01-15 06:00:20', '2025-01-15 06:00:20'),
(128, 'hokpnkdmv@yahoo.com', '2025-01-15 07:09:43', '2025-01-15 07:09:43'),
(129, 'wekclfqfgmgngcvo@yahoo.com', '2025-01-15 07:50:21', '2025-01-15 07:50:21'),
(130, 'p7inuenjta@yahoo.com', '2025-01-15 08:33:56', '2025-01-15 08:33:56'),
(131, 'whisperio41delve42@gmail.com', '2025-01-15 08:56:24', '2025-01-15 08:56:24'),
(132, 'hhjwoywrtkjrflq@yahoo.com', '2025-01-15 09:22:38', '2025-01-15 09:22:38'),
(133, 'vhtysywbfybijwv@yahoo.com', '2025-01-15 09:42:00', '2025-01-15 09:42:00'),
(134, 'gallowvaie1@gmail.com', '2025-01-15 09:50:07', '2025-01-15 09:50:07'),
(135, 'fqfrnvsuceqj@yahoo.com', '2025-01-15 10:28:35', '2025-01-15 10:28:35'),
(136, 'edwmwldhfcdpj@yahoo.com', '2025-01-15 10:53:03', '2025-01-15 10:53:03'),
(137, 'dtrbuliname@yahoo.com', '2025-01-15 14:35:18', '2025-01-15 14:35:18'),
(138, 'ratisullender@yahoo.com', '2025-01-15 14:51:05', '2025-01-15 14:51:05'),
(139, 'mementooonexus@gmail.com', '2025-01-15 16:14:25', '2025-01-15 16:14:25'),
(140, 'sbnfwamwqp@yahoo.com', '2025-01-15 18:45:50', '2025-01-15 18:45:50'),
(141, 'viohthfjmwrsafyx@yahoo.com', '2025-01-15 19:44:42', '2025-01-15 19:44:42'),
(142, 'illuminatea29kaleidoscope@gmail.com', '2025-01-15 20:13:22', '2025-01-15 20:13:22'),
(143, 'mericyekelchyk@yahoo.com', '2025-01-15 21:04:32', '2025-01-15 21:04:32'),
(144, 'mortgi4fbu9@yahoo.com', '2025-01-15 22:26:12', '2025-01-15 22:26:12'),
(145, 'cprvlbnrgxjscss@yahoo.com', '2025-01-16 00:52:22', '2025-01-16 00:52:22'),
(146, 'eiwqjslzxjcp@yahoo.com', '2025-01-16 06:09:34', '2025-01-16 06:09:34'),
(147, 'ostellara28kaleidoscope39@gmail.com', '2025-01-16 06:49:00', '2025-01-16 06:49:00'),
(148, 'nwoxauynirbw@yahoo.com', '2025-01-16 07:44:29', '2025-01-16 07:44:29'),
(149, 'ayquiveriuumbraio@gmail.com', '2025-01-16 09:55:38', '2025-01-16 09:55:38'),
(150, 'utdsnmfwsh@yahoo.com', '2025-01-16 11:22:55', '2025-01-16 11:22:55'),
(151, 'einiqqnroivapo@yahoo.com', '2025-01-16 11:33:39', '2025-01-16 11:33:39'),
(152, 'otonelsncervena@yahoo.com', '2025-01-16 12:39:11', '2025-01-16 12:39:11'),
(153, 'hv15bijuqqw@yahoo.com', '2025-01-16 12:55:25', '2025-01-16 12:55:25'),
(154, 'cib0gullrtl12@yahoo.com', '2025-01-16 13:18:17', '2025-01-16 13:18:17'),
(155, 'cweemkcyfnh@yahoo.com', '2025-01-16 14:56:10', '2025-01-16 14:56:10'),
(156, 'rhcmum0grefufnx@yahoo.com', '2025-01-16 14:58:51', '2025-01-16 14:58:51'),
(157, 'katutihetuc271@gmail.com', '2025-01-16 16:32:41', '2025-01-16 16:32:41'),
(158, 'pw2vusucqc0mfo@yahoo.com', '2025-01-16 18:08:29', '2025-01-16 18:08:29'),
(159, 'g1s8yq5k3jh0kes@yahoo.com', '2025-01-16 18:19:08', '2025-01-16 18:19:08'),
(160, 'phantomiajade21ua@gmail.com', '2025-01-16 18:32:28', '2025-01-16 18:32:28'),
(161, 'qw1rvk0hrmmcicv@yahoo.com', '2025-01-16 19:10:24', '2025-01-16 19:10:24'),
(162, 'lw7jeotjicqw@yahoo.com', '2025-01-16 19:12:24', '2025-01-16 19:12:24'),
(163, 'rvzguuaykeljz9buc@yahoo.com', '2025-01-16 20:56:17', '2025-01-16 20:56:17'),
(164, 'hxnnpfqhrlg@yahoo.com', '2025-01-16 21:06:18', '2025-01-16 21:06:18'),
(165, 'flfomiultx@yahoo.com', '2025-01-16 22:15:34', '2025-01-16 22:15:34'),
(166, 'abelyheilnr@yahoo.com', '2025-01-16 23:27:16', '2025-01-16 23:27:16'),
(167, 'kozaniraquh996@gmail.com', '2025-01-16 23:54:17', '2025-01-16 23:54:17'),
(168, 'rivv6b0cgx5nmu@yahoo.com', '2025-01-17 00:54:23', '2025-01-17 00:54:23'),
(169, 'dkjwgmjsnj@yahoo.com', '2025-01-17 01:55:23', '2025-01-17 01:55:23'),
(170, 'hoopmanbandurian@yahoo.com', '2025-01-17 03:20:36', '2025-01-17 03:20:36'),
(171, 'krysxugqpcsal@yahoo.com', '2025-01-17 04:41:21', '2025-01-17 04:41:21'),
(172, 'gn4kumfoxt4nrs@yahoo.com', '2025-01-17 04:50:13', '2025-01-17 04:50:13'),
(173, 'bfjckivkfbwkv@yahoo.com', '2025-01-17 05:39:09', '2025-01-17 05:39:09'),
(174, 'roetlerchac@yahoo.com', '2025-01-17 05:50:51', '2025-01-17 05:50:51'),
(175, 'w34uejjlkurcpo@yahoo.com', '2025-01-17 07:03:25', '2025-01-17 07:03:25'),
(176, 'gossamerae43nexus14oy@gmail.com', '2025-01-17 07:54:18', '2025-01-17 07:54:18'),
(177, 'licccjq9djglj@yahoo.com', '2025-01-17 08:41:51', '2025-01-17 08:41:51'),
(178, 'bwcltclyuky@yahoo.com', '2025-01-17 10:30:19', '2025-01-17 10:30:19'),
(179, 'rkfkjqrgoct@yahoo.com', '2025-01-17 10:35:13', '2025-01-17 10:35:13'),
(180, 'mxmxnfhxoqibm@yahoo.com', '2025-01-17 12:03:07', '2025-01-17 12:03:07'),
(181, 'vortexauiris43ai@gmail.com', '2025-01-17 12:13:48', '2025-01-17 12:13:48'),
(182, 'bueleimseeh@yahoo.com', '2025-01-17 13:03:14', '2025-01-17 13:03:14'),
(183, 'illuminateouikaleidoscope21oo@gmail.com', '2025-01-17 13:54:27', '2025-01-17 13:54:27'),
(184, 'dpvhkdyor@yahoo.com', '2025-01-17 14:49:12', '2025-01-17 14:49:12'),
(185, 'scaniwittic@yahoo.com', '2025-01-17 16:09:10', '2025-01-17 16:09:10'),
(186, 'towsnryhoud@yahoo.com', '2025-01-17 18:25:09', '2025-01-17 18:25:09'),
(187, 'kdmobmpyyidedkfr@yahoo.com', '2025-01-17 20:44:10', '2025-01-17 20:44:10'),
(188, 'nwmkawwuijj@yahoo.com', '2025-01-17 22:16:17', '2025-01-17 22:16:17'),
(189, 'luciansekhadt@yahoo.com', '2025-01-18 00:50:08', '2025-01-18 00:50:08'),
(190, 'pfsfckuy7o1ujth@yahoo.com', '2025-01-18 01:24:13', '2025-01-18 01:24:13'),
(191, 'wkosiebyhyvywgnnu@yahoo.com', '2025-01-18 04:46:10', '2025-01-18 04:46:10'),
(192, 'oqnutvxap@yahoo.com', '2025-01-18 05:31:01', '2025-01-18 05:31:01'),
(193, 'expanseuo2legacy72@gmail.com', '2025-01-18 06:23:00', '2025-01-18 06:23:00'),
(194, 'pw7e9xlg6h86zu@yahoo.com', '2025-01-18 09:16:51', '2025-01-18 09:16:51'),
(195, 'guibarreeghey@yahoo.com', '2025-01-18 09:42:40', '2025-01-18 09:42:40'),
(196, 'ouzenithaypinnaclea@gmail.com', '2025-01-18 10:26:26', '2025-01-18 10:26:26'),
(197, 'xanyhl0mlhu@yahoo.com', '2025-01-18 12:23:08', '2025-01-18 12:23:08'),
(198, 'lzoliu9pl4zpqm@yahoo.com', '2025-01-18 14:15:20', '2025-01-18 14:15:20'),
(199, 'gemgqgmeyhup1@yahoo.com', '2025-01-18 14:25:52', '2025-01-18 14:25:52'),
(200, 'sdrfoxnukf@yahoo.com', '2025-01-18 16:20:48', '2025-01-18 16:20:48'),
(201, 'xicerumabi519@gmail.com', '2025-01-18 17:31:40', '2025-01-18 17:31:40'),
(202, 'xffsmnhtsjsm3vo64@yahoo.com', '2025-01-18 17:41:45', '2025-01-18 17:41:45'),
(203, 'jv0gld5er3do4zqdr@yahoo.com', '2025-01-18 18:14:34', '2025-01-18 18:14:34'),
(204, 'asprijykqvfltxnta@yahoo.com', '2025-01-18 18:40:19', '2025-01-18 18:40:19'),
(205, 'gitm0yybltc1v@yahoo.com', '2025-01-18 20:09:53', '2025-01-18 20:09:53'),
(206, 'wvmorhayp@yahoo.com', '2025-01-18 21:05:30', '2025-01-18 21:05:30'),
(207, 'ebikidayolo42@gmail.com', '2025-01-18 21:29:21', '2025-01-18 21:29:21'),
(208, 'bosmurit@yahoo.com', '2025-01-18 22:21:33', '2025-01-18 22:21:33'),
(209, 'cerenosa@yahoo.com', '2025-01-19 08:49:30', '2025-01-19 08:49:30'),
(210, 'tuessywnic@yahoo.com', '2025-01-19 09:02:19', '2025-01-19 09:02:19'),
(211, 'engesanpitr@yahoo.com', '2025-01-19 09:59:58', '2025-01-19 09:59:58'),
(212, 'cavataioroailia@yahoo.com', '2025-01-19 14:47:16', '2025-01-19 14:47:16'),
(213, 'oinrnqfxgqougq@yahoo.com', '2025-01-19 14:47:21', '2025-01-19 14:47:21'),
(214, 'alederrer@yahoo.com', '2025-01-19 18:36:53', '2025-01-19 18:36:53'),
(215, 'ouifableeo65glyph13uy@gmail.com', '2025-01-19 19:54:22', '2025-01-19 19:54:22'),
(216, 'g4lck7sjcwdh@yahoo.com', '2025-01-19 20:54:26', '2025-01-19 20:54:26'),
(217, 'bernthalzumaeta@yahoo.com', '2025-01-19 21:00:22', '2025-01-19 21:00:22'),
(218, 'lunarau72oracle74@gmail.com', '2025-01-19 21:23:20', '2025-01-19 21:23:20'),
(219, 'n4mmrq5zzgb71hlaw@yahoo.com', '2025-01-19 22:48:43', '2025-01-19 22:48:43'),
(220, 'e4hw8b6euwadxdf7v@yahoo.com', '2025-01-20 00:42:55', '2025-01-20 00:42:55'),
(221, 'dscalttjsd@yahoo.com', '2025-01-20 01:01:21', '2025-01-20 01:01:21'),
(222, 'nugyrexhrweckbcyt@yahoo.com', '2025-01-20 02:20:50', '2025-01-20 02:20:50'),
(223, 'anukovwde@yahoo.com', '2025-01-20 05:39:31', '2025-01-20 05:39:31'),
(224, 'yhlrrhingqlms@yahoo.com', '2025-01-20 07:58:07', '2025-01-20 07:58:07'),
(225, 'scragscouman@yahoo.com', '2025-01-20 08:34:14', '2025-01-20 08:34:14'),
(226, 'no1ofpyijwny@yahoo.com', '2025-01-20 10:37:18', '2025-01-20 10:37:18'),
(227, 'erteliske@yahoo.com', '2025-01-20 13:13:25', '2025-01-20 13:13:25'),
(228, 'telay9adrjxsed2i@yahoo.com', '2025-01-20 16:36:28', '2025-01-20 16:36:28'),
(229, 'ycrescentuo44chime76oi@gmail.com', '2025-01-20 17:58:27', '2025-01-20 17:58:27'),
(230, 'drafbyhqbra@yahoo.com', '2025-01-20 18:01:44', '2025-01-20 18:01:44'),
(231, 'katirebasbene@yahoo.com', '2025-01-20 18:32:24', '2025-01-20 18:32:24'),
(232, 'u1rtqemrhu@yahoo.com', '2025-01-20 19:30:17', '2025-01-20 19:30:17'),
(233, 'iuthilon@yahoo.com', '2025-01-20 19:56:03', '2025-01-20 19:56:03'),
(234, 'qxwlmvvqlcwvewcti@yahoo.com', '2025-01-20 20:21:19', '2025-01-20 20:21:19'),
(235, 'slpheferett@yahoo.com', '2025-01-20 22:23:10', '2025-01-20 22:23:10'),
(236, 'rigngqepbjtpaodqh@yahoo.com', '2025-01-20 23:11:13', '2025-01-20 23:11:13'),
(237, 'lwrqzeclx@yahoo.com', '2025-01-21 00:15:32', '2025-01-21 00:15:32'),
(238, 'uogossamerechooy@gmail.com', '2025-01-21 02:25:42', '2025-01-21 02:25:42'),
(239, 'eldxldpanjjcnvvl@yahoo.com', '2025-01-21 03:47:20', '2025-01-21 03:47:20'),
(240, 'kdwyrqeqiqk@yahoo.com', '2025-01-21 04:49:31', '2025-01-21 04:49:31'),
(241, 'iofveywxxloukbbso@yahoo.com', '2025-01-21 06:21:24', '2025-01-21 06:21:24'),
(242, 'yewtlsxo9hh7@yahoo.com', '2025-01-21 07:23:58', '2025-01-21 07:23:58'),
(243, 'borealzeal86@gmail.com', '2025-01-21 08:28:45', '2025-01-21 08:28:45'),
(244, 'ifrshoqbsmrkw@yahoo.com', '2025-01-21 10:38:16', '2025-01-21 10:38:16'),
(245, 'lareryscaff@yahoo.com', '2025-01-21 13:36:48', '2025-01-21 13:36:48'),
(246, 'tacgendgcbcfl@yahoo.com', '2025-01-21 14:42:10', '2025-01-21 14:42:10'),
(247, 'wjyewvojdm4fy@yahoo.com', '2025-01-21 15:53:09', '2025-01-21 15:53:09'),
(248, 'hiavettarovinky@yahoo.com', '2025-01-21 16:37:24', '2025-01-21 16:37:24'),
(249, 'weinweigsptzmiler@yahoo.com', '2025-01-21 18:16:55', '2025-01-21 18:16:55'),
(250, 'ipipny6qm@yahoo.com', '2025-01-21 19:32:15', '2025-01-21 19:32:15'),
(251, 'mscubxogtsxf@yahoo.com', '2025-01-21 19:50:24', '2025-01-21 19:50:24'),
(252, 'tapvohdvpjubuq@yahoo.com', '2025-01-21 20:50:30', '2025-01-21 20:50:30'),
(253, 'onirvanaae9pinnacle99@gmail.com', '2025-01-21 21:56:42', '2025-01-21 21:56:42'),
(254, 'obsidianoui8pinnacle@gmail.com', '2025-01-21 22:16:16', '2025-01-21 22:16:16'),
(255, 'ivt5peusrrkdr5@yahoo.com', '2025-01-21 22:43:07', '2025-01-21 22:43:07'),
(256, 'griagtsubrqbnkb@yahoo.com', '2025-01-22 00:20:14', '2025-01-22 00:20:14'),
(257, 'dihwwfsgbhcdfwv@yahoo.com', '2025-01-22 00:23:13', '2025-01-22 00:23:13'),
(258, 'vgq5tsfaxn@yahoo.com', '2025-01-22 00:23:22', '2025-01-22 00:23:22'),
(259, 'toedtlnicki@yahoo.com', '2025-01-22 08:21:26', '2025-01-22 08:21:26'),
(260, 'bceheggli@yahoo.com', '2025-01-22 11:00:19', '2025-01-22 11:00:19'),
(261, 'tkcfntryhsmbi@yahoo.com', '2025-01-22 13:29:21', '2025-01-22 13:29:21'),
(262, 'cidngfqym@yahoo.com', '2025-01-22 14:27:26', '2025-01-22 14:27:26'),
(263, 'fwtfds7q6v1f@yahoo.com', '2025-01-22 15:53:20', '2025-01-22 15:53:20'),
(264, 'chinasjoukens@yahoo.com', '2025-01-22 17:24:49', '2025-01-22 17:24:49'),
(265, 'dnmj9ey3uunngk@yahoo.com', '2025-01-22 18:56:41', '2025-01-22 18:56:41'),
(266, 'smlerotschng@yahoo.com', '2025-01-22 19:16:15', '2025-01-22 19:16:15'),
(267, 'exctpaxnrjkd@yahoo.com', '2025-01-22 21:32:18', '2025-01-22 21:32:18'),
(268, 'wchtgjsoemn@yahoo.com', '2025-01-22 23:22:36', '2025-01-22 23:22:36'),
(269, 'tincupdnom@yahoo.com', '2025-01-23 01:31:07', '2025-01-23 01:31:07'),
(270, 'zvolenskystebaboatwriht@yahoo.com', '2025-01-23 03:53:18', '2025-01-23 03:53:18'),
(271, 'dttfurthfeineich@yahoo.com', '2025-01-23 06:54:28', '2025-01-23 06:54:28'),
(272, 'runbergcauino@yahoo.com', '2025-01-23 08:55:22', '2025-01-23 08:55:22'),
(273, 'piotgyfgnrahnejn@yahoo.com', '2025-01-23 08:58:29', '2025-01-23 08:58:29'),
(274, 'cirssuvansri@yahoo.com', '2025-01-23 12:13:29', '2025-01-23 12:13:29'),
(275, 'xpqwqlsbghvoybn@yahoo.com', '2025-01-23 13:48:20', '2025-01-23 13:48:20'),
(276, 'rddhhihumn@yahoo.com', '2025-01-23 14:59:22', '2025-01-23 14:59:22'),
(277, 'omgnlfoyvtbavcqo@yahoo.com', '2025-01-23 16:07:13', '2025-01-23 16:07:13'),
(278, 'champoirezell@yahoo.com', '2025-01-23 17:51:52', '2025-01-23 17:51:52'),
(279, 'Margaret0Andrews2207@gmail.com', '2025-01-23 18:13:10', '2025-01-23 18:13:10'),
(280, 'cjxdotqfdi@yahoo.com', '2025-01-23 19:13:42', '2025-01-23 19:13:42'),
(281, 'xnhf4nswsuu1gj3s6@yahoo.com', '2025-01-23 21:51:20', '2025-01-23 21:51:20'),
(282, 'aw1beuahlpfgjn42b@yahoo.com', '2025-01-23 23:04:23', '2025-01-23 23:04:23'),
(283, 'sb4xepjtiir2@yahoo.com', '2025-01-24 01:46:01', '2025-01-24 01:46:01'),
(284, 'bl6den8qs@yahoo.com', '2025-01-24 02:26:22', '2025-01-24 02:26:22'),
(285, 'breuningschiavottiello@yahoo.com', '2025-01-24 03:44:45', '2025-01-24 03:44:45'),
(286, 'xm1tcd00w@yahoo.com', '2025-01-24 07:01:24', '2025-01-24 07:01:24'),
(287, 'kp1btjeryr0it3@yahoo.com', '2025-01-24 17:55:46', '2025-01-24 17:55:46'),
(288, 'Toni7Eleanor0234@gmail.com', '2025-01-24 18:19:29', '2025-01-24 18:19:29'),
(289, 'mcktkkeegk0r@yahoo.com', '2025-01-24 19:23:40', '2025-01-24 19:23:40'),
(290, 'ulonolwalski@yahoo.com', '2025-01-24 20:47:29', '2025-01-24 20:47:29'),
(291, 'renjlajefr@yahoo.com', '2025-01-24 21:01:20', '2025-01-24 21:01:20'),
(292, 'poouicyhynb@yahoo.com', '2025-01-24 23:11:20', '2025-01-24 23:11:20'),
(293, 'huptcliibuphcq@yahoo.com', '2025-01-24 23:18:26', '2025-01-24 23:18:26'),
(294, 'ingtocfi0vhwvucwv@yahoo.com', '2025-01-24 23:20:27', '2025-01-24 23:20:27'),
(295, 'Arthur3Foster1480@gmail.com', '2025-01-25 01:37:15', '2025-01-25 01:37:15'),
(296, 'verbuggenlibeson@yahoo.com', '2025-01-25 03:22:16', '2025-01-25 03:22:16'),
(297, 'Abbie8Mason5200@gmail.com', '2025-01-25 04:30:20', '2025-01-25 04:30:20'),
(298, 'gjefbjxbwyhblyrf@yahoo.com', '2025-01-25 04:31:57', '2025-01-25 04:31:57'),
(299, 'Adele4Nguyen5694@gmail.com', '2025-01-25 05:57:26', '2025-01-25 05:57:26');

-- --------------------------------------------------------

--
-- Table structure for table `themes`
--

CREATE TABLE `themes` (
  `id` bigint(20) UNSIGNED NOT NULL,
  `name` varchar(255) NOT NULL,
  `type` enum('landing','site') NOT NULL DEFAULT 'landing',
  `status` tinyint(1) NOT NULL,
  `created_at` timestamp NULL DEFAULT NULL,
  `updated_at` timestamp NULL DEFAULT NULL
) ENGINE=InnoDB DEFAULT CHARSET=utf8mb4 COLLATE=utf8mb4_unicode_ci;

--
-- Dumping data for table `themes`
--

INSERT INTO `themes` (`id`, `name`, `type`, `status`, `created_at`, `updated_at`) VALUES
(1, 'default', 'site', 1, '2023-07-04 18:47:28', '2023-08-22 13:32:24'),
(2, 'money_invest', 'site', 0, '2023-07-04 18:47:28', '2023-08-22 13:32:24'),
(3, 'mining_invest', 'site', 0, '2023-07-04 18:47:28', '2023-08-04 11:05:08');

-- --------------------------------------------------------

--
-- Table structure for table `tickets`
--

CREATE TABLE `tickets` (
  `id` bigint(20) UNSIGNED NOT NULL,
  `uuid` char(36) DEFAULT NULL,
  `user_id` bigint(20) UNSIGNED NOT NULL,
  `title` varchar(255) NOT NULL,
  `message` text DEFAULT NULL,
  `attach` varchar(300) DEFAULT NULL,
  `priority` varchar(255) NOT NULL DEFAULT 'low',
  `status` varchar(255) NOT NULL DEFAULT 'open',
  `is_resolved` tinyint(1) NOT NULL DEFAULT 0,
  `is_locked` tinyint(1) NOT NULL DEFAULT 0,
  `created_at` timestamp NULL DEFAULT NULL,
  `updated_at` timestamp NULL DEFAULT NULL
) ENGINE=InnoDB DEFAULT CHARSET=utf8mb4 COLLATE=utf8mb4_unicode_ci;

-- --------------------------------------------------------

--
-- Table structure for table `transactions`
--

CREATE TABLE `transactions` (
  `id` bigint(20) UNSIGNED NOT NULL,
  `user_id` int(10) UNSIGNED NOT NULL,
  `from_user_id` int(10) UNSIGNED DEFAULT NULL,
  `from_model` varchar(255) NOT NULL DEFAULT 'User',
  `target_id` bigint(20) DEFAULT NULL,
  `target_type` varchar(256) DEFAULT NULL,
  `is_level` tinyint(1) DEFAULT 0,
  `tnx` varchar(255) NOT NULL,
  `description` varchar(255) DEFAULT NULL,
  `amount` varchar(255) NOT NULL,
  `type` varchar(255) NOT NULL,
  `charge` varchar(255) NOT NULL DEFAULT '0',
  `final_amount` varchar(255) NOT NULL DEFAULT '0',
  `method` varchar(255) DEFAULT NULL,
  `pay_currency` varchar(256) DEFAULT NULL,
  `pay_amount` double DEFAULT NULL,
  `manual_field_data` text DEFAULT NULL,
  `approval_cause` text DEFAULT NULL,
  `status` varchar(255) NOT NULL,
  `created_at` timestamp NULL DEFAULT NULL,
  `updated_at` timestamp NULL DEFAULT NULL
) ENGINE=InnoDB DEFAULT CHARSET=utf8mb4 COLLATE=utf8mb4_unicode_ci;

--
-- Dumping data for table `transactions`
--

INSERT INTO `transactions` (`id`, `user_id`, `from_user_id`, `from_model`, `target_id`, `target_type`, `is_level`, `tnx`, `description`, `amount`, `type`, `charge`, `final_amount`, `method`, `pay_currency`, `pay_amount`, `manual_field_data`, `approval_cause`, `status`, `created_at`, `updated_at`) VALUES
(1, 971, NULL, 'User', NULL, NULL, 0, 'TRXLXCEDXKVNN', 'Signup Bonus', '8', 'signup_bonus', '0', '8', 'system', NULL, NULL, '[]', 'none', 'success', '2025-01-08 20:47:05', '2025-01-08 20:47:05'),
(2, 972, NULL, 'User', NULL, NULL, 0, 'TRXRVXIU3KTXD', 'Signup Bonus', '8', 'signup_bonus', '0', '8', 'system', NULL, NULL, '[]', 'none', 'success', '2025-01-08 23:45:24', '2025-01-08 23:45:24'),
(3, 972, NULL, 'User', NULL, NULL, 0, 'TRXD8JOM944ZJ', 'Deposit With Bitcoin', '3000', 'manual_deposit', '0', '3000', 'BTC', 'USD', 3000, '{\"Upload payment receipt\":\"global\\/images\\/r3TupqiagwsYMy8CaSVI.jpg\"}', '', 'success', '2025-01-08 23:48:04', '2025-01-08 23:53:00'),
(4, 971, 972, 'User', 1, 'deposit', 1, 'TRXL9KIYSQUGR', 'Deposit Referral Bonus Via Cynthia Shallot - Level 1', '60', 'referral', '0', '60', 'system', NULL, NULL, '[]', 'none', 'success', '2025-01-08 23:52:59', '2025-01-08 23:52:59'),
(5, 1, 972, 'User', 2, 'deposit', 1, 'TRXVL2V94GJNW', 'Deposit Referral Bonus Via Cynthia Shallot - Level 2', '150', 'referral', '0', '150', 'system', NULL, NULL, '[]', 'none', 'success', '2025-01-08 23:52:59', '2025-01-08 23:52:59'),
(6, 973, NULL, 'User', NULL, NULL, 0, 'TRXHOJOIGREP2', 'Signup Bonus', '8', 'signup_bonus', '0', '8', 'system', NULL, NULL, '[]', 'none', 'success', '2025-01-09 03:21:33', '2025-01-09 03:21:33'),
(7, 973, NULL, 'User', NULL, NULL, 0, 'TRXXXSAHPQUJI', 'Deposit With Bitcoin', '2000', 'manual_deposit', '0', '2000', 'BTC', 'USD', 2000, '{\"Upload payment receipt\":\"global\\/images\\/hXHdJhaKvZsHY84Svlsz.png\"}', '', 'success', '2025-01-09 03:35:12', '2025-01-09 04:02:47'),
(8, 972, 973, 'User', 1, 'deposit', 1, 'TRXDJ3UFWQS3D', 'Deposit Referral Bonus Via Simpson George - Level 1', '40', 'referral', '0', '40', 'system', NULL, NULL, '[]', 'none', 'success', '2025-01-09 04:02:46', '2025-01-09 04:02:46'),
(9, 971, 973, 'User', 2, 'deposit', 1, 'TRX3A4LMVAYJS', 'Deposit Referral Bonus Via Simpson George - Level 2', '100', 'referral', '0', '100', 'system', NULL, NULL, '[]', 'none', 'success', '2025-01-09 04:02:46', '2025-01-09 04:02:46'),
(10, 1, 972, 'User', 3, 'deposit', 1, 'TRX4ZGRJKWHCX', 'Deposit Referral Bonus Via Cynthia Shallot - Level 3', '200', 'referral', '0', '200', 'system', NULL, NULL, '[]', 'none', 'success', '2025-01-09 04:02:47', '2025-01-09 04:02:47'),
(11, 973, NULL, 'User', NULL, NULL, 0, 'TRXJP4SFRODHJ', 'Deposit With Bitcoin', '2000', 'manual_deposit', '0', '2000', 'BTC', 'USD', 2000, '{\"Upload payment receipt\":\"global\\/images\\/3DjXl5zZumntzSUGmKg5.png\"}', '', 'success', '2025-01-09 04:05:28', '2025-01-09 21:44:21'),
(12, 973, NULL, 'User', NULL, NULL, 0, 'TRX6SYNSXBQOL', 'Standard Plan Plan Invested', '2000', 'investment', '0', '2000', 'system', NULL, NULL, '[]', 'none', 'success', '2025-01-09 04:55:25', '2025-01-09 04:55:25'),
(13, 972, 973, 'User', 1, 'investment', 1, 'TRXUAEALLXSVR', 'Investment Referral Bonus Via Simpson George - Level 1', '60', 'referral', '0', '60', 'system', NULL, NULL, '[]', 'none', 'success', '2025-01-09 04:55:25', '2025-01-09 04:55:25'),
(14, 971, 973, 'User', 2, 'investment', 1, 'TRXZPRUJQ83KZ', 'Investment Referral Bonus Via Simpson George - Level 2', '120', 'referral', '0', '120', 'system', NULL, NULL, '[]', 'none', 'success', '2025-01-09 04:55:25', '2025-01-09 04:55:25'),
(15, 1, 972, 'User', 3, 'investment', 1, 'TRX7DMAQTF9U7', 'Investment Referral Bonus Via Cynthia Shallot - Level 3', '200', 'referral', '0', '200', 'system', NULL, NULL, '[]', 'none', 'success', '2025-01-09 04:55:26', '2025-01-09 04:55:26'),
(16, 974, NULL, 'User', NULL, NULL, 0, 'TRXQTLYRCNJTE', 'Signup Bonus', '8', 'signup_bonus', '0', '8', 'system', NULL, NULL, '[]', 'none', 'success', '2025-01-09 21:18:59', '2025-01-09 21:18:59'),
(17, 974, NULL, 'User', NULL, NULL, 0, 'TRXSUSIUXUEBB', 'Deposit With Bitcoin', '3000', 'deposit', '0', '3000', 'BTC', 'USD', 3000, '[]', 'none', 'pending', '2025-01-09 21:34:29', '2025-01-09 21:34:29'),
(18, 972, 973, 'User', 1, 'deposit', 1, 'TRXWLWRZMKE0Z', 'Deposit Referral Bonus Via Simpson George - Level 1', '40', 'referral', '0', '40', 'system', NULL, NULL, '[]', 'none', 'success', '2025-01-09 21:44:20', '2025-01-09 21:44:20'),
(19, 971, 973, 'User', 2, 'deposit', 1, 'TRXDV6XW5AGDJ', 'Deposit Referral Bonus Via Simpson George - Level 2', '100', 'referral', '0', '100', 'system', NULL, NULL, '[]', 'none', 'success', '2025-01-09 21:44:20', '2025-01-09 21:44:20'),
(20, 1, 972, 'User', 3, 'deposit', 1, 'TRXRA61IUJEX1', 'Deposit Referral Bonus Via Cynthia Shallot - Level 3', '200', 'referral', '0', '200', 'system', NULL, NULL, '[]', 'none', 'success', '2025-01-09 21:44:20', '2025-01-09 21:44:20'),
(21, 974, NULL, 'User', NULL, NULL, 0, 'TRXSXFZCVOB9A', 'Deposit With Bitcoin', '3000', 'deposit', '0', '3000', 'BTC', 'USD', 3000, '[]', 'none', 'pending', '2025-01-09 21:46:09', '2025-01-09 21:46:09'),
(22, 972, NULL, 'User', NULL, NULL, 0, 'TRXXOER30QO7T', 'Standard Plan Plan Invested', '2000', 'investment', '0', '2000', 'system', NULL, NULL, '[]', 'none', 'success', '2025-01-09 22:00:07', '2025-01-09 22:00:07'),
(23, 971, 972, 'User', 1, 'investment', 1, 'TRXVSZ2OAIQJ2', 'Investment Referral Bonus Via Cynthia Shallot - Level 1', '60', 'referral', '0', '60', 'system', NULL, NULL, '[]', 'none', 'success', '2025-01-09 22:00:08', '2025-01-09 22:00:08'),
(24, 1, 972, 'User', 2, 'investment', 1, 'TRXATLHL9UXUD', 'Investment Referral Bonus Via Cynthia Shallot - Level 2', '120', 'referral', '0', '120', 'system', NULL, NULL, '[]', 'none', 'success', '2025-01-09 22:00:10', '2025-01-09 22:00:10'),
(25, 974, NULL, 'User', NULL, NULL, 0, 'TRX5KJF2Y2QYY', 'Deposit With USDT', '3000', 'manual_deposit', '0', '3000', 'tether', 'USD', 3000, '{\"Upload payment receipt\":\"global\\/images\\/OLWSXakKP9V4gPGBH2CP.jpg\"}', '', 'success', '2025-01-09 22:23:06', '2025-01-09 22:23:50'),
(26, 972, 974, 'User', 1, 'deposit', 1, 'TRXC7N3RKFDR4', 'Deposit Referral Bonus Via Stephen Schneble - Level 1', '60', 'referral', '0', '60', 'system', NULL, NULL, '[]', 'none', 'success', '2025-01-09 22:23:50', '2025-01-09 22:23:50'),
(27, 971, 974, 'User', 2, 'deposit', 1, 'TRX1ADDEEB0PL', 'Deposit Referral Bonus Via Stephen Schneble - Level 2', '150', 'referral', '0', '150', 'system', NULL, NULL, '[]', 'none', 'success', '2025-01-09 22:23:50', '2025-01-09 22:23:50'),
(28, 1, 972, 'User', 3, 'deposit', 1, 'TRXNVYGLMKPQT', 'Deposit Referral Bonus Via Cynthia Shallot - Level 3', '300', 'referral', '0', '300', 'system', NULL, NULL, '[]', 'none', 'success', '2025-01-09 22:23:50', '2025-01-09 22:23:50'),
(29, 974, NULL, 'User', NULL, NULL, 0, 'TRXEGS1FGJIY3', 'Standard Plan Plan Invested', '2000', 'investment', '0', '2000', 'system', NULL, NULL, '[]', 'none', 'success', '2025-01-09 22:27:47', '2025-01-09 22:27:47'),
(30, 972, 974, 'User', 1, 'investment', 1, 'TRX1ZN1T53PGV', 'Investment Referral Bonus Via Stephen Schneble - Level 1', '60', 'referral', '0', '60', 'system', NULL, NULL, '[]', 'none', 'success', '2025-01-09 22:27:47', '2025-01-09 22:27:47'),
(31, 971, 974, 'User', 2, 'investment', 1, 'TRXGKAGD6M3G5', 'Investment Referral Bonus Via Stephen Schneble - Level 2', '120', 'referral', '0', '120', 'system', NULL, NULL, '[]', 'none', 'success', '2025-01-09 22:27:47', '2025-01-09 22:27:47'),
(32, 1, 972, 'User', 3, 'investment', 1, 'TRXOSZX36JKTS', 'Investment Referral Bonus Via Cynthia Shallot - Level 3', '200', 'referral', '0', '200', 'system', NULL, NULL, '[]', 'none', 'success', '2025-01-09 22:27:47', '2025-01-09 22:27:47'),
(33, 974, NULL, 'User', NULL, NULL, 0, 'TRX8JUU5V3DJZ', 'Advanced Plan Plan Invested', '500', 'investment', '0', '500', 'system', NULL, NULL, '[]', 'none', 'success', '2025-01-09 22:31:13', '2025-01-09 22:31:13'),
(34, 972, 974, 'User', 1, 'investment', 1, 'TRXA54PIFBRLI', 'Investment Referral Bonus Via Stephen Schneble - Level 1', '15', 'referral', '0', '15', 'system', NULL, NULL, '[]', 'none', 'success', '2025-01-09 22:31:14', '2025-01-09 22:31:14'),
(35, 971, 974, 'User', 2, 'investment', 1, 'TRXZ7NXRWRIRP', 'Investment Referral Bonus Via Stephen Schneble - Level 2', '30', 'referral', '0', '30', 'system', NULL, NULL, '[]', 'none', 'success', '2025-01-09 22:31:14', '2025-01-09 22:31:14'),
(36, 1, 972, 'User', 3, 'investment', 1, 'TRXNWOW9NSQSP', 'Investment Referral Bonus Via Cynthia Shallot - Level 3', '50', 'referral', '0', '50', 'system', NULL, NULL, '[]', 'none', 'success', '2025-01-09 22:31:14', '2025-01-09 22:31:14'),
(37, 975, NULL, 'User', NULL, NULL, 0, 'TRXKBREJ9JRWY', 'Signup Bonus', '8', 'signup_bonus', '0', '8', 'system', NULL, NULL, '[]', 'none', 'success', '2025-01-09 23:58:53', '2025-01-09 23:58:53'),
(38, 975, 1, 'Admin', NULL, NULL, 0, 'TRX6VBKPVKFZA', 'Money added in Main Wallet from System', '1780000', 'deposit', '0', '1780000', 'system', NULL, NULL, '[]', 'none', 'success', '2025-01-10 16:26:21', '2025-01-10 16:26:21'),
(39, 972, NULL, 'User', NULL, NULL, 0, 'TRXDD5MQL97AT', 'Withdraw With Bitcoin-USD', '1000', 'withdraw', '0', '1000', 'Bitcoin', 'USD', 1000, '{\"Please confirm your withdrawal address\":{\"type\":\"text\",\"validation\":\"required\",\"value\":\"1PpEAK6mVy7M9gu1rMqVYowKCncj9NktYV\"}}', 'Withdrawal approval', 'success', '2025-01-13 05:05:38', '2025-01-13 05:07:27'),
(40, 971, NULL, 'User', NULL, NULL, 0, 'TRX9OSX9T33SD', 'Deposit With Bitcoin', '500', 'manual_deposit', '0', '500', 'BTC', 'USD', 500, '{\"Upload payment receipt\":\"global\\/images\\/vkiAIuNxTvxwJ5SlE80s.jpg\"}', '', 'success', '2025-01-17 14:24:48', '2025-01-17 14:25:50'),
(41, 1, 971, 'User', 1, 'deposit', 1, 'TRXEDUQF30ZCP', 'Deposit Referral Bonus Via Valeria Dan - Level 1', '10', 'referral', '0', '10', 'system', NULL, NULL, '[]', 'none', 'success', '2025-01-17 14:25:50', '2025-01-17 14:25:50'),
(42, 971, NULL, 'User', NULL, NULL, 0, 'TRXRACPDZ8EU9', 'Withdraw With Bitcoin-USD', '100', 'withdraw', '0', '100', 'Bitcoin', 'USD', 100, '{\"Please confirm your withdrawal address\":{\"type\":\"text\",\"validation\":\"required\",\"value\":\"Hakjfsb8nmvysbm0avfsldbyefeoehvs\"}}', '', 'success', '2025-01-17 14:29:06', '2025-01-22 09:55:00'),
(43, 976, NULL, 'User', NULL, NULL, 0, 'TRXMOPY0LAT6E', 'Signup Bonus', '8', 'signup_bonus', '0', '8', 'system', NULL, NULL, '[]', 'none', 'success', '2025-01-19 21:50:24', '2025-01-19 21:50:24'),
(44, 976, NULL, 'User', NULL, NULL, 0, 'TRXLATEU5H8JS', 'Deposit With Bitcoin', '2000', 'manual_deposit', '0', '2000', 'BTC', 'USD', 2000, '{\"Upload payment receipt\":\"global\\/images\\/zOTlDb4t30aCDc0mZOuO.png\"}', 'none', 'pending', '2025-01-19 21:51:48', '2025-01-19 21:51:48'),
(45, 971, NULL, 'User', NULL, NULL, 0, 'TRXJ5DSSNKRJ6', 'Withdraw With Bitcoin-USD', '100', 'withdraw', '0', '100', 'Bitcoin', 'USD', 100, '{\"Please confirm your withdrawal address\":{\"type\":\"text\",\"validation\":\"required\",\"value\":\"Hakjfsb8nmvysbm0avfsldbyefeoehvs\"}}', 'Withdrawal approved successfully', 'success', '2025-01-22 09:54:11', '2025-01-22 09:55:30');

-- --------------------------------------------------------

--
-- Table structure for table `users`
--

CREATE TABLE `users` (
  `id` bigint(20) UNSIGNED NOT NULL,
  `ranking_id` bigint(20) DEFAULT NULL,
  `rankings` longtext CHARACTER SET utf8mb4 COLLATE utf8mb4_bin DEFAULT NULL,
  `avatar` varchar(256) DEFAULT NULL,
  `first_name` varchar(255) NOT NULL,
  `last_name` varchar(255) NOT NULL,
  `country` varchar(255) NOT NULL,
  `phone` varchar(255) NOT NULL,
  `username` varchar(255) NOT NULL,
  `email` varchar(255) NOT NULL,
  `gender` enum('male','female','other','') NOT NULL DEFAULT '',
  `date_of_birth` date DEFAULT NULL,
  `city` varchar(255) DEFAULT NULL,
  `zip_code` varchar(255) DEFAULT NULL,
  `address` text DEFAULT NULL,
  `balance` float(10,2) NOT NULL DEFAULT 0.00,
  `profit_balance` float(10,2) NOT NULL DEFAULT 0.00,
  `status` tinyint(1) NOT NULL DEFAULT 1,
  `ref_id` int(11) DEFAULT NULL,
  `kyc` tinyint(1) NOT NULL DEFAULT 0,
  `kyc_credential` longtext CHARACTER SET utf8mb4 COLLATE utf8mb4_bin DEFAULT NULL,
  `google2fa_secret` text DEFAULT NULL,
  `two_fa` tinyint(1) NOT NULL DEFAULT 0,
  `deposit_status` tinyint(1) NOT NULL DEFAULT 1,
  `withdraw_status` tinyint(1) NOT NULL DEFAULT 1,
  `transfer_status` tinyint(1) NOT NULL DEFAULT 1,
  `email_verified_at` timestamp NULL DEFAULT NULL,
  `password` varchar(255) NOT NULL,
  `remember_token` varchar(100) DEFAULT NULL,
  `created_at` timestamp NULL DEFAULT NULL,
  `updated_at` timestamp NULL DEFAULT NULL
) ENGINE=InnoDB DEFAULT CHARSET=utf8mb4 COLLATE=utf8mb4_unicode_ci;

--
-- Dumping data for table `users`
--

INSERT INTO `users` (`id`, `ranking_id`, `rankings`, `avatar`, `first_name`, `last_name`, `country`, `phone`, `username`, `email`, `gender`, `date_of_birth`, `city`, `zip_code`, `address`, `balance`, `profit_balance`, `status`, `ref_id`, `kyc`, `kyc_credential`, `google2fa_secret`, `two_fa`, `deposit_status`, `withdraw_status`, `transfer_status`, `email_verified_at`, `password`, `remember_token`, `created_at`, `updated_at`) VALUES
(1, 1, '[1]', NULL, 'Ezikanyi', 'Valentine', 'Nigeria', '+234 ', 'EzikanyiValentine6675', 'Nairamateweb@gmail.com', '', NULL, NULL, NULL, NULL, 0.00, 1438.00, 1, NULL, 0, NULL, NULL, 0, 1, 1, 1, '2024-03-04 03:36:30', '$2y$10$FA3ImqQ1wNeGWPw6/gC.auNSFoljIXTiGjT6pYUT/QhHsMPD/uHie', NULL, '2024-03-04 03:33:40', '2025-01-17 14:25:50'),
(971, 1, '[1]', 'global/images/q648u5LPaKaxBfqA9jA4.jpg', 'Valeria', 'Dan', 'Italy', '+234', 'ValeriaDan5331', 'valeriadan006@gmail.com', 'female', NULL, '', '', '', 300.00, 748.00, 1, 1, 1, NULL, NULL, 1, 1, 1, 1, '2025-01-17 14:11:00', '$2y$10$YKR6KNzdZGXSOCC0uDxOXOcgN4op.jJDSOsGIWbJSpvS/aQeVkA86', NULL, '2025-01-08 20:47:03', '2025-01-22 09:54:11'),
(972, 1, '[1]', NULL, 'Cynthia', 'Shallot', 'United States', '+1 ', 'CynthiaShallot6064', 'cynthiashallot14@gmail.com', '', NULL, NULL, NULL, NULL, 0.00, 283.00, 1, 971, 1, NULL, NULL, 1, 1, 1, 1, '2025-01-12 00:40:55', '$2y$10$/bc5HYXL40hBXtWUNdKJ0.ebb/m9sWsoWBc.eMq7fhGeZZlTENbuu', 'pYZ4aT5QZELrWZpUSUNs9f80LAqUwDv4JONSFPH5Nr8dYxrWSiIoUc3hp6jk', '2025-01-08 23:45:10', '2025-01-13 05:05:38'),
(973, 1, '[1]', NULL, 'Simpson', 'George', 'Ecuador', '+1 7408253264', 'SimpsonGeorge7847', 'gs2911275@gmail', 'male', NULL, '', '', '', 2000.00, 8.00, 1, 972, 1, NULL, NULL, 1, 1, 1, 1, '2025-01-12 00:42:05', '$2y$10$3LnQMTU47w37HkWlQIWeQ.VFQGDYSgpP/GEC7pswXp8u9PmyKsNEy', NULL, '2025-01-09 03:21:32', '2025-01-12 00:42:05'),
(974, 1, '[1]', NULL, 'Stephen', 'schneble', 'Nigeria', '+234 ', 'Stephenschneble6665', 'stephenschneble@gmail.com', '', NULL, NULL, NULL, NULL, 500.00, 8.00, 1, 972, 1, NULL, NULL, 1, 1, 1, 1, '2025-01-12 00:42:43', '$2y$10$ms9AtU6pP/v.bjMm9VWeWOPGYQq0SPK2VUASCndQSNudWWZ9S6zrC', 'bu7ecvI2Uan8sJT53YQF4Ig8gaJAipkMxD6DfKkKYXWa2m5CE8nSwhxhD4lI', '2025-01-09 21:18:58', '2025-01-12 00:42:43'),
(975, 1, '[1]', NULL, 'Angel Medina', 'Valeria Dan', 'Mexico', '+234 ', 'Angel MedinaValeria Dan5414', 'luisangelmedinatorres09@gmail.com', '', NULL, NULL, NULL, NULL, 1780000.00, 8.00, 1, 971, 1, NULL, NULL, 1, 1, 1, 1, '2025-01-12 00:39:25', '$2y$10$oEldbYY1kJUzACKJzG4vtexVPo4dGtU9HwgKoce8alsgAXi8z60mO', NULL, '2025-01-09 23:58:52', '2025-01-12 00:39:25'),
(976, 1, '[1]', NULL, 'George', 'Simpson', 'United States', '+234 ', 'GeorgeSimpson8140', 'gs2911275@gmail.com', '', NULL, NULL, NULL, NULL, 0.00, 8.00, 1, 972, 0, NULL, NULL, 0, 1, 1, 1, NULL, '$2y$10$dJTzPO6J..EvU3/m5JeuI.93wUxFd9kRBWRCrBy.oKAez/cJYHZL.', NULL, '2025-01-19 21:50:23', '2025-01-19 21:50:24');

-- --------------------------------------------------------

--
-- Table structure for table `withdrawal_schedules`
--

CREATE TABLE `withdrawal_schedules` (
  `id` bigint(20) UNSIGNED NOT NULL,
  `name` varchar(255) NOT NULL,
  `status` tinyint(1) NOT NULL,
  `created_at` timestamp NULL DEFAULT NULL,
  `updated_at` timestamp NULL DEFAULT NULL
) ENGINE=InnoDB DEFAULT CHARSET=utf8mb4 COLLATE=utf8mb4_unicode_ci;

--
-- Dumping data for table `withdrawal_schedules`
--

INSERT INTO `withdrawal_schedules` (`id`, `name`, `status`, `created_at`, `updated_at`) VALUES
(1, 'Sunday', 1, NULL, '2023-06-23 20:22:05'),
(2, 'Monday', 1, NULL, '2023-06-23 20:22:05'),
(3, 'Tuesday', 1, NULL, '2023-06-23 20:22:05'),
(4, 'Wednesday', 1, NULL, '2023-06-23 20:22:05'),
(5, 'Thursday', 1, NULL, '2023-06-23 20:22:05'),
(6, 'Friday', 1, NULL, '2023-06-23 20:22:05'),
(7, 'Saturday', 1, NULL, '2023-06-23 20:22:05');

-- --------------------------------------------------------

--
-- Table structure for table `withdraw_accounts`
--

CREATE TABLE `withdraw_accounts` (
  `id` bigint(20) UNSIGNED NOT NULL,
  `user_id` bigint(20) UNSIGNED NOT NULL,
  `withdraw_method_id` bigint(20) UNSIGNED NOT NULL,
  `method_name` varchar(255) NOT NULL,
  `credentials` text NOT NULL,
  `created_at` timestamp NULL DEFAULT NULL,
  `updated_at` timestamp NULL DEFAULT NULL
) ENGINE=InnoDB DEFAULT CHARSET=utf8mb4 COLLATE=utf8mb4_unicode_ci;

--
-- Dumping data for table `withdraw_accounts`
--

INSERT INTO `withdraw_accounts` (`id`, `user_id`, `withdraw_method_id`, `method_name`, `credentials`, `created_at`, `updated_at`) VALUES
(1, 972, 1, 'Bitcoin-USD', '{\"Please confirm your withdrawal address\":{\"type\":\"text\",\"validation\":\"required\",\"value\":\"1PpEAK6mVy7M9gu1rMqVYowKCncj9NktYV\"}}', '2025-01-13 05:04:53', '2025-01-13 05:04:53'),
(2, 974, 1, 'Bitcoin-USD', '{\"Please confirm your withdrawal address\":{\"type\":\"text\",\"validation\":\"required\",\"value\":\"3000\"}}', '2025-01-13 05:23:04', '2025-01-13 05:23:04'),
(3, 974, 1, 'Bitcoin-USD', '{\"Please confirm your withdrawal address\":{\"type\":\"text\",\"validation\":\"required\",\"value\":\"3000\"}}', '2025-01-13 05:28:18', '2025-01-13 05:28:18'),
(4, 974, 1, 'Bitcoin-USD', '{\"Please confirm your withdrawal address\":{\"type\":\"text\",\"validation\":\"required\",\"value\":\"1PpEAK6mVy7M9gu1rMqVYowKCncj9NktYV\"}}', '2025-01-13 05:32:24', '2025-01-13 05:32:24'),
(5, 971, 1, 'Bitcoin-USD', '{\"Please confirm your withdrawal address\":{\"type\":\"text\",\"validation\":\"required\",\"value\":\"Hakjfsb8nmvysbm0avfsldbyefeoehvs\"}}', '2025-01-17 14:19:00', '2025-01-17 14:19:00'),
(6, 971, 1, 'Bitcoin-USD', '{\"Please confirm your withdrawal address\":{\"type\":\"text\",\"validation\":\"required\",\"value\":\"Hakjfsb8nmvysbm0avfsldbyefeoehvs\"}}', '2025-01-17 14:22:47', '2025-01-17 14:22:47');

-- --------------------------------------------------------

--
-- Table structure for table `withdraw_methods`
--

CREATE TABLE `withdraw_methods` (
  `id` bigint(20) UNSIGNED NOT NULL,
  `icon` varchar(255) NOT NULL,
  `type` varchar(255) DEFAULT 'manual',
  `gateway_id` varchar(255) DEFAULT NULL,
  `name` varchar(255) NOT NULL,
  `currency` varchar(255) NOT NULL,
  `rate` double NOT NULL,
  `required_time` varchar(255) NOT NULL,
  `required_time_format` varchar(255) NOT NULL,
  `charge` double NOT NULL,
  `charge_type` varchar(255) NOT NULL,
  `min_withdraw` varchar(255) NOT NULL,
  `max_withdraw` varchar(255) NOT NULL,
  `fields` text NOT NULL,
  `status` tinyint(1) NOT NULL DEFAULT 1,
  `created_at` timestamp NULL DEFAULT NULL,
  `updated_at` timestamp NULL DEFAULT NULL
) ENGINE=InnoDB DEFAULT CHARSET=utf8mb4 COLLATE=utf8mb4_unicode_ci;

--
-- Dumping data for table `withdraw_methods`
--

INSERT INTO `withdraw_methods` (`id`, `icon`, `type`, `gateway_id`, `name`, `currency`, `rate`, `required_time`, `required_time_format`, `charge`, `charge_type`, `min_withdraw`, `max_withdraw`, `fields`, `status`, `created_at`, `updated_at`) VALUES
(1, 'global/images/1aW0yhQdUHlJd40ZL8hk.png', 'manual', NULL, 'Bitcoin', 'USD', 1, '24', 'hour', 0, 'percentage', '100', '1000000', '{\"1\":{\"name\":\"Please confirm your withdrawal address\",\"type\":\"text\",\"validation\":\"required\"}}', 1, '2025-01-13 03:30:45', '2025-01-13 03:30:45'),
(2, 'global/images/cot11eQ8jVFzu6ZjMyGt.png', 'manual', NULL, 'Ethereum', 'USD', 1, '24', 'hour', 0, 'percentage', '100', '1000000', '{\"1\":{\"name\":\"Please confirm your withdrawal address\",\"type\":\"text\",\"validation\":\"required\"}}', 1, '2025-01-13 03:31:35', '2025-01-13 03:31:35'),
(3, 'global/images/EltKq49lgPWJOTTS4Z4b.png', 'manual', NULL, 'USDT', 'USD', 1, '24', 'hour', 0, 'percentage', '100', '1000000', '{\"1\":{\"name\":\"Please confirm your withdrawal address\",\"type\":\"text\",\"validation\":\"required\"}}', 1, '2025-01-13 03:33:43', '2025-01-13 03:33:43');

--
-- Indexes for dumped tables
--

--
-- Indexes for table `admins`
--
ALTER TABLE `admins`
  ADD PRIMARY KEY (`id`),
  ADD UNIQUE KEY `admins_email_unique` (`email`);

--
-- Indexes for table `blogs`
--
ALTER TABLE `blogs`
  ADD PRIMARY KEY (`id`);

--
-- Indexes for table `cache`
--
ALTER TABLE `cache`
  ADD PRIMARY KEY (`key`);

--
-- Indexes for table `cache_locks`
--
ALTER TABLE `cache_locks`
  ADD PRIMARY KEY (`key`);

--
-- Indexes for table `categories`
--
ALTER TABLE `categories`
  ADD PRIMARY KEY (`id`);

--
-- Indexes for table `custom_css`
--
ALTER TABLE `custom_css`
  ADD PRIMARY KEY (`id`);

--
-- Indexes for table `deposit_methods`
--
ALTER TABLE `deposit_methods`
  ADD PRIMARY KEY (`id`);

--
-- Indexes for table `email_templates`
--
ALTER TABLE `email_templates`
  ADD PRIMARY KEY (`id`),
  ADD UNIQUE KEY `email_templates_code_unique` (`code`);

--
-- Indexes for table `failed_jobs`
--
ALTER TABLE `failed_jobs`
  ADD PRIMARY KEY (`id`),
  ADD UNIQUE KEY `failed_jobs_uuid_unique` (`uuid`);

--
-- Indexes for table `gateways`
--
ALTER TABLE `gateways`
  ADD PRIMARY KEY (`id`),
  ADD UNIQUE KEY `gateways_gateway_code_unique` (`gateway_code`);

--
-- Indexes for table `invests`
--
ALTER TABLE `invests`
  ADD PRIMARY KEY (`id`);

--
-- Indexes for table `jobs`
--
ALTER TABLE `jobs`
  ADD PRIMARY KEY (`id`),
  ADD KEY `jobs_queue_index` (`queue`);

--
-- Indexes for table `kycs`
--
ALTER TABLE `kycs`
  ADD PRIMARY KEY (`id`),
  ADD UNIQUE KEY `kycs_name_unique` (`name`);

--
-- Indexes for table `labels`
--
ALTER TABLE `labels`
  ADD PRIMARY KEY (`id`);

--
-- Indexes for table `landing_contents`
--
ALTER TABLE `landing_contents`
  ADD PRIMARY KEY (`id`);

--
-- Indexes for table `landing_pages`
--
ALTER TABLE `landing_pages`
  ADD PRIMARY KEY (`id`);

--
-- Indexes for table `languages`
--
ALTER TABLE `languages`
  ADD PRIMARY KEY (`id`),
  ADD UNIQUE KEY `languages_locale_unique` (`locale`);

--
-- Indexes for table `level_referrals`
--
ALTER TABLE `level_referrals`
  ADD PRIMARY KEY (`id`);

--
-- Indexes for table `login_activities`
--
ALTER TABLE `login_activities`
  ADD PRIMARY KEY (`id`);

--
-- Indexes for table `messages`
--
ALTER TABLE `messages`
  ADD PRIMARY KEY (`id`);

--
-- Indexes for table `migrations`
--
ALTER TABLE `migrations`
  ADD PRIMARY KEY (`id`);

--
-- Indexes for table `model_has_permissions`
--
ALTER TABLE `model_has_permissions`
  ADD PRIMARY KEY (`permission_id`,`model_id`,`model_type`),
  ADD KEY `model_has_permissions_model_id_model_type_index` (`model_id`,`model_type`);

--
-- Indexes for table `model_has_roles`
--
ALTER TABLE `model_has_roles`
  ADD PRIMARY KEY (`role_id`,`model_id`,`model_type`),
  ADD KEY `model_has_roles_model_id_model_type_index` (`model_id`,`model_type`);

--
-- Indexes for table `navigations`
--
ALTER TABLE `navigations`
  ADD PRIMARY KEY (`id`);

--
-- Indexes for table `notifications`
--
ALTER TABLE `notifications`
  ADD PRIMARY KEY (`id`);

--
-- Indexes for table `pages`
--
ALTER TABLE `pages`
  ADD PRIMARY KEY (`id`);

--
-- Indexes for table `page_settings`
--
ALTER TABLE `page_settings`
  ADD PRIMARY KEY (`id`),
  ADD UNIQUE KEY `page_settings_key_unique` (`key`);

--
-- Indexes for table `password_resets`
--
ALTER TABLE `password_resets`
  ADD KEY `password_resets_email_index` (`email`);

--
-- Indexes for table `permissions`
--
ALTER TABLE `permissions`
  ADD PRIMARY KEY (`id`),
  ADD UNIQUE KEY `permissions_name_guard_name_unique` (`name`,`guard_name`);

--
-- Indexes for table `personal_access_tokens`
--
ALTER TABLE `personal_access_tokens`
  ADD PRIMARY KEY (`id`),
  ADD UNIQUE KEY `personal_access_tokens_token_unique` (`token`),
  ADD KEY `personal_access_tokens_tokenable_type_tokenable_id_index` (`tokenable_type`,`tokenable_id`);

--
-- Indexes for table `plugins`
--
ALTER TABLE `plugins`
  ADD PRIMARY KEY (`id`);

--
-- Indexes for table `push_notification_templates`
--
ALTER TABLE `push_notification_templates`
  ADD PRIMARY KEY (`id`);

--
-- Indexes for table `rankings`
--
ALTER TABLE `rankings`
  ADD PRIMARY KEY (`id`),
  ADD UNIQUE KEY `rankings_ranking_unique` (`ranking`),
  ADD UNIQUE KEY `rankings_ranking_name_unique` (`ranking_name`);

--
-- Indexes for table `referrals`
--
ALTER TABLE `referrals`
  ADD PRIMARY KEY (`id`);

--
-- Indexes for table `referral_links`
--
ALTER TABLE `referral_links`
  ADD PRIMARY KEY (`id`),
  ADD UNIQUE KEY `referral_links_referral_program_id_user_id_unique` (`referral_program_id`,`user_id`),
  ADD KEY `referral_links_code_index` (`code`);

--
-- Indexes for table `referral_programs`
--
ALTER TABLE `referral_programs`
  ADD PRIMARY KEY (`id`);

--
-- Indexes for table `referral_relationships`
--
ALTER TABLE `referral_relationships`
  ADD PRIMARY KEY (`id`);

--
-- Indexes for table `referral_targets`
--
ALTER TABLE `referral_targets`
  ADD PRIMARY KEY (`id`);

--
-- Indexes for table `roles`
--
ALTER TABLE `roles`
  ADD PRIMARY KEY (`id`),
  ADD UNIQUE KEY `roles_name_guard_name_unique` (`name`,`guard_name`);

--
-- Indexes for table `role_has_permissions`
--
ALTER TABLE `role_has_permissions`
  ADD PRIMARY KEY (`permission_id`,`role_id`),
  ADD KEY `role_has_permissions_role_id_foreign` (`role_id`);

--
-- Indexes for table `scheduled_task`
--
ALTER TABLE `scheduled_task`
  ADD PRIMARY KEY (`id`);

--
-- Indexes for table `schedules`
--
ALTER TABLE `schedules`
  ADD PRIMARY KEY (`id`);

--
-- Indexes for table `schemas`
--
ALTER TABLE `schemas`
  ADD PRIMARY KEY (`id`);

--
-- Indexes for table `settings`
--
ALTER TABLE `settings`
  ADD PRIMARY KEY (`id`);

--
-- Indexes for table `set_tunes`
--
ALTER TABLE `set_tunes`
  ADD PRIMARY KEY (`id`);

--
-- Indexes for table `sms_templates`
--
ALTER TABLE `sms_templates`
  ADD PRIMARY KEY (`id`);

--
-- Indexes for table `socials`
--
ALTER TABLE `socials`
  ADD PRIMARY KEY (`id`);

--
-- Indexes for table `subscriptions`
--
ALTER TABLE `subscriptions`
  ADD PRIMARY KEY (`id`),
  ADD UNIQUE KEY `subscriptions_email_unique` (`email`);

--
-- Indexes for table `themes`
--
ALTER TABLE `themes`
  ADD PRIMARY KEY (`id`);

--
-- Indexes for table `tickets`
--
ALTER TABLE `tickets`
  ADD PRIMARY KEY (`id`);

--
-- Indexes for table `transactions`
--
ALTER TABLE `transactions`
  ADD PRIMARY KEY (`id`),
  ADD UNIQUE KEY `transactions_tnx_unique` (`tnx`),
  ADD KEY `transactions_user_id_index` (`user_id`);

--
-- Indexes for table `users`
--
ALTER TABLE `users`
  ADD PRIMARY KEY (`id`),
  ADD UNIQUE KEY `users_username_unique` (`username`),
  ADD UNIQUE KEY `users_email_unique` (`email`);

--
-- Indexes for table `withdrawal_schedules`
--
ALTER TABLE `withdrawal_schedules`
  ADD PRIMARY KEY (`id`);

--
-- Indexes for table `withdraw_accounts`
--
ALTER TABLE `withdraw_accounts`
  ADD PRIMARY KEY (`id`);

--
-- Indexes for table `withdraw_methods`
--
ALTER TABLE `withdraw_methods`
  ADD PRIMARY KEY (`id`);

--
-- AUTO_INCREMENT for dumped tables
--

--
-- AUTO_INCREMENT for table `admins`
--
ALTER TABLE `admins`
  MODIFY `id` bigint(20) UNSIGNED NOT NULL AUTO_INCREMENT, AUTO_INCREMENT=2;

--
-- AUTO_INCREMENT for table `blogs`
--
ALTER TABLE `blogs`
  MODIFY `id` bigint(20) UNSIGNED NOT NULL AUTO_INCREMENT, AUTO_INCREMENT=10;

--
-- AUTO_INCREMENT for table `categories`
--
ALTER TABLE `categories`
  MODIFY `id` bigint(20) UNSIGNED NOT NULL AUTO_INCREMENT;

--
-- AUTO_INCREMENT for table `custom_css`
--
ALTER TABLE `custom_css`
  MODIFY `id` bigint(20) UNSIGNED NOT NULL AUTO_INCREMENT, AUTO_INCREMENT=2;

--
-- AUTO_INCREMENT for table `deposit_methods`
--
ALTER TABLE `deposit_methods`
  MODIFY `id` bigint(20) UNSIGNED NOT NULL AUTO_INCREMENT, AUTO_INCREMENT=3;

--
-- AUTO_INCREMENT for table `email_templates`
--
ALTER TABLE `email_templates`
  MODIFY `id` bigint(20) UNSIGNED NOT NULL AUTO_INCREMENT, AUTO_INCREMENT=29;

--
-- AUTO_INCREMENT for table `failed_jobs`
--
ALTER TABLE `failed_jobs`
  MODIFY `id` bigint(20) UNSIGNED NOT NULL AUTO_INCREMENT;

--
-- AUTO_INCREMENT for table `gateways`
--
ALTER TABLE `gateways`
  MODIFY `id` bigint(20) UNSIGNED NOT NULL AUTO_INCREMENT, AUTO_INCREMENT=31;

--
-- AUTO_INCREMENT for table `invests`
--
ALTER TABLE `invests`
  MODIFY `id` bigint(20) UNSIGNED NOT NULL AUTO_INCREMENT, AUTO_INCREMENT=5;

--
-- AUTO_INCREMENT for table `jobs`
--
ALTER TABLE `jobs`
  MODIFY `id` bigint(20) UNSIGNED NOT NULL AUTO_INCREMENT;

--
-- AUTO_INCREMENT for table `kycs`
--
ALTER TABLE `kycs`
  MODIFY `id` bigint(20) UNSIGNED NOT NULL AUTO_INCREMENT;

--
-- AUTO_INCREMENT for table `labels`
--
ALTER TABLE `labels`
  MODIFY `id` bigint(20) UNSIGNED NOT NULL AUTO_INCREMENT;

--
-- AUTO_INCREMENT for table `landing_contents`
--
ALTER TABLE `landing_contents`
  MODIFY `id` bigint(20) UNSIGNED NOT NULL AUTO_INCREMENT, AUTO_INCREMENT=80;

--
-- AUTO_INCREMENT for table `landing_pages`
--
ALTER TABLE `landing_pages`
  MODIFY `id` bigint(20) UNSIGNED NOT NULL AUTO_INCREMENT, AUTO_INCREMENT=57;

--
-- AUTO_INCREMENT for table `languages`
--
ALTER TABLE `languages`
  MODIFY `id` bigint(20) UNSIGNED NOT NULL AUTO_INCREMENT, AUTO_INCREMENT=11;

--
-- AUTO_INCREMENT for table `level_referrals`
--
ALTER TABLE `level_referrals`
  MODIFY `id` bigint(20) UNSIGNED NOT NULL AUTO_INCREMENT, AUTO_INCREMENT=10;

--
-- AUTO_INCREMENT for table `login_activities`
--
ALTER TABLE `login_activities`
  MODIFY `id` bigint(20) UNSIGNED NOT NULL AUTO_INCREMENT, AUTO_INCREMENT=33;

--
-- AUTO_INCREMENT for table `messages`
--
ALTER TABLE `messages`
  MODIFY `id` bigint(20) UNSIGNED NOT NULL AUTO_INCREMENT, AUTO_INCREMENT=3;

--
-- AUTO_INCREMENT for table `migrations`
--
ALTER TABLE `migrations`
  MODIFY `id` int(10) UNSIGNED NOT NULL AUTO_INCREMENT, AUTO_INCREMENT=136;

--
-- AUTO_INCREMENT for table `navigations`
--
ALTER TABLE `navigations`
  MODIFY `id` bigint(20) UNSIGNED NOT NULL AUTO_INCREMENT, AUTO_INCREMENT=20;

--
-- AUTO_INCREMENT for table `notifications`
--
ALTER TABLE `notifications`
  MODIFY `id` bigint(20) UNSIGNED NOT NULL AUTO_INCREMENT, AUTO_INCREMENT=30;

--
-- AUTO_INCREMENT for table `pages`
--
ALTER TABLE `pages`
  MODIFY `id` bigint(20) UNSIGNED NOT NULL AUTO_INCREMENT, AUTO_INCREMENT=55;

--
-- AUTO_INCREMENT for table `page_settings`
--
ALTER TABLE `page_settings`
  MODIFY `id` bigint(20) UNSIGNED NOT NULL AUTO_INCREMENT, AUTO_INCREMENT=7;

--
-- AUTO_INCREMENT for table `permissions`
--
ALTER TABLE `permissions`
  MODIFY `id` bigint(20) UNSIGNED NOT NULL AUTO_INCREMENT, AUTO_INCREMENT=55;

--
-- AUTO_INCREMENT for table `personal_access_tokens`
--
ALTER TABLE `personal_access_tokens`
  MODIFY `id` bigint(20) UNSIGNED NOT NULL AUTO_INCREMENT;

--
-- AUTO_INCREMENT for table `plugins`
--
ALTER TABLE `plugins`
  MODIFY `id` bigint(20) UNSIGNED NOT NULL AUTO_INCREMENT, AUTO_INCREMENT=8;

--
-- AUTO_INCREMENT for table `push_notification_templates`
--
ALTER TABLE `push_notification_templates`
  MODIFY `id` bigint(20) UNSIGNED NOT NULL AUTO_INCREMENT, AUTO_INCREMENT=13;

--
-- AUTO_INCREMENT for table `rankings`
--
ALTER TABLE `rankings`
  MODIFY `id` bigint(20) UNSIGNED NOT NULL AUTO_INCREMENT, AUTO_INCREMENT=5;

--
-- AUTO_INCREMENT for table `referrals`
--
ALTER TABLE `referrals`
  MODIFY `id` bigint(20) UNSIGNED NOT NULL AUTO_INCREMENT, AUTO_INCREMENT=5;

--
-- AUTO_INCREMENT for table `referral_links`
--
ALTER TABLE `referral_links`
  MODIFY `id` int(10) UNSIGNED NOT NULL AUTO_INCREMENT, AUTO_INCREMENT=8;

--
-- AUTO_INCREMENT for table `referral_programs`
--
ALTER TABLE `referral_programs`
  MODIFY `id` int(10) UNSIGNED NOT NULL AUTO_INCREMENT, AUTO_INCREMENT=2;

--
-- AUTO_INCREMENT for table `referral_relationships`
--
ALTER TABLE `referral_relationships`
  MODIFY `id` int(10) UNSIGNED NOT NULL AUTO_INCREMENT, AUTO_INCREMENT=7;

--
-- AUTO_INCREMENT for table `referral_targets`
--
ALTER TABLE `referral_targets`
  MODIFY `id` bigint(20) UNSIGNED NOT NULL AUTO_INCREMENT, AUTO_INCREMENT=7;

--
-- AUTO_INCREMENT for table `roles`
--
ALTER TABLE `roles`
  MODIFY `id` bigint(20) UNSIGNED NOT NULL AUTO_INCREMENT, AUTO_INCREMENT=4;

--
-- AUTO_INCREMENT for table `scheduled_task`
--
ALTER TABLE `scheduled_task`
  MODIFY `id` bigint(20) UNSIGNED NOT NULL AUTO_INCREMENT;

--
-- AUTO_INCREMENT for table `schedules`
--
ALTER TABLE `schedules`
  MODIFY `id` bigint(20) UNSIGNED NOT NULL AUTO_INCREMENT, AUTO_INCREMENT=4;

--
-- AUTO_INCREMENT for table `schemas`
--
ALTER TABLE `schemas`
  MODIFY `id` bigint(20) UNSIGNED NOT NULL AUTO_INCREMENT, AUTO_INCREMENT=5;

--
-- AUTO_INCREMENT for table `settings`
--
ALTER TABLE `settings`
  MODIFY `id` bigint(20) UNSIGNED NOT NULL AUTO_INCREMENT, AUTO_INCREMENT=60;

--
-- AUTO_INCREMENT for table `set_tunes`
--
ALTER TABLE `set_tunes`
  MODIFY `id` bigint(20) UNSIGNED NOT NULL AUTO_INCREMENT, AUTO_INCREMENT=8;

--
-- AUTO_INCREMENT for table `sms_templates`
--
ALTER TABLE `sms_templates`
  MODIFY `id` bigint(20) UNSIGNED NOT NULL AUTO_INCREMENT, AUTO_INCREMENT=12;

--
-- AUTO_INCREMENT for table `socials`
--
ALTER TABLE `socials`
  MODIFY `id` bigint(20) UNSIGNED NOT NULL AUTO_INCREMENT, AUTO_INCREMENT=5;

--
-- AUTO_INCREMENT for table `subscriptions`
--
ALTER TABLE `subscriptions`
  MODIFY `id` bigint(20) UNSIGNED NOT NULL AUTO_INCREMENT, AUTO_INCREMENT=300;

--
-- AUTO_INCREMENT for table `themes`
--
ALTER TABLE `themes`
  MODIFY `id` bigint(20) UNSIGNED NOT NULL AUTO_INCREMENT, AUTO_INCREMENT=13;

--
-- AUTO_INCREMENT for table `tickets`
--
ALTER TABLE `tickets`
  MODIFY `id` bigint(20) UNSIGNED NOT NULL AUTO_INCREMENT;

--
-- AUTO_INCREMENT for table `transactions`
--
ALTER TABLE `transactions`
  MODIFY `id` bigint(20) UNSIGNED NOT NULL AUTO_INCREMENT, AUTO_INCREMENT=46;

--
-- AUTO_INCREMENT for table `users`
--
ALTER TABLE `users`
  MODIFY `id` bigint(20) UNSIGNED NOT NULL AUTO_INCREMENT, AUTO_INCREMENT=977;

--
-- AUTO_INCREMENT for table `withdrawal_schedules`
--
ALTER TABLE `withdrawal_schedules`
  MODIFY `id` bigint(20) UNSIGNED NOT NULL AUTO_INCREMENT, AUTO_INCREMENT=22;

--
-- AUTO_INCREMENT for table `withdraw_accounts`
--
ALTER TABLE `withdraw_accounts`
  MODIFY `id` bigint(20) UNSIGNED NOT NULL AUTO_INCREMENT, AUTO_INCREMENT=7;

--
-- AUTO_INCREMENT for table `withdraw_methods`
--
ALTER TABLE `withdraw_methods`
  MODIFY `id` bigint(20) UNSIGNED NOT NULL AUTO_INCREMENT, AUTO_INCREMENT=4;

--
-- Constraints for dumped tables
--

--
-- Constraints for table `model_has_permissions`
--
ALTER TABLE `model_has_permissions`
  ADD CONSTRAINT `model_has_permissions_permission_id_foreign` FOREIGN KEY (`permission_id`) REFERENCES `permissions` (`id`) ON DELETE CASCADE;

--
-- Constraints for table `model_has_roles`
--
ALTER TABLE `model_has_roles`
  ADD CONSTRAINT `model_has_roles_role_id_foreign` FOREIGN KEY (`role_id`) REFERENCES `roles` (`id`) ON DELETE CASCADE;

--
-- Constraints for table `role_has_permissions`
--
ALTER TABLE `role_has_permissions`
  ADD CONSTRAINT `role_has_permissions_permission_id_foreign` FOREIGN KEY (`permission_id`) REFERENCES `permissions` (`id`) ON DELETE CASCADE,
  ADD CONSTRAINT `role_has_permissions_role_id_foreign` FOREIGN KEY (`role_id`) REFERENCES `roles` (`id`) ON DELETE CASCADE;
COMMIT;

